000
CDUS41 KCLE 060537
CLICLE


CLIMATE REPORT
NATIONAL WEATHER SERVICE CLEVELAND OH
1236 AM EST WED DEC 6 2017


...................................

...THE CLEVELAND OH CLIMATE SUMMARY FOR DECEMBER 5 2017...

CLIMATE NORMAL PERIOD 1981 TO 2010
CLIMATE RECORD PERIOD 1871 TO 2017


WEATHER ITEM   OBSERVED TIME   RECORD YEAR NORMAL DEPARTURE LAST
                VALUE   (LST)  VALUE       VALUE  FROM      YEAR
                                                  NORMAL
..................................................................
TEMPERATURE (F)
 YESTERDAY
  MAXIMUM         57   1229 AM  71    2001  42     15       40
  MINIMUM         32   1159 PM   2    1871  30      2       31
  AVERAGE         45                        36      9       36

PRECIPITATION (IN)
  YESTERDAY        0.21                      0.10   0.11      T
  MONTH TO DATE    0.21                      0.52  -0.31     0.20
  SINCE DEC 1      0.21                      0.52  -0.31     0.20
  SINCE JAN 1     42.28                     36.56   5.72    34.02

SNOWFALL (IN)
  YESTERDAY        0.0                       0.3   -0.3      0.0
  MONTH TO DATE    0.0                       1.6   -1.6      0.2
  SINCE DEC 1      0.0                       1.6   -1.6      0.2
  SINCE JUL 1      0.8                       6.1   -5.3      1.1
  SNOW DEPTH       0

DEGREE DAYS
 HEATING
  YESTERDAY       20                        29     -9       29
  MONTH TO DATE  113                       141    -28      134
  SINCE DEC 1    113                       141    -28      134
  SINCE JUL 1   1003                      1236   -233      850

 COOLING
  YESTERDAY        0                         0      0        0
  MONTH TO DATE    0                         0      0        0
  SINCE DEC 1      0                         0      0        0
  SINCE JAN 1   1113                       817    296     1320
..................................................................


WIND (MPH)
  HIGHEST WIND SPEED    25   HIGHEST WIND DIRECTION     S (190)
  HIGHEST GUST SPEED    43   HIGHEST GUST DIRECTION     S (180)
  AVERAGE WIND SPEED    19.2


SKY COVER
  POSSIBLE SUNSHINE  MM
  AVERAGE SKY COVER 0.8


WEATHER CONDITIONS
 THE FOLLOWING WEATHER WAS RECORDED YESTERDAY.
  LIGHT RAIN


RELATIVE HUMIDITY (PERCENT)
 HIGHEST    89           700 AM
 LOWEST     51           800 PM
 AVERAGE    70

..........................................................


THE CLEVELAND OH CLIMATE NORMALS FOR TODAY
                         NORMAL    RECORD    YEAR
 MAXIMUM TEMPERATURE (F)   41        70      1998
 MINIMUM TEMPERATURE (F)   30         7      2005
                                             1977


SUNRISE AND SUNSET
DECEMBER  6 2017......SUNRISE   739 AM EST   SUNSET   458 PM EST
DECEMBER  7 2017......SUNRISE   740 AM EST   SUNSET   458 PM EST


-  INDICATES NEGATIVE NUMBERS.
R  INDICATES RECORD WAS SET OR TIED.
MM INDICATES DATA IS MISSING.
T  INDICATES TRACE AMOUNT.




$$
