000
CDUS41 KCLE 102115
CLICLE


CLIMATE REPORT
NATIONAL WEATHER SERVICE CLEVELAND OH
514 PM EDT WED SEP 10 2014


...................................

...THE CLEVELAND OH CLIMATE SUMMARY FOR SEPTEMBER 10 2014...
VALID TODAY AS OF 0500 PM LOCAL TIME.

CLIMATE NORMAL PERIOD 1981 TO 2010
CLIMATE RECORD PERIOD 1871 TO 2014


WEATHER ITEM   OBSERVED TIME   RECORD YEAR NORMAL DEPARTURE LAST
                VALUE   (LST)  VALUE       VALUE  FROM      YEAR
                                                  NORMAL
..................................................................
TEMPERATURE (F)
 TODAY
  MAXIMUM         79    110 PM  96    2013  76      3       96
  MINIMUM         65    341 AM  38    1883  58      7       76
  AVERAGE         72                        67      5       86

PRECIPITATION (IN)
  TODAY            T                         0.12  -0.12     0.00
  MONTH TO DATE    1.87                      1.21   0.66      T
  SINCE SEP 1      1.87                      1.21   0.66      T
  SINCE JAN 1     32.98                     26.75   6.23    28.21

SNOWFALL (IN)
  TODAY            0.0                       0.0    0.0      0.0
  MONTH TO DATE    0.0                       0.0    0.0      0.0
  SINCE SEP 1      0.0                       0.0    0.0      0.0
  SINCE JUL 1      0.0                       0.0    0.0      0.0
  SNOW DEPTH       0

DEGREE DAYS
 HEATING
  TODAY            0                         2     -2        0
  MONTH TO DATE    3                        11     -8        6
  SINCE SEP 1      3                        11     -8        6
  SINCE JUL 1     28                        23      5       13

 COOLING
  TODAY            7                         4      3       21
  MONTH TO DATE   61                        45     16       52
  SINCE SEP 1     61                        45     16       52
  SINCE JAN 1    651                       760   -109      814
..................................................................


WIND (MPH)
  HIGHEST WIND SPEED    23   HIGHEST WIND DIRECTION     S (170)
  HIGHEST GUST SPEED    34   HIGHEST GUST DIRECTION     S (170)


SKY COVER
  POSSIBLE SUNSHINE  MM
  AVERAGE SKY COVER 1.0


WEATHER CONDITIONS
 THE FOLLOWING WEATHER WAS RECORDED TODAY.
  LIGHT RAIN
  FOG


RELATIVE HUMIDITY (PERCENT)
 HIGHEST    93           700 AM
 LOWEST     67          1100 AM
 AVERAGE    80

..........................................................


THE CLEVELAND OH CLIMATE NORMALS FOR TOMORROW
                         NORMAL    RECORD    YEAR
 MAXIMUM TEMPERATURE (F)   76        95      2013
 MINIMUM TEMPERATURE (F)   58        42      1995
                                             1943
                                             1883


SUNRISE AND SUNSET
SEPTEMBER 10 2014.....SUNRISE   703 AM EDT   SUNSET   745 PM EDT
SEPTEMBER 11 2014.....SUNRISE   704 AM EDT   SUNSET   744 PM EDT


-  INDICATES NEGATIVE NUMBERS.
R  INDICATES RECORD WAS SET OR TIED.
MM INDICATES DATA IS MISSING.
T  INDICATES TRACE AMOUNT.




$$
