000
CDUS41 KCLE 190538
CLICLE


CLIMATE REPORT
NATIONAL WEATHER SERVICE CLEVELAND OH
137 AM EDT MON JUN 19 2017


...................................

...THE CLEVELAND OH CLIMATE SUMMARY FOR JUNE 18 2017...

CLIMATE NORMAL PERIOD 1981 TO 2010
CLIMATE RECORD PERIOD 1871 TO 2017


WEATHER ITEM   OBSERVED TIME   RECORD YEAR NORMAL DEPARTURE LAST
                VALUE   (LST)  VALUE       VALUE  FROM      YEAR
                                                  NORMAL
..................................................................
TEMPERATURE (F)
 YESTERDAY
  MAXIMUM         90    308 PM  96    1944  80     10       85
  MINIMUM         72    441 PM  41    1950  61     11       56
  AVERAGE         81                        70     11       71

PRECIPITATION (IN)
  YESTERDAY        0.61                      0.11   0.50     0.00
  MONTH TO DATE    1.27                      2.09  -0.82     1.77
  SINCE JUN 1      1.27                      2.09  -0.82     1.77
  SINCE JAN 1     23.33                     17.23   6.10    17.70

SNOWFALL (IN)
  YESTERDAY        0.0                       0.0    0.0      0.0
  MONTH TO DATE    0.0                       0.0    0.0      0.0
  SINCE JUN 1      0.0                       0.0    0.0      0.0
  SINCE JUL 1     37.3                      68.1  -30.8     32.8
  SNOW DEPTH       0

DEGREE DAYS
 HEATING
  YESTERDAY        0                         1     -1        0
  MONTH TO DATE   15                        34    -19       13
  SINCE JUN 1     15                        34    -19       13
  SINCE JUL 1   4565                      5754  -1189     4959

 COOLING
  YESTERDAY       16                         6     10        6
  MONTH TO DATE  161                        81     80      126
  SINCE JUN 1    161                        81     80      126
  SINCE JAN 1    249                       140    109      207
..................................................................


WIND (MPH)
  HIGHEST WIND SPEED    23   HIGHEST WIND DIRECTION     W (250)
  HIGHEST GUST SPEED    33   HIGHEST GUST DIRECTION     W (250)
  AVERAGE WIND SPEED    12.9


SKY COVER
  POSSIBLE SUNSHINE  MM
  AVERAGE SKY COVER 0.7


WEATHER CONDITIONS
 THE FOLLOWING WEATHER WAS RECORDED YESTERDAY.
  THUNDERSTORM
  HEAVY RAIN
  RAIN
  LIGHT RAIN
  FOG


RELATIVE HUMIDITY (PERCENT)
 HIGHEST    82           600 PM
 LOWEST     47           200 PM
 AVERAGE    65

..........................................................


THE CLEVELAND OH CLIMATE NORMALS FOR TODAY
                         NORMAL    RECORD    YEAR
 MAXIMUM TEMPERATURE (F)   80        92      1995
                                             1964
 MINIMUM TEMPERATURE (F)   61        46      1965
                                             1886


SUNRISE AND SUNSET
JUNE 19 2017..........SUNRISE   554 AM EDT   SUNSET   904 PM EDT
JUNE 20 2017..........SUNRISE   554 AM EDT   SUNSET   904 PM EDT


-  INDICATES NEGATIVE NUMBERS.
R  INDICATES RECORD WAS SET OR TIED.
MM INDICATES DATA IS MISSING.
T  INDICATES TRACE AMOUNT.




$$
