000
CDUS41 KCLE 140547
CLICLE


CLIMATE REPORT
NATIONAL WEATHER SERVICE CLEVELAND OH
127 AM EDT SUN SEP 14 2014


...................................

...THE CLEVELAND OH CLIMATE SUMMARY FOR SEPTEMBER 13 2014...

CLIMATE NORMAL PERIOD 1981 TO 2010
CLIMATE RECORD PERIOD 1871 TO 2014


WEATHER ITEM   OBSERVED TIME   RECORD YEAR NORMAL DEPARTURE LAST
                VALUE   (LST)  VALUE       VALUE  FROM      YEAR
                                                  NORMAL
..................................................................
TEMPERATURE (F)
 YESTERDAY
  MAXIMUM         61    300 PM  96    1952  75    -14       62
  MINIMUM         48   1159 PM  38    1964  57     -9       55
  AVERAGE         55                        66    -11       59

PRECIPITATION (IN)
  YESTERDAY        0.02                      0.13  -0.11     0.07
  MONTH TO DATE    3.70                      1.60   2.10     0.23
  SINCE SEP 1      3.70                      1.60   2.10     0.23
  SINCE JAN 1     34.81                     27.14   7.67    28.44

SNOWFALL (IN)
  YESTERDAY        0.0                       0.0    0.0      0.0
  MONTH TO DATE    0.0                       0.0    0.0      0.0
  SINCE SEP 1      0.0                       0.0    0.0      0.0
  SINCE JUL 1      0.0                       0.0    0.0      0.0
  SNOW DEPTH       0

DEGREE DAYS
 HEATING
  YESTERDAY       10                         2      8        6
  MONTH TO DATE   19                        17      2       12
  SINCE SEP 1     19                        17      2       12
  SINCE JUL 1     44                        29     15       19

 COOLING
  YESTERDAY        0                         3     -3        0
  MONTH TO DATE   62                        55      7       77
  SINCE SEP 1     62                        55      7       77
  SINCE JAN 1    652                       770   -118      839
..................................................................


WIND (MPH)
  HIGHEST WIND SPEED    22   HIGHEST WIND DIRECTION     W (290)
  HIGHEST GUST SPEED    28   HIGHEST GUST DIRECTION    NW (300)
  AVERAGE WIND SPEED     9.6


SKY COVER
  POSSIBLE SUNSHINE  MM
  AVERAGE SKY COVER 0.9


WEATHER CONDITIONS
 THE FOLLOWING WEATHER WAS RECORDED YESTERDAY.
  LIGHT RAIN
  FOG


RELATIVE HUMIDITY (PERCENT)
 HIGHEST    86           300 AM
 LOWEST     55           300 PM
 AVERAGE    71

..........................................................


THE CLEVELAND OH CLIMATE NORMALS FOR TODAY
                         NORMAL    RECORD    YEAR
 MAXIMUM TEMPERATURE (F)   75        94      1939
 MINIMUM TEMPERATURE (F)   57        37      1975


SUNRISE AND SUNSET
SEPTEMBER 14 2014.....SUNRISE   707 AM EDT   SUNSET   738 PM EDT
SEPTEMBER 15 2014.....SUNRISE   708 AM EDT   SUNSET   737 PM EDT


-  INDICATES NEGATIVE NUMBERS.
R  INDICATES RECORD WAS SET OR TIED.
MM INDICATES DATA IS MISSING.
T  INDICATES TRACE AMOUNT.




$$
