000
CDUS41 KCLE 152123
CLICLE


CLIMATE REPORT
NATIONAL WEATHER SERVICE CLEVELAND OH
518 PM EDT FRI AUG 15 2014


...................................

...THE CLEVELAND OH CLIMATE SUMMARY FOR AUGUST 15 2014...
VALID TODAY AS OF 0500 PM LOCAL TIME.

CLIMATE NORMAL PERIOD 1981 TO 2010
CLIMATE RECORD PERIOD 1871 TO 2014


WEATHER ITEM   OBSERVED TIME   RECORD YEAR NORMAL DEPARTURE LAST
                VALUE   (LST)  VALUE       VALUE  FROM      YEAR
                                                  NORMAL
..................................................................
TEMPERATURE (F)
 TODAY
  MAXIMUM         71    330 PM  96    1944  81    -10       74
  MINIMUM         50    555 AM  44    1962  63    -13       51
  AVERAGE         61                        72    -11       63

PRECIPITATION (IN)
  TODAY            0.00                      0.11  -0.11     0.00
  MONTH TO DATE    2.92                      1.73   1.19     1.47
  SINCE JUN 1     13.17                      8.62   4.55    14.28
  SINCE JAN 1     29.44                     23.76   5.68    26.87

SNOWFALL (IN)
  TODAY            0.0                       0.0    0.0      0.0
  MONTH TO DATE    0.0                       0.0    0.0      0.0
  SINCE JUN 1      0.0                       0.0    0.0      0.0
  SINCE JUL 1      0.0                       0.0    0.0      0.0
  SNOW DEPTH       0

DEGREE DAYS
 HEATING
  TODAY            4                         0      4        2
  MONTH TO DATE    8                         0      8        4
  SINCE JUN 1     42                        46     -4       46
  SINCE JUL 1     22                         4     18        7

 COOLING
  TODAY            0                         7     -7        0
  MONTH TO DATE   63                       119    -56       70
  SINCE JUN 1    397                       552   -155      520
  SINCE JAN 1    463                       611   -148      634
..................................................................


WIND (MPH)
  HIGHEST WIND SPEED    15   HIGHEST WIND DIRECTION     W (290)
  HIGHEST GUST SPEED    19   HIGHEST GUST DIRECTION     W (290)


SKY COVER
  POSSIBLE SUNSHINE  MM
  AVERAGE SKY COVER 0.4


WEATHER CONDITIONS
 THE FOLLOWING WEATHER WAS RECORDED TODAY.
  NO SIGNIFICANT WEATHER WAS OBSERVED.


RELATIVE HUMIDITY (PERCENT)
 HIGHEST    89           400 AM
 LOWEST     40           400 PM
 AVERAGE    65

..........................................................


THE CLEVELAND OH CLIMATE NORMALS FOR TOMORROW
                         NORMAL    RECORD    YEAR
 MAXIMUM TEMPERATURE (F)   81        96      1944
 MINIMUM TEMPERATURE (F)   63        45      1979


SUNRISE AND SUNSET
AUGUST 15 2014........SUNRISE   636 AM EDT   SUNSET   827 PM EDT
AUGUST 16 2014........SUNRISE   637 AM EDT   SUNSET   825 PM EDT


-  INDICATES NEGATIVE NUMBERS.
R  INDICATES RECORD WAS SET OR TIED.
MM INDICATES DATA IS MISSING.
T  INDICATES TRACE AMOUNT.




$$
