661
CDUS41 KCLE 170526
CLICLE


CLIMATE REPORT
NATIONAL WEATHER SERVICE CLEVELAND OH
1226 AM EST WED JAN 17 2018


...................................

...THE CLEVELAND OH CLIMATE SUMMARY FOR JANUARY 16 2018...

CLIMATE NORMAL PERIOD 1981 TO 2010
CLIMATE RECORD PERIOD 1871 TO 2018


WEATHER ITEM   OBSERVED TIME   RECORD YEAR NORMAL DEPARTURE LAST
                VALUE   (LST)  VALUE       VALUE  FROM      YEAR
                                                  NORMAL
..................................................................
TEMPERATURE (F)
 YESTERDAY
  MAXIMUM         26   1214 AM  57    1949  34     -8       41
                                      1889
  MINIMUM          3   1159 PM -15    1977  21    -18       22
  AVERAGE         15                        28    -13       32

PRECIPITATION (IN)
  YESTERDAY        T                         0.09  -0.09     0.05
  MONTH TO DATE    1.31                      1.50  -0.19     2.56
  SINCE DEC 1      3.04                      4.60  -1.56     5.21
  SINCE JAN 1      1.31                      1.50  -0.19     2.56

SNOWFALL (IN)
  YESTERDAY        T                         0.6   -0.6      0.0
  MONTH TO DATE    8.1                       9.5   -1.4      3.5
  SINCE DEC 1     25.3                      23.6    1.7     13.1
  SINCE JUL 1     26.1                      28.1   -2.0     14.0
  SNOW DEPTH       3

DEGREE DAYS
 HEATING
  YESTERDAY       50                        37     13       33
  MONTH TO DATE  707                       591    116      553
  SINCE DEC 1   1824                      1603    221     1560
  SINCE JUL 1   2714                      2698     16     2276

 COOLING
  YESTERDAY        0                         0      0        0
  MONTH TO DATE    0                         0      0        0
  SINCE DEC 1      0                         0      0        0
  SINCE JAN 1      0                         0      0        0
..................................................................


WIND (MPH)
  HIGHEST WIND SPEED    21   HIGHEST WIND DIRECTION    SW (240)
  HIGHEST GUST SPEED    26   HIGHEST GUST DIRECTION     W (250)
  AVERAGE WIND SPEED    10.2


SKY COVER
  POSSIBLE SUNSHINE  MM
  AVERAGE SKY COVER 0.8


WEATHER CONDITIONS
 THE FOLLOWING WEATHER WAS RECORDED YESTERDAY.
  LIGHT SNOW


RELATIVE HUMIDITY (PERCENT)
 HIGHEST    88           200 AM
 LOWEST     61           500 PM
 AVERAGE    75

..........................................................


THE CLEVELAND OH CLIMATE NORMALS FOR TODAY
                         NORMAL    RECORD    YEAR
 MAXIMUM TEMPERATURE (F)   34        61      2017
 MINIMUM TEMPERATURE (F)   21       -17      1982
                                             1977


SUNRISE AND SUNSET
JANUARY 17 2018.......SUNRISE   750 AM EST   SUNSET   525 PM EST
JANUARY 18 2018.......SUNRISE   750 AM EST   SUNSET   526 PM EST


-  INDICATES NEGATIVE NUMBERS.
R  INDICATES RECORD WAS SET OR TIED.
MM INDICATES DATA IS MISSING.
T  INDICATES TRACE AMOUNT.




$$
