000
CDUS41 KCLE 290525
CLICLE


CLIMATE REPORT
NATIONAL WEATHER SERVICE CLEVELAND OH
1225 AM EST WED NOV 29 2017


...................................

...THE CLEVELAND OH CLIMATE SUMMARY FOR NOVEMBER 28 2017...

CLIMATE NORMAL PERIOD 1981 TO 2010
CLIMATE RECORD PERIOD 1871 TO 2017


WEATHER ITEM   OBSERVED TIME   RECORD YEAR NORMAL DEPARTURE LAST
                VALUE   (LST)  VALUE       VALUE  FROM      YEAR
                                                  NORMAL
..................................................................
TEMPERATURE (F)
 YESTERDAY
  MAXIMUM         66    258 PM  69    2005  45     21       55
  MINIMUM         47    731 AM   8    1955  33     14       36
  AVERAGE         57                        39     18       46

PRECIPITATION (IN)
  YESTERDAY        0.00                      0.12  -0.12     0.13
  MONTH TO DATE    5.82                      3.39   2.43     1.68
  SINCE SEP 1     10.31                     10.27   0.04    10.02
  SINCE JAN 1     41.94                     35.81   6.13    33.39

SNOWFALL (IN)
  YESTERDAY        0.0                       0.2   -0.2      0.0
  MONTH TO DATE    0.8                       3.8   -3.0      0.9
  SINCE SEP 1      0.8                       4.0   -3.2      0.9
  SINCE JUL 1      0.8                       4.0   -3.2      0.9
  SNOW DEPTH       0

DEGREE DAYS
 HEATING
  YESTERDAY        8                        26    -18       19
  MONTH TO DATE  592                       582     10      465
  SINCE SEP 1    850                      1030   -180      694
  SINCE JUL 1    852                      1042   -190      694

 COOLING
  YESTERDAY        0                         0      0        0
  MONTH TO DATE    0                         0      0        8
  SINCE SEP 1    222                       101    121      236
  SINCE JAN 1   1113                       816    297     1320
..................................................................


WIND (MPH)
  HIGHEST WIND SPEED    24   HIGHEST WIND DIRECTION     S (200)
  HIGHEST GUST SPEED    33   HIGHEST GUST DIRECTION     S (200)
  AVERAGE WIND SPEED    15.4


SKY COVER
  POSSIBLE SUNSHINE  MM
  AVERAGE SKY COVER 0.3


WEATHER CONDITIONS
 THE FOLLOWING WEATHER WAS RECORDED YESTERDAY.
  NO SIGNIFICANT WEATHER WAS OBSERVED.


RELATIVE HUMIDITY (PERCENT)
 HIGHEST    56          1200 AM
 LOWEST     23           500 PM
 AVERAGE    40

..........................................................


THE CLEVELAND OH CLIMATE NORMALS FOR TODAY
                         NORMAL    RECORD    YEAR
 MAXIMUM TEMPERATURE (F)   45        67      1933
 MINIMUM TEMPERATURE (F)   32         6      1976
                                             1929
                                             1887


SUNRISE AND SUNSET
NOVEMBER 29 2017......SUNRISE   732 AM EST   SUNSET   459 PM EST
NOVEMBER 30 2017......SUNRISE   733 AM EST   SUNSET   459 PM EST


-  INDICATES NEGATIVE NUMBERS.
R  INDICATES RECORD WAS SET OR TIED.
MM INDICATES DATA IS MISSING.
T  INDICATES TRACE AMOUNT.




$$
