000
CDUS41 KCLE 140540
CLICLE


CLIMATE REPORT
NATIONAL WEATHER SERVICE CLEVELAND OH
139 AM EDT TUE MAR 14 2017


...................................

...THE CLEVELAND OH CLIMATE SUMMARY FOR MARCH 13 2017...

CLIMATE NORMAL PERIOD 1981 TO 2010
CLIMATE RECORD PERIOD 1871 TO 2017


WEATHER ITEM   OBSERVED TIME   RECORD YEAR NORMAL DEPARTURE LAST
                VALUE   (LST)  VALUE       VALUE  FROM      YEAR
                                                  NORMAL
..................................................................
TEMPERATURE (F)
 YESTERDAY
  MAXIMUM         33    352 PM  76    1990  45    -12       53
  MINIMUM         23    232 AM   3    1960  29     -6       45
  AVERAGE         28                        37     -9       49

PRECIPITATION (IN)
  YESTERDAY        0.09                      0.09   0.00     0.65
  MONTH TO DATE    1.89                      1.12   0.77     2.15
  SINCE MAR 1      1.89                      1.12   0.77     2.15
  SINCE JAN 1      9.35                      6.18   3.17     6.74

SNOWFALL (IN)
  YESTERDAY        1.1                       0.5    0.6      0.0
  MONTH TO DATE    6.8                       6.2    0.6      3.2
  SINCE MAR 1      6.8                       6.2    0.6      3.2
  SINCE JUL 1     32.0                      58.4  -26.4     25.0
  SNOW DEPTH       0

DEGREE DAYS
 HEATING
  YESTERDAY       37                        28      9       16
  MONTH TO DATE  377                       385     -8      306
  SINCE MAR 1    377                       385     -8      306
  SINCE JUL 1   3688                      4602   -914     3897

 COOLING
  YESTERDAY        0                         0      0        0
  MONTH TO DATE    0                         0      0        0
  SINCE MAR 1      0                         0      0        0
  SINCE JAN 1      0                         0      0        0
..................................................................


WIND (MPH)
  HIGHEST WIND SPEED    28   HIGHEST WIND DIRECTION    NE (30)
  HIGHEST GUST SPEED    35   HIGHEST GUST DIRECTION    NE (40)
  AVERAGE WIND SPEED    12.0


SKY COVER
  POSSIBLE SUNSHINE  MM
  AVERAGE SKY COVER 1.0


WEATHER CONDITIONS
 THE FOLLOWING WEATHER WAS RECORDED YESTERDAY.
  SNOW
  LIGHT SNOW


RELATIVE HUMIDITY (PERCENT)
 HIGHEST    81           700 PM
 LOWEST     36          1200 PM
 AVERAGE    59

..........................................................


THE CLEVELAND OH CLIMATE NORMALS FOR TODAY
                         NORMAL    RECORD    YEAR
 MAXIMUM TEMPERATURE (F)   46        79      1990
 MINIMUM TEMPERATURE (F)   29         6      1993
                                             1895


SUNRISE AND SUNSET
MARCH 14 2017.........SUNRISE   740 AM EDT   SUNSET   733 PM EDT
MARCH 15 2017.........SUNRISE   739 AM EDT   SUNSET   734 PM EDT


-  INDICATES NEGATIVE NUMBERS.
R  INDICATES RECORD WAS SET OR TIED.
MM INDICATES DATA IS MISSING.
T  INDICATES TRACE AMOUNT.




$$
