000
CDUS41 KCLE 252112
CLICLE


CLIMATE REPORT
NATIONAL WEATHER SERVICE CLEVELAND OH
511 PM EDT THU JUN 25 2015


...................................

...THE CLEVELAND OH CLIMATE SUMMARY FOR JUNE 25 2015...
VALID TODAY AS OF 0500 PM LOCAL TIME.

CLIMATE NORMAL PERIOD 1981 TO 2010
CLIMATE RECORD PERIOD 1871 TO 2015


WEATHER ITEM   OBSERVED TIME   RECORD YEAR NORMAL DEPARTURE LAST
                VALUE   (LST)  VALUE       VALUE  FROM      YEAR
                                                  NORMAL
..................................................................
TEMPERATURE (F)
 TODAY
  MAXIMUM         71    305 PM 104    1988  81    -10       76
  MINIMUM         60    229 AM  41    1979  62     -2       67
  AVERAGE         66                        72     -6       72

PRECIPITATION (IN)
  TODAY            0.01                      0.12  -0.11     0.54
  MONTH TO DATE    5.28                      2.88   2.40     5.95
  SINCE JUN 1      5.28                      2.88   2.40     5.95
  SINCE JAN 1     18.91                     18.02   0.89    22.22

SNOWFALL (IN)
  TODAY            0.0                       0.0    0.0      0.0
  MONTH TO DATE    0.0                       0.0    0.0      0.0
  SINCE JUN 1      0.0                       0.0    0.0      0.0
  SINCE JUL 1     67.1                      68.1   -1.0     86.1
  SNOW DEPTH       0

DEGREE DAYS
 HEATING
  TODAY            0                         1     -1        0
  MONTH TO DATE   28                        41    -13       20
  SINCE JUN 1     28                        41    -13       20
  SINCE JUL 1   6521                      5761    760     6315

 COOLING
  TODAY            1                         7     -6        7
  MONTH TO DATE  135                       128      7      132
  SINCE JUN 1    135                       128      7      132
  SINCE JAN 1    256                       187     69      198
..................................................................


WIND (MPH)
  HIGHEST WIND SPEED    10   HIGHEST WIND DIRECTION    SW (220)
  HIGHEST GUST SPEED    15   HIGHEST GUST DIRECTION    SW (240)


SKY COVER
  POSSIBLE SUNSHINE  MM
  AVERAGE SKY COVER 0.9


WEATHER CONDITIONS
 THE FOLLOWING WEATHER WAS RECORDED TODAY.
  LIGHT RAIN


RELATIVE HUMIDITY (PERCENT)
 HIGHEST    78           500 AM
 LOWEST     57           800 AM
 AVERAGE    68

..........................................................


THE CLEVELAND OH CLIMATE NORMALS FOR TOMORROW
                         NORMAL    RECORD    YEAR
 MAXIMUM TEMPERATURE (F)   81        99      1952
 MINIMUM TEMPERATURE (F)   63        47      1984


SUNRISE AND SUNSET
JUNE 25 2015..........SUNRISE   555 AM EDT   SUNSET   905 PM EDT
JUNE 26 2015..........SUNRISE   555 AM EDT   SUNSET   905 PM EDT


-  INDICATES NEGATIVE NUMBERS.
R  INDICATES RECORD WAS SET OR TIED.
MM INDICATES DATA IS MISSING.
T  INDICATES TRACE AMOUNT.




$$
