000
CDUS41 KCLE 160545
CLICLE


CLIMATE REPORT
NATIONAL WEATHER SERVICE CLEVELAND OH
145 AM EDT SUN APR 16 2017


...................................

...THE CLEVELAND OH CLIMATE SUMMARY FOR APRIL 15 2017...

CLIMATE NORMAL PERIOD 1981 TO 2010
CLIMATE RECORD PERIOD 1871 TO 2017


WEATHER ITEM   OBSERVED TIME   RECORD YEAR NORMAL DEPARTURE LAST
                VALUE   (LST)  VALUE       VALUE  FROM      YEAR
                                                  NORMAL
..................................................................
TEMPERATURE (F)
 YESTERDAY
  MAXIMUM         83    400 PM  84    2010  59     24       69
  MINIMUM         54   1239 AM  22    1935  40     14       35
  AVERAGE         69                        50     19       52

PRECIPITATION (IN)
  YESTERDAY        0.02                      0.12  -0.10     0.00
  MONTH TO DATE    1.63                      1.83  -0.20     2.62
  SINCE MAR 1      5.65                      4.76   0.89     6.79
  SINCE JAN 1     13.11                      9.82   3.29    11.38

SNOWFALL (IN)
  YESTERDAY        0.0                       0.1   -0.1      0.0
  MONTH TO DATE    2.8                       2.6    0.2      7.8
  SINCE MAR 1     12.1                      15.2   -3.1     11.0
  SINCE JUL 1     37.3                      67.4  -30.1     32.8
  SNOW DEPTH       0

DEGREE DAYS
 HEATING
  YESTERDAY        0                        16    -16       13
  MONTH TO DATE  172                       274   -102      360
  SINCE MAR 1    963                      1100   -137      983
  SINCE JUL 1   4274                      5317  -1043     4574

 COOLING
  YESTERDAY        4                         0      4        0
  MONTH TO DATE   10                         0     10        0
  SINCE MAR 1     10                         1      9        0
  SINCE JAN 1     10                         1      9        0
..................................................................


WIND (MPH)
  HIGHEST WIND SPEED    28   HIGHEST WIND DIRECTION     W (250)
  HIGHEST GUST SPEED    35   HIGHEST GUST DIRECTION     W (260)
  AVERAGE WIND SPEED    11.7


SKY COVER
  POSSIBLE SUNSHINE  MM
  AVERAGE SKY COVER 0.7


WEATHER CONDITIONS
 THE FOLLOWING WEATHER WAS RECORDED YESTERDAY.
  LIGHT RAIN


RELATIVE HUMIDITY (PERCENT)
 HIGHEST    55          1200 AM
 LOWEST     34           300 PM
 AVERAGE    45

..........................................................


THE CLEVELAND OH CLIMATE NORMALS FOR TODAY
                         NORMAL    RECORD    YEAR
 MAXIMUM TEMPERATURE (F)   59        85      2002
 MINIMUM TEMPERATURE (F)   41        18      1875


SUNRISE AND SUNSET
APRIL 16 2017.........SUNRISE   646 AM EDT   SUNSET   809 PM EDT
APRIL 17 2017.........SUNRISE   644 AM EDT   SUNSET   810 PM EDT


-  INDICATES NEGATIVE NUMBERS.
R  INDICATES RECORD WAS SET OR TIED.
MM INDICATES DATA IS MISSING.
T  INDICATES TRACE AMOUNT.




$$
