000
CDUS41 KCLE 050532
CLICLE


CLIMATE REPORT
NATIONAL WEATHER SERVICE CLEVELAND OH
1231 AM EST FRI FEB 5 2016


...................................

...THE CLEVELAND OH CLIMATE SUMMARY FOR FEBRUARY 4 2016...

CLIMATE NORMAL PERIOD 1981 TO 2010
CLIMATE RECORD PERIOD 1871 TO 2016


WEATHER ITEM   OBSERVED TIME   RECORD YEAR NORMAL DEPARTURE LAST
                VALUE   (LST)  VALUE       VALUE  FROM      YEAR
                                                  NORMAL
..................................................................
TEMPERATURE (F)
 YESTERDAY
  MAXIMUM         37    118 AM  65    1890  36      1       35
  MINIMUM         27   1159 PM -10    1996  22      5       20
  AVERAGE         32                        29      3       28

PRECIPITATION (IN)
  YESTERDAY        T                         0.08  -0.08     0.35
  MONTH TO DATE    0.59                      0.32   0.27     1.15
  SINCE DEC 1      4.92                      6.14  -1.22     6.04
  SINCE JAN 1      1.96                      3.04  -1.08     4.09

SNOWFALL (IN)
  YESTERDAY        T                         0.6   -0.6      4.4
  MONTH TO DATE    T                         2.3   -2.3     12.9
  SINCE DEC 1      7.9                      35.1  -27.2     28.9
  SINCE JUL 1      8.8                      39.6  -30.8     48.3
  SNOW DEPTH       0

DEGREE DAYS
 HEATING
  YESTERDAY       33                        36     -3       37
  MONTH TO DATE  101                       144    -43      168
  SINCE DEC 1   1887                      2301   -414     2370
  SINCE JUL 1   2752                      3396   -644     3704

 COOLING
  YESTERDAY        0                         0      0        0
  MONTH TO DATE    0                         0      0        0
  SINCE DEC 1      0                         0      0        0
  SINCE JAN 1      0                         0      0        0
..................................................................


WIND (MPH)
  HIGHEST WIND SPEED    23   HIGHEST WIND DIRECTION     W (260)
  HIGHEST GUST SPEED    29   HIGHEST GUST DIRECTION     W (260)
  AVERAGE WIND SPEED    12.6


SKY COVER
  POSSIBLE SUNSHINE  MM
  AVERAGE SKY COVER 1.0


WEATHER CONDITIONS
 THE FOLLOWING WEATHER WAS RECORDED YESTERDAY.
  LIGHT SNOW
  FOG


RELATIVE HUMIDITY (PERCENT)
 HIGHEST    82           500 AM
 LOWEST     66           500 PM
 AVERAGE    74

..........................................................


THE CLEVELAND OH CLIMATE NORMALS FOR TODAY
                         NORMAL    RECORD    YEAR
 MAXIMUM TEMPERATURE (F)   36        61      1938
 MINIMUM TEMPERATURE (F)   22       -12      1918


SUNRISE AND SUNSET
FEBRUARY  5 2016......SUNRISE   735 AM EST   SUNSET   548 PM EST
FEBRUARY  6 2016......SUNRISE   734 AM EST   SUNSET   549 PM EST


-  INDICATES NEGATIVE NUMBERS.
R  INDICATES RECORD WAS SET OR TIED.
MM INDICATES DATA IS MISSING.
T  INDICATES TRACE AMOUNT.




$$
