000
CDUS41 KCLE 182123
CLICLE


CLIMATE REPORT
NATIONAL WEATHER SERVICE CLEVELAND OH
523 PM EDT MON MAY 18 2015


...................................

...THE CLEVELAND OH CLIMATE SUMMARY FOR MAY 18 2015...
VALID TODAY AS OF 0500 PM LOCAL TIME.

CLIMATE NORMAL PERIOD 1981 TO 2010
CLIMATE RECORD PERIOD 1871 TO 2015


WEATHER ITEM   OBSERVED TIME   RECORD YEAR NORMAL DEPARTURE LAST
                VALUE   (LST)  VALUE       VALUE  FROM      YEAR
                                                  NORMAL
..................................................................
TEMPERATURE (F)
 TODAY
  MAXIMUM         80    133 PM  91    1962  70     10       64
  MINIMUM         69    528 AM  34    2009  51     18       38
  AVERAGE         75                        60     15       51

PRECIPITATION (IN)
  TODAY            T                         0.12  -0.12     0.00
  MONTH TO DATE    1.14                      2.05  -0.91     3.97
  SINCE MAR 1      5.88                      8.47  -2.59    11.13
  SINCE JAN 1     10.68                     13.53  -2.85    16.16

SNOWFALL (IN)
  TODAY            0.0                       0.0    0.0      0.0
  MONTH TO DATE    0.0                       0.1   -0.1      0.0
  SINCE MAR 1      5.7                      16.0  -10.3     16.4
  SINCE JUL 1     67.1                      68.2   -1.1     86.1
  SNOW DEPTH       0

DEGREE DAYS
 HEATING
  TODAY            0                         6     -6       14
  MONTH TO DATE   73                       148    -75      144
  SINCE MAR 1   1478                      1442     36     1578
  SINCE JUL 1   6428                      5659    769     6259

 COOLING
  TODAY           10                         2      8        0
  MONTH TO DATE   73                        20     53       36
  SINCE MAR 1     74                        31     43       43
  SINCE JAN 1     74                        31     43       43
..................................................................


WIND (MPH)
  HIGHEST WIND SPEED    21   HIGHEST WIND DIRECTION     W (290)
  HIGHEST GUST SPEED    24   HIGHEST GUST DIRECTION     W (250)


SKY COVER
  POSSIBLE SUNSHINE  MM
  AVERAGE SKY COVER 0.8


WEATHER CONDITIONS
 THE FOLLOWING WEATHER WAS RECORDED TODAY.
  NO SIGNIFICANT WEATHER WAS OBSERVED.


RELATIVE HUMIDITY (PERCENT)
 HIGHEST    90           400 AM
 LOWEST     60           400 PM
 AVERAGE    75

..........................................................


THE CLEVELAND OH CLIMATE NORMALS FOR TOMORROW
                         NORMAL    RECORD    YEAR
 MAXIMUM TEMPERATURE (F)   70        88      1998
                                             1996
                                             1911
 MINIMUM TEMPERATURE (F)   51        33      1976


SUNRISE AND SUNSET
MAY 18 2015...........SUNRISE   606 AM EDT   SUNSET   842 PM EDT
MAY 19 2015...........SUNRISE   605 AM EDT   SUNSET   843 PM EDT


-  INDICATES NEGATIVE NUMBERS.
R  INDICATES RECORD WAS SET OR TIED.
MM INDICATES DATA IS MISSING.
T  INDICATES TRACE AMOUNT.




$$
