000
CDUS41 KCLE 200527
CLICLE


CLIMATE REPORT
NATIONAL WEATHER SERVICE CLEVELAND OH
1226 AM EST TUE JAN 20 2015


...................................

...THE CLEVELAND OH CLIMATE SUMMARY FOR JANUARY 19 2015...

CLIMATE NORMAL PERIOD 1981 TO 2010
CLIMATE RECORD PERIOD 1871 TO 2015


WEATHER ITEM   OBSERVED TIME   RECORD YEAR NORMAL DEPARTURE LAST
                VALUE   (LST)  VALUE       VALUE  FROM      YEAR
                                                  NORMAL
..................................................................
TEMPERATURE (F)
 YESTERDAY
  MAXIMUM         36    338 PM  67    1907  34      2       35
  MINIMUM         30   1159 PM -20    1994  22      8       20
  AVERAGE         33                        28      5       28

PRECIPITATION (IN)
  YESTERDAY        T                         0.09  -0.09     0.02
  MONTH TO DATE    2.39                      1.76   0.63     1.47
  SINCE DEC 1      4.34                      4.86  -0.52     5.57
  SINCE JAN 1      2.39                      1.76   0.63     1.47

SNOWFALL (IN)
  YESTERDAY        T                         0.6   -0.6      0.2
  MONTH TO DATE   10.0                      11.4   -1.4     12.7
  SINCE DEC 1     10.9                      25.5  -14.6     30.2
  SINCE JUL 1     30.3                      30.0    0.3     34.9
  SNOW DEPTH       1

DEGREE DAYS
 HEATING
  YESTERDAY       32                        37     -5       37
  MONTH TO DATE  807                       702    105      748
  SINCE DEC 1   1714                      1714      0     1763
  SINCE JUL 1   3048                      2809    239     2912

 COOLING
  YESTERDAY        0                         0      0        0
  MONTH TO DATE    0                         0      0        0
  SINCE DEC 1      0                         0      0        0
  SINCE JAN 1      0                         0      0        0
..................................................................


WIND (MPH)
  HIGHEST WIND SPEED    20   HIGHEST WIND DIRECTION    NW (300)
  HIGHEST GUST SPEED    25   HIGHEST GUST DIRECTION    NW (310)
  AVERAGE WIND SPEED     7.7


SKY COVER
  POSSIBLE SUNSHINE  MM
  AVERAGE SKY COVER 0.9


WEATHER CONDITIONS
 THE FOLLOWING WEATHER WAS RECORDED YESTERDAY.
  LIGHT SNOW
  FOG
  HAZE


RELATIVE HUMIDITY (PERCENT)
 HIGHEST    92           600 PM
 LOWEST     72           900 PM
 AVERAGE    82

..........................................................


THE CLEVELAND OH CLIMATE NORMALS FOR TODAY
                         NORMAL    RECORD    YEAR
 MAXIMUM TEMPERATURE (F)   34        65      1906
 MINIMUM TEMPERATURE (F)   22       -18      1985


SUNRISE AND SUNSET
JANUARY 20 2015.......SUNRISE   749 AM EST   SUNSET   528 PM EST
JANUARY 21 2015.......SUNRISE   748 AM EST   SUNSET   530 PM EST


-  INDICATES NEGATIVE NUMBERS.
R  INDICATES RECORD WAS SET OR TIED.
MM INDICATES DATA IS MISSING.
T  INDICATES TRACE AMOUNT.




$$
