000
CDUS41 KCLE 170529
CLICLE


CLIMATE REPORT
NATIONAL WEATHER SERVICE CLEVELAND OH
1229 AM EST FRI FEB 17 2017


...................................

...THE CLEVELAND OH CLIMATE SUMMARY FOR FEBRUARY 16 2017...

CLIMATE NORMAL PERIOD 1981 TO 2010
CLIMATE RECORD PERIOD 1871 TO 2017


WEATHER ITEM   OBSERVED TIME   RECORD YEAR NORMAL DEPARTURE LAST
                VALUE   (LST)  VALUE       VALUE  FROM      YEAR
                                                  NORMAL
..................................................................
TEMPERATURE (F)
 YESTERDAY
  MAXIMUM         30    526 PM  72    1883  38     -8       33
  MINIMUM         22   1046 PM -12    2015  24     -2       28
  AVERAGE         26                        31     -5       31

PRECIPITATION (IN)
  YESTERDAY        T                         0.09  -0.09     0.19
  MONTH TO DATE    2.10                      1.30   0.80     1.81
  SINCE DEC 1      9.53                      7.12   2.41     6.14
  SINCE JAN 1      6.88                      4.02   2.86     3.18

SNOWFALL (IN)
  YESTERDAY        T                         0.6   -0.6      1.5
  MONTH TO DATE    2.9                       8.7   -5.8     11.7
  SINCE DEC 1     24.0                      41.5  -17.5     19.6
  SINCE JUL 1     24.9                      46.0  -21.1     20.5
  SNOW DEPTH       1

DEGREE DAYS
 HEATING
  YESTERDAY       39                        34      5       34
  MONTH TO DATE  483                       568    -85      583
  SINCE DEC 1   2420                      2725   -305     2369
  SINCE JUL 1   3136                      3820   -684     3234

 COOLING
  YESTERDAY        0                         0      0        0
  MONTH TO DATE    0                         0      0        0
  SINCE DEC 1      0                         0      0        0
  SINCE JAN 1      0                         0      0        0
..................................................................


WIND (MPH)
  HIGHEST WIND SPEED    20   HIGHEST WIND DIRECTION    NW (320)
  HIGHEST GUST SPEED    25   HIGHEST GUST DIRECTION    NW (300)
  AVERAGE WIND SPEED     8.3


SKY COVER
  POSSIBLE SUNSHINE  MM
  AVERAGE SKY COVER 0.9


WEATHER CONDITIONS
 THE FOLLOWING WEATHER WAS RECORDED YESTERDAY.
  LIGHT SNOW


RELATIVE HUMIDITY (PERCENT)
 HIGHEST    69          1200 AM
 LOWEST     53           500 PM
 AVERAGE    61

..........................................................


THE CLEVELAND OH CLIMATE NORMALS FOR TODAY
                         NORMAL    RECORD    YEAR
 MAXIMUM TEMPERATURE (F)   38        62      1911
 MINIMUM TEMPERATURE (F)   24        -8      2015


SUNRISE AND SUNSET
FEBRUARY 17 2017......SUNRISE   719 AM EST   SUNSET   604 PM EST
FEBRUARY 18 2017......SUNRISE   718 AM EST   SUNSET   605 PM EST


-  INDICATES NEGATIVE NUMBERS.
R  INDICATES RECORD WAS SET OR TIED.
MM INDICATES DATA IS MISSING.
T  INDICATES TRACE AMOUNT.




$$
