000
CDUS41 KCLE 142313
CLICLE


CLIMATE REPORT
NATIONAL WEATHER SERVICE CLEVELAND OH
612 PM EST THU DEC 14 2017


...................................

...THE CLEVELAND OH CLIMATE SUMMARY FOR DECEMBER 14 2017...
VALID TODAY AS OF 0500 PM LOCAL TIME.

CLIMATE NORMAL PERIOD 1981 TO 2010
CLIMATE RECORD PERIOD 1871 TO 2017


WEATHER ITEM   OBSERVED TIME   RECORD YEAR NORMAL DEPARTURE LAST
                VALUE   (LST)  VALUE       VALUE  FROM      YEAR
                                                  NORMAL
..................................................................
TEMPERATURE (F)
 TODAY
  MAXIMUM         28    410 AM  65    2015  38    -10       26
  MINIMUM         24    359 PM   0    1914  27     -3       15
  AVERAGE         26                        32     -6       21

PRECIPITATION (IN)
  TODAY            0.09                      0.10  -0.01     0.01
  MONTH TO DATE    0.71                      1.44  -0.73     1.05
  SINCE DEC 1      0.71                      1.44  -0.73     1.05
  SINCE JAN 1     42.78                     37.48   5.30    34.87

SNOWFALL (IN)
  TODAY            1.4                       0.5    0.9      0.2
  MONTH TO DATE    3.4                       5.4   -2.0      2.7
  SINCE DEC 1      3.4                       5.4   -2.0      2.7
  SINCE JUL 1      4.2                       9.9   -5.7      3.6
  SNOW DEPTH       4

DEGREE DAYS
 HEATING
  TODAY           39                        32      7       44
  MONTH TO DATE  445                       420     25      449
  SINCE DEC 1    445                       420     25      449
  SINCE JUL 1   1335                      1515   -180     1165

 COOLING
  TODAY            0                         0      0        0
  MONTH TO DATE    0                         0      0        0
  SINCE DEC 1      0                         0      0        0
  SINCE JAN 1   1113                       817    296     1320
..................................................................


WIND (MPH)
  HIGHEST WIND SPEED    24   HIGHEST WIND DIRECTION    NW (330)
  HIGHEST GUST SPEED    31   HIGHEST GUST DIRECTION    NW (330)


SKY COVER
  POSSIBLE SUNSHINE  MM
  AVERAGE SKY COVER 0.9


WEATHER CONDITIONS
 THE FOLLOWING WEATHER WAS RECORDED TODAY.
  LIGHT SNOW
  FOG
  BLOWING SNOW


RELATIVE HUMIDITY (PERCENT)
 HIGHEST    88          1200 AM
 LOWEST     62           800 AM
 AVERAGE    75

..........................................................


THE CLEVELAND OH CLIMATE NORMALS FOR TOMORROW
                         NORMAL    RECORD    YEAR
 MAXIMUM TEMPERATURE (F)   38        67      1971
 MINIMUM TEMPERATURE (F)   26        -1      1958
                                             1914


SUNRISE AND SUNSET
DECEMBER 14 2017......SUNRISE   746 AM EST   SUNSET   458 PM EST
DECEMBER 15 2017......SUNRISE   747 AM EST   SUNSET   459 PM EST


-  INDICATES NEGATIVE NUMBERS.
R  INDICATES RECORD WAS SET OR TIED.
MM INDICATES DATA IS MISSING.
T  INDICATES TRACE AMOUNT.




$$
