000
CDUS41 KCLE 070526
CLICLE


CLIMATE REPORT
NATIONAL WEATHER SERVICE CLEVELAND OH
1226 AM EST TUE FEB 7 2017


...................................

...THE CLEVELAND OH CLIMATE SUMMARY FOR FEBRUARY 6 2017...

CLIMATE NORMAL PERIOD 1981 TO 2010
CLIMATE RECORD PERIOD 1871 TO 2017


WEATHER ITEM   OBSERVED TIME   RECORD YEAR NORMAL DEPARTURE LAST
                VALUE   (LST)  VALUE       VALUE  FROM      YEAR
                                                  NORMAL
..................................................................
TEMPERATURE (F)
 YESTERDAY
  MAXIMUM         54    358 PM  61    1938  36     18       40
  MINIMUM         25    800 AM  -6    1895  23      2       25
  AVERAGE         40                        29     11       33

PRECIPITATION (IN)
  YESTERDAY        0.02                      0.08  -0.06     0.00
  MONTH TO DATE    0.04                      0.48  -0.44     0.59
  SINCE DEC 1      7.47                      6.30   1.17     4.92
  SINCE JAN 1      4.82                      3.20   1.62     1.96

SNOWFALL (IN)
  YESTERDAY        0.0                       0.6   -0.6      0.0
  MONTH TO DATE    0.3                       3.4   -3.1       T
  SINCE DEC 1     21.4                      36.2  -14.8      7.9
  SINCE JUL 1     22.3                      40.7  -18.4      8.8
  SNOW DEPTH       0

DEGREE DAYS
 HEATING
  YESTERDAY       25                        36    -11       32
  MONTH TO DATE  203                       216    -13      168
  SINCE DEC 1   2140                      2373   -233     1954
  SINCE JUL 1   2856                      3468   -612     2819

 COOLING
  YESTERDAY        0                         0      0        0
  MONTH TO DATE    0                         0      0        0
  SINCE DEC 1      0                         0      0        0
  SINCE JAN 1      0                         0      0        0
..................................................................


WIND (MPH)
  HIGHEST WIND SPEED    20   HIGHEST WIND DIRECTION     S (200)
  HIGHEST GUST SPEED    24   HIGHEST GUST DIRECTION     S (190)
  AVERAGE WIND SPEED     6.4


SKY COVER
  POSSIBLE SUNSHINE  MM
  AVERAGE SKY COVER 0.5


WEATHER CONDITIONS
 THE FOLLOWING WEATHER WAS RECORDED YESTERDAY.
  LIGHT RAIN
  FOG
  HAZE


RELATIVE HUMIDITY (PERCENT)
 HIGHEST    81           500 AM
 LOWEST     46           400 PM
 AVERAGE    64

..........................................................


THE CLEVELAND OH CLIMATE NORMALS FOR TODAY
                         NORMAL    RECORD    YEAR
 MAXIMUM TEMPERATURE (F)   36        60      1925
 MINIMUM TEMPERATURE (F)   23        -3      2014
                                             1988
                                             1895


SUNRISE AND SUNSET
FEBRUARY  7 2017......SUNRISE   732 AM EST   SUNSET   552 PM EST
FEBRUARY  8 2017......SUNRISE   731 AM EST   SUNSET   553 PM EST


-  INDICATES NEGATIVE NUMBERS.
R  INDICATES RECORD WAS SET OR TIED.
MM INDICATES DATA IS MISSING.
T  INDICATES TRACE AMOUNT.




$$
