000
CDUS41 KCLE 102215
CLICLE


CLIMATE REPORT
NATIONAL WEATHER SERVICE CLEVELAND OH
514 PM EST FRI MAR 10 2017


...................................

...THE CLEVELAND OH CLIMATE SUMMARY FOR MARCH 10 2017...
VALID TODAY AS OF 0500 PM LOCAL TIME.

CLIMATE NORMAL PERIOD 1981 TO 2010
CLIMATE RECORD PERIOD 1871 TO 2017


WEATHER ITEM   OBSERVED TIME   RECORD YEAR NORMAL DEPARTURE LAST
                VALUE   (LST)  VALUE       VALUE  FROM      YEAR
                                                  NORMAL
..................................................................
TEMPERATURE (F)
 TODAY
  MAXIMUM         36    401 AM  72    1973  44     -8       60
  MINIMUM         29    359 PM   5    1984  28      1       40
  AVERAGE         33                        36     -3       50

PRECIPITATION (IN)
  TODAY            0.01                      0.08  -0.07     0.75
  MONTH TO DATE    1.80                      0.85   0.95     1.50
  SINCE MAR 1      1.80                      0.85   0.95     1.50
  SINCE JAN 1      9.26                      5.91   3.35     6.09

SNOWFALL (IN)
  TODAY            0.1                       0.5   -0.4      0.0
  MONTH TO DATE    5.7                       4.8    0.9      3.2
  SINCE MAR 1      5.7                       4.8    0.9      3.2
  SINCE JUL 1     30.9                      57.0  -26.1     25.0
  SNOW DEPTH       0

DEGREE DAYS
 HEATING
  TODAY           32                        29      3       15
  MONTH TO DATE  256                       301    -45      242
  SINCE MAR 1    256                       301    -45      242
  SINCE JUL 1   3567                      4518   -951     3833

 COOLING
  TODAY            0                         0      0        0
  MONTH TO DATE    0                         0      0        0
  SINCE MAR 1      0                         0      0        0
  SINCE JAN 1      0                         0      0        0
..................................................................


WIND (MPH)
  HIGHEST WIND SPEED    26   HIGHEST WIND DIRECTION    NW (300)
  HIGHEST GUST SPEED    34   HIGHEST GUST DIRECTION     W (290)


SKY COVER
  POSSIBLE SUNSHINE  MM
  AVERAGE SKY COVER 0.9


WEATHER CONDITIONS
 THE FOLLOWING WEATHER WAS RECORDED TODAY.
  LIGHT SNOW
  FOG


RELATIVE HUMIDITY (PERCENT)
 HIGHEST    89           100 AM
 LOWEST     39           100 PM
 AVERAGE    64

..........................................................


THE CLEVELAND OH CLIMATE NORMALS FOR TOMORROW
                         NORMAL    RECORD    YEAR
 MAXIMUM TEMPERATURE (F)   45        73      1977
                                             1876
 MINIMUM TEMPERATURE (F)   29        -3      1960


SUNRISE AND SUNSET
MARCH 10 2017.........SUNRISE   647 AM EST   SUNSET   629 PM EST
MARCH 11 2017.........SUNRISE   645 AM EST   SUNSET   630 PM EST


-  INDICATES NEGATIVE NUMBERS.
R  INDICATES RECORD WAS SET OR TIED.
MM INDICATES DATA IS MISSING.
T  INDICATES TRACE AMOUNT.




$$
