000
CDUS41 KCLE 260528
CLICLE


CLIMATE REPORT
NATIONAL WEATHER SERVICE CLEVELAND OH
1227 AM EST SAT NOV 26 2016


...................................

...THE CLEVELAND OH CLIMATE SUMMARY FOR NOVEMBER 25 2016...

CLIMATE NORMAL PERIOD 1981 TO 2010
CLIMATE RECORD PERIOD 1871 TO 2016


WEATHER ITEM   OBSERVED TIME   RECORD YEAR NORMAL DEPARTURE LAST
                VALUE   (LST)  VALUE       VALUE  FROM      YEAR
                                                  NORMAL
..................................................................
TEMPERATURE (F)
 YESTERDAY
  MAXIMUM         44   1203 AM  67    1908  47     -3       59
  MINIMUM         38   1159 PM  13    2005  34      4       33
  AVERAGE         41                        40      1       46

PRECIPITATION (IN)
  YESTERDAY        0.03                      0.12  -0.09     0.00
  MONTH TO DATE    1.47                      3.04  -1.57     1.57
  SINCE SEP 1      9.81                      9.92  -0.11     8.65
  SINCE JAN 1     33.18                     35.46  -2.28    36.37

SNOWFALL (IN)
  YESTERDAY        0.0                       0.2   -0.2      0.0
  MONTH TO DATE    0.9                       3.2   -2.3      0.8
  SINCE SEP 1      0.9                       3.4   -2.5      0.9
  SINCE JUL 1      0.9                       3.4   -2.5      0.9
  SNOW DEPTH       0

DEGREE DAYS
 HEATING
  YESTERDAY       24                        25     -1       19
  MONTH TO DATE  401                       505   -104      398
  SINCE SEP 1    630                       953   -323      748
  SINCE JUL 1    630                       965   -335      762

 COOLING
  YESTERDAY        0                         0      0        0
  MONTH TO DATE    8                         0      8        4
  SINCE SEP 1    236                       101    135      162
  SINCE JAN 1   1320                       816    504      831
..................................................................


WIND (MPH)
  HIGHEST WIND SPEED    15   HIGHEST WIND DIRECTION     W (270)
  HIGHEST GUST SPEED    19   HIGHEST GUST DIRECTION     W (260)
  AVERAGE WIND SPEED     7.9


SKY COVER
  POSSIBLE SUNSHINE  MM
  AVERAGE SKY COVER 0.9


WEATHER CONDITIONS
 THE FOLLOWING WEATHER WAS RECORDED YESTERDAY.
  LIGHT RAIN
  FOG
  HAZE


RELATIVE HUMIDITY (PERCENT)
 HIGHEST    89           200 AM
 LOWEST     73          1100 AM
 AVERAGE    81

..........................................................


THE CLEVELAND OH CLIMATE NORMALS FOR TODAY
                         NORMAL    RECORD    YEAR
 MAXIMUM TEMPERATURE (F)   46        70      1896
 MINIMUM TEMPERATURE (F)   33         9      1880


SUNRISE AND SUNSET
NOVEMBER 26 2016......SUNRISE   729 AM EST   SUNSET   500 PM EST
NOVEMBER 27 2016......SUNRISE   730 AM EST   SUNSET   500 PM EST


-  INDICATES NEGATIVE NUMBERS.
R  INDICATES RECORD WAS SET OR TIED.
MM INDICATES DATA IS MISSING.
T  INDICATES TRACE AMOUNT.




$$
