000
CDUS41 KCLE 110526
CLICLE


CLIMATE REPORT
NATIONAL WEATHER SERVICE CLEVELAND OH
125 AM EDT MON SEP 11 2017


...................................

...THE CLEVELAND OH CLIMATE SUMMARY FOR SEPTEMBER 10 2017...

CLIMATE NORMAL PERIOD 1981 TO 2010
CLIMATE RECORD PERIOD 1871 TO 2017


WEATHER ITEM   OBSERVED TIME   RECORD YEAR NORMAL DEPARTURE LAST
                VALUE   (LST)  VALUE       VALUE  FROM      YEAR
                                                  NORMAL
..................................................................
TEMPERATURE (F)
 YESTERDAY
  MAXIMUM         72    256 PM  96    2013  76     -4       90
  MINIMUM         45    623 AM  38    1883  58    -13       66
  AVERAGE         59                        67     -8       78

PRECIPITATION (IN)
  YESTERDAY        0.00                      0.12  -0.12     1.25
  MONTH TO DATE    0.76                      1.21  -0.45     2.20
  SINCE SEP 1      0.76                      1.21  -0.45     2.20
  SINCE JAN 1     32.39                     26.75   5.64    25.57

SNOWFALL (IN)
  YESTERDAY        0.0                       0.0    0.0      0.0
  MONTH TO DATE    0.0                       0.0    0.0      0.0
  SINCE SEP 1      0.0                       0.0    0.0      0.0
  SINCE JUL 1      0.0                       0.0    0.0      0.0
  SNOW DEPTH       0

DEGREE DAYS
 HEATING
  YESTERDAY        6                         2      4        0
  MONTH TO DATE   27                        11     16        0
  SINCE SEP 1     27                        11     16        0
  SINCE JUL 1     29                        23      6        0

 COOLING
  YESTERDAY        0                         4     -4       13
  MONTH TO DATE   18                        45    -27      106
  SINCE SEP 1     18                        45    -27      106
  SINCE JAN 1    909                       760    149     1190
..................................................................


WIND (MPH)
  HIGHEST WIND SPEED    18   HIGHEST WIND DIRECTION    NE (40)
  HIGHEST GUST SPEED    22   HIGHEST GUST DIRECTION     N (20)
  AVERAGE WIND SPEED     6.7


SKY COVER
  POSSIBLE SUNSHINE  MM
  AVERAGE SKY COVER 0.0


WEATHER CONDITIONS
 THE FOLLOWING WEATHER WAS RECORDED YESTERDAY.
  NO SIGNIFICANT WEATHER WAS OBSERVED.


RELATIVE HUMIDITY (PERCENT)
 HIGHEST    89           600 AM
 LOWEST     38           200 PM
 AVERAGE    64

..........................................................


THE CLEVELAND OH CLIMATE NORMALS FOR TODAY
                         NORMAL    RECORD    YEAR
 MAXIMUM TEMPERATURE (F)   76        95      2013
 MINIMUM TEMPERATURE (F)   58        42      1995
                                             1943
                                             1883


SUNRISE AND SUNSET
SEPTEMBER 11 2017.....SUNRISE   704 AM EDT   SUNSET   743 PM EDT
SEPTEMBER 12 2017.....SUNRISE   705 AM EDT   SUNSET   741 PM EDT


-  INDICATES NEGATIVE NUMBERS.
R  INDICATES RECORD WAS SET OR TIED.
MM INDICATES DATA IS MISSING.
T  INDICATES TRACE AMOUNT.




$$
