000
CDUS41 KCLE 042228
CLICLE


CLIMATE REPORT
NATIONAL WEATHER SERVICE CLEVELAND OH
527 PM EST THU JAN 4 2018


...................................

...THE CLEVELAND OH CLIMATE SUMMARY FOR JANUARY 4 2018...
VALID TODAY AS OF 0500 PM LOCAL TIME.

CLIMATE NORMAL PERIOD 1981 TO 2010
CLIMATE RECORD PERIOD 1871 TO 2018


WEATHER ITEM   OBSERVED TIME   RECORD YEAR NORMAL DEPARTURE LAST
                VALUE   (LST)  VALUE       VALUE  FROM      YEAR
                                                  NORMAL
..................................................................
TEMPERATURE (F)
 TODAY
  MAXIMUM         19    300 AM  65    1997  35    -16       40
                                      1874
  MINIMUM         10    359 PM  -7    1879  22    -12       20
  AVERAGE         15                        28    -13       30

PRECIPITATION (IN)
  TODAY            0.01                      0.10  -0.09     0.09
  MONTH TO DATE    0.03                      0.40  -0.37     0.88
  SINCE DEC 1      1.76                      3.50  -1.74     3.53
  SINCE JAN 1      0.03                      0.40  -0.37     0.88

SNOWFALL (IN)
  TODAY            0.3                       0.5   -0.2       T
  MONTH TO DATE    1.3                       2.3   -1.0       T
  SINCE DEC 1     18.5                      16.4    2.1      9.6
  SINCE JUL 1     19.3                      20.9   -1.6     10.5
  SNOW DEPTH       4

DEGREE DAYS
 HEATING
  TODAY           50                        37     13       35
  MONTH TO DATE  216                       147     69      108
  SINCE DEC 1   1333                      1159    174     1115
  SINCE JUL 1   2223                      2254    -31     1831

 COOLING
  TODAY            0                         0      0        0
  MONTH TO DATE    0                         0      0        0
  SINCE DEC 1      0                         0      0        0
  SINCE JAN 1      0                         0      0        0
..................................................................


WIND (MPH)
  HIGHEST WIND SPEED    23   HIGHEST WIND DIRECTION    NW (310)
  HIGHEST GUST SPEED    29   HIGHEST GUST DIRECTION    NW (320)


SKY COVER
  POSSIBLE SUNSHINE  MM
  AVERAGE SKY COVER 1.0


WEATHER CONDITIONS
 THE FOLLOWING WEATHER WAS RECORDED TODAY.
  LIGHT SNOW
  FOG
  BLOWING SNOW


RELATIVE HUMIDITY (PERCENT)
 HIGHEST    80          1200 AM
 LOWEST     58           400 PM
 AVERAGE    69

..........................................................


THE CLEVELAND OH CLIMATE NORMALS FOR TOMORROW
                         NORMAL    RECORD    YEAR
 MAXIMUM TEMPERATURE (F)   34        66      1939
 MINIMUM TEMPERATURE (F)   22       -13      1884


SUNRISE AND SUNSET
JANUARY  4 2018.......SUNRISE   754 AM EST   SUNSET   511 PM EST
JANUARY  5 2018.......SUNRISE   754 AM EST   SUNSET   512 PM EST


-  INDICATES NEGATIVE NUMBERS.
R  INDICATES RECORD WAS SET OR TIED.
MM INDICATES DATA IS MISSING.
T  INDICATES TRACE AMOUNT.




$$
