000
CDUS41 KCLE 050532
CLICLE


CLIMATE REPORT
NATIONAL WEATHER SERVICE CLEVELAND OH
131 AM EDT THU OCT 5 2017


...................................

...THE CLEVELAND OH CLIMATE SUMMARY FOR OCTOBER 4 2017...

CLIMATE NORMAL PERIOD 1981 TO 2010
CLIMATE RECORD PERIOD 1871 TO 2017


WEATHER ITEM   OBSERVED TIME   RECORD YEAR NORMAL DEPARTURE LAST
                VALUE   (LST)  VALUE       VALUE  FROM      YEAR
                                                  NORMAL
..................................................................
TEMPERATURE (F)
 YESTERDAY
  MAXIMUM         84    229 PM  88    1951  67     17       77
  MINIMUM         68    501 AM  33    1981  49     19       52
                                      1974
                                      1945
  AVERAGE         76                        58     18       65

PRECIPITATION (IN)
  YESTERDAY        0.01                      0.11  -0.10     0.00
  MONTH TO DATE    0.01                      0.43  -0.42     0.34
  SINCE SEP 1      0.82                      4.24  -3.42     5.72
  SINCE JAN 1     32.45                     29.78   2.67    29.09

SNOWFALL (IN)
  YESTERDAY        0.0                       0.0    0.0      0.0
  MONTH TO DATE    0.0                       0.0    0.0      0.0
  SINCE SEP 1      0.0                       0.0    0.0      0.0
  SINCE JUL 1      0.0                       0.0    0.0      0.0
  SNOW DEPTH       0

DEGREE DAYS
 HEATING
  YESTERDAY        0                         8     -8        0
  MONTH TO DATE   10                        30    -20        6
  SINCE SEP 1     58                       121    -63       17
  SINCE JUL 1     60                       133    -73       17

 COOLING
  YESTERDAY       11                         1     10        0
  MONTH TO DATE   14                         4     10        1
  SINCE SEP 1    191                        93     98      186
  SINCE JAN 1   1082                       808    274     1270
..................................................................


WIND (MPH)
  HIGHEST WIND SPEED    23   HIGHEST WIND DIRECTION     W (250)
  HIGHEST GUST SPEED    28   HIGHEST GUST DIRECTION     W (260)
  AVERAGE WIND SPEED    11.6


SKY COVER
  POSSIBLE SUNSHINE  MM
  AVERAGE SKY COVER 0.8


WEATHER CONDITIONS
 THE FOLLOWING WEATHER WAS RECORDED YESTERDAY.
  FOG


RELATIVE HUMIDITY (PERCENT)
 HIGHEST    73          1100 PM
 LOWEST     47           200 PM
 AVERAGE    60

..........................................................


THE CLEVELAND OH CLIMATE NORMALS FOR TODAY
                         NORMAL    RECORD    YEAR
 MAXIMUM TEMPERATURE (F)   66        88      1951
                                             1946
 MINIMUM TEMPERATURE (F)   49        32      1980


SUNRISE AND SUNSET
OCTOBER  5 2017.......SUNRISE   729 AM EDT   SUNSET   702 PM EDT
OCTOBER  6 2017.......SUNRISE   730 AM EDT   SUNSET   700 PM EDT


-  INDICATES NEGATIVE NUMBERS.
R  INDICATES RECORD WAS SET OR TIED.
MM INDICATES DATA IS MISSING.
T  INDICATES TRACE AMOUNT.




$$
