000
CDUS41 KCLE 120545
CLICLE


CLIMATE REPORT
NATIONAL WEATHER SERVICE CLEVELAND OH
145 AM EDT TUE AUG 12 2014


...................................

...THE CLEVELAND OH CLIMATE SUMMARY FOR AUGUST 11 2014...

CLIMATE NORMAL PERIOD 1981 TO 2010
CLIMATE RECORD PERIOD 1871 TO 2014


WEATHER ITEM   OBSERVED TIME   RECORD YEAR NORMAL DEPARTURE LAST
                VALUE   (LST)  VALUE       VALUE  FROM      YEAR
                                                  NORMAL
..................................................................
TEMPERATURE (F)
 YESTERDAY
  MAXIMUM         75    312 PM  96    1944  81     -6       82
  MINIMUM         69   1111 PM  48    1965  64      5       63
  AVERAGE         72                        72      0       73

PRECIPITATION (IN)
  YESTERDAY        1.05                      0.11   0.94     0.00
  MONTH TO DATE    1.46                      1.28   0.18     1.43
  SINCE JUN 1     11.71                      8.17   3.54    14.24
  SINCE JAN 1     27.98                     23.31   4.67    26.83

SNOWFALL (IN)
  YESTERDAY        0.0                       0.0    0.0      0.0
  MONTH TO DATE    0.0                       0.0    0.0      0.0
  SINCE JUN 1      0.0                       0.0    0.0      0.0
  SINCE JUL 1      0.0                       0.0    0.0      0.0
  SNOW DEPTH       0

DEGREE DAYS
 HEATING
  YESTERDAY        0                         0      0        0
  MONTH TO DATE    0                         0      0        0
  SINCE JUN 1     34                        46    -12       42
  SINCE JUL 1     14                         4     10        3

 COOLING
  YESTERDAY        7                         8     -1        8
  MONTH TO DATE   56                        88    -32       60
  SINCE JUN 1    390                       521   -131      510
  SINCE JAN 1    456                       580   -124      624
..................................................................


WIND (MPH)
  HIGHEST WIND SPEED    22   HIGHEST WIND DIRECTION    SE (140)
  HIGHEST GUST SPEED    28   HIGHEST GUST DIRECTION    SE (130)
  AVERAGE WIND SPEED    11.9


SKY COVER
  POSSIBLE SUNSHINE  MM
  AVERAGE SKY COVER 0.9


WEATHER CONDITIONS
 THE FOLLOWING WEATHER WAS RECORDED YESTERDAY.
  THUNDERSTORM
  HEAVY RAIN
  RAIN
  LIGHT RAIN
  FOG


RELATIVE HUMIDITY (PERCENT)
 HIGHEST    90           200 PM
 LOWEST     73          1200 AM
 AVERAGE    82

..........................................................


THE CLEVELAND OH CLIMATE NORMALS FOR TODAY
                         NORMAL    RECORD    YEAR
 MAXIMUM TEMPERATURE (F)   81        99      1881
 MINIMUM TEMPERATURE (F)   64        44      1967


SUNRISE AND SUNSET
AUGUST 12 2014........SUNRISE   633 AM EDT   SUNSET   831 PM EDT
AUGUST 13 2014........SUNRISE   634 AM EDT   SUNSET   829 PM EDT


-  INDICATES NEGATIVE NUMBERS.
R  INDICATES RECORD WAS SET OR TIED.
MM INDICATES DATA IS MISSING.
T  INDICATES TRACE AMOUNT.




$$
