000
CDUS41 KCLE 072211
CLICLE


CLIMATE REPORT
NATIONAL WEATHER SERVICE CLEVELAND OH
511 PM EST TUE NOV 7 2017


...................................

...THE CLEVELAND OH CLIMATE SUMMARY FOR NOVEMBER 7 2017...
VALID TODAY AS OF 0500 PM LOCAL TIME.

CLIMATE NORMAL PERIOD 1981 TO 2010
CLIMATE RECORD PERIOD 1871 TO 2017


WEATHER ITEM   OBSERVED TIME   RECORD YEAR NORMAL DEPARTURE LAST
                VALUE   (LST)  VALUE       VALUE  FROM      YEAR
                                                  NORMAL
..................................................................
TEMPERATURE (F)
 TODAY
  MAXIMUM         49    133 PM  79    1938  55     -6       72
  MINIMUM         41    100 AM  23    1971  40      1       42
  AVERAGE         45                        47     -2       57

PRECIPITATION (IN)
  TODAY            0.00                      0.12  -0.12     0.00
  MONTH TO DATE    2.82                      0.82   2.00     0.26
  SINCE SEP 1      7.31                      7.70  -0.39     8.60
  SINCE JAN 1     38.94                     33.24   5.70    31.97

SNOWFALL (IN)
  TODAY            0.0                       0.1   -0.1      0.0
  MONTH TO DATE    0.0                       0.5   -0.5      0.0
  SINCE SEP 1      0.0                       0.7   -0.7      0.0
  SINCE JUL 1      0.0                       0.7   -0.7      0.0
  SNOW DEPTH       0

DEGREE DAYS
 HEATING
  TODAY           20                        18      2        8
  MONTH TO DATE   85                       119    -34       52
  SINCE SEP 1    343                       567   -224      281
  SINCE JUL 1    345                       579   -234      281

 COOLING
  TODAY            0                         0      0        0
  MONTH TO DATE    0                         0      0        7
  SINCE SEP 1    222                       101    121      235
  SINCE JAN 1   1113                       816    297     1319
..................................................................


WIND (MPH)
  HIGHEST WIND SPEED    20   HIGHEST WIND DIRECTION    NE (40)
  HIGHEST GUST SPEED    24   HIGHEST GUST DIRECTION    NE (40)


SKY COVER
  POSSIBLE SUNSHINE  MM
  AVERAGE SKY COVER 0.9


WEATHER CONDITIONS
 THE FOLLOWING WEATHER WAS RECORDED TODAY.
  NO SIGNIFICANT WEATHER WAS OBSERVED.


RELATIVE HUMIDITY (PERCENT)
 HIGHEST    82           300 AM
 LOWEST     60           300 PM
 AVERAGE    71

..........................................................


THE CLEVELAND OH CLIMATE NORMALS FOR TOMORROW
                         NORMAL    RECORD    YEAR
 MAXIMUM TEMPERATURE (F)   54        72      1945
                                             1881
                                             1879
 MINIMUM TEMPERATURE (F)   39        19      1976


SUNRISE AND SUNSET
NOVEMBER  7 2017......SUNRISE   706 AM EST   SUNSET   515 PM EST
NOVEMBER  8 2017......SUNRISE   708 AM EST   SUNSET   514 PM EST


-  INDICATES NEGATIVE NUMBERS.
R  INDICATES RECORD WAS SET OR TIED.
MM INDICATES DATA IS MISSING.
T  INDICATES TRACE AMOUNT.




$$
