000
CDUS41 KCLE 130526
CLICLE


CLIMATE REPORT
NATIONAL WEATHER SERVICE CLEVELAND OH
126 AM EDT SAT AUG 13 2016


...................................

...THE CLEVELAND OH CLIMATE SUMMARY FOR AUGUST 12 2016...

CLIMATE NORMAL PERIOD 1981 TO 2010
CLIMATE RECORD PERIOD 1871 TO 2016


WEATHER ITEM   OBSERVED TIME   RECORD YEAR NORMAL DEPARTURE LAST
                VALUE   (LST)  VALUE       VALUE  FROM      YEAR
                                                  NORMAL
..................................................................
TEMPERATURE (F)
 YESTERDAY
  MAXIMUM         92    133 PM  99    1881  81     11       74
  MINIMUM         78   1159 PM  44    1967  64     14       58
  AVERAGE         85                        72     13       66

PRECIPITATION (IN)
  YESTERDAY        0.09                      0.11  -0.02      T
  MONTH TO DATE    1.87                      1.39   0.48     1.54
  SINCE JUN 1      5.81                      8.28  -2.47    12.78
  SINCE JAN 1     21.74                     23.42  -1.68    26.41

SNOWFALL (IN)
  YESTERDAY        0.0                       0.0    0.0      0.0
  MONTH TO DATE    0.0                       0.0    0.0      0.0
  SINCE JUN 1      0.0                       0.0    0.0      0.0
  SINCE JUL 1      0.0                       0.0    0.0      0.0
  SNOW DEPTH       0

DEGREE DAYS
 HEATING
  YESTERDAY        0                         0      0        0
  MONTH TO DATE    0                         0      0        0
  SINCE JUN 1     13                        46    -33       33
  SINCE JUL 1      0                         4     -4        3

 COOLING
  YESTERDAY       20                         8     12        1
  MONTH TO DATE  178                        96     82       75
  SINCE JUN 1    777                       529    248      432
  SINCE JAN 1    858                       588    270      553
..................................................................


WIND (MPH)
  HIGHEST WIND SPEED    20   HIGHEST WIND DIRECTION     W (250)
  HIGHEST GUST SPEED    24   HIGHEST GUST DIRECTION     W (250)
  AVERAGE WIND SPEED    10.1


SKY COVER
  POSSIBLE SUNSHINE  MM
  AVERAGE SKY COVER 0.8


WEATHER CONDITIONS
 THE FOLLOWING WEATHER WAS RECORDED YESTERDAY.
  LIGHT RAIN


RELATIVE HUMIDITY (PERCENT)
 HIGHEST    85          1200 AM
 LOWEST     52          1200 PM
 AVERAGE    69

..........................................................


THE CLEVELAND OH CLIMATE NORMALS FOR TODAY
                         NORMAL    RECORD    YEAR
 MAXIMUM TEMPERATURE (F)   81        95      2002
                                             1995
                                             1918
 MINIMUM TEMPERATURE (F)   64        47      1982
                                             1967


SUNRISE AND SUNSET
AUGUST 13 2016........SUNRISE   635 AM EDT   SUNSET   829 PM EDT
AUGUST 14 2016........SUNRISE   636 AM EDT   SUNSET   827 PM EDT


-  INDICATES NEGATIVE NUMBERS.
R  INDICATES RECORD WAS SET OR TIED.
MM INDICATES DATA IS MISSING.
T  INDICATES TRACE AMOUNT.




$$
