000
CDUS41 KCLE 180526
CLICLE


CLIMATE REPORT
NATIONAL WEATHER SERVICE CLEVELAND OH
125 AM EDT MON APR 18 2016


...................................

...THE CLEVELAND OH CLIMATE SUMMARY FOR APRIL 17 2016...

CLIMATE NORMAL PERIOD 1981 TO 2010
CLIMATE RECORD PERIOD 1871 TO 2016


WEATHER ITEM   OBSERVED TIME   RECORD YEAR NORMAL DEPARTURE LAST
                VALUE   (LST)  VALUE       VALUE  FROM      YEAR
                                                  NORMAL
..................................................................
TEMPERATURE (F)
 YESTERDAY
  MAXIMUM         74    104 PM  84    1896  60     14       69
  MINIMUM         42    518 AM  15    1875  41      1       53
  AVERAGE         58                        50      8       61

PRECIPITATION (IN)
  YESTERDAY        0.00                      0.12  -0.12     0.13
  MONTH TO DATE    2.66                      2.07   0.59     2.27
  SINCE MAR 1      6.83                      5.00   1.83     4.24
  SINCE JAN 1     11.42                     10.06   1.36     9.04

SNOWFALL (IN)
  YESTERDAY        0.0                       0.1   -0.1      0.0
  MONTH TO DATE    7.8                       2.8    5.0      0.1
  SINCE MAR 1     11.0                      15.4   -4.4      4.9
  SINCE JUL 1     32.8                      67.6  -34.8     66.3
  SNOW DEPTH       0

DEGREE DAYS
 HEATING
  YESTERDAY        7                        15     -8        4
  MONTH TO DATE  371                       304     67      220
  SINCE MAR 1    994                      1130   -136     1175
  SINCE JUL 1   4585                      5347   -762     6125

 COOLING
  YESTERDAY        0                         0      0        0
  MONTH TO DATE    0                         0      0        1
  SINCE MAR 1      0                         1     -1        1
  SINCE JAN 1      0                         1     -1        1
..................................................................


WIND (MPH)
  HIGHEST WIND SPEED    15   HIGHEST WIND DIRECTION     N (360)
  HIGHEST GUST SPEED    17   HIGHEST GUST DIRECTION     N (350)
  AVERAGE WIND SPEED     3.8


SKY COVER
  POSSIBLE SUNSHINE  MM
  AVERAGE SKY COVER 0.1


WEATHER CONDITIONS
 THE FOLLOWING WEATHER WAS RECORDED YESTERDAY.
  NO SIGNIFICANT WEATHER WAS OBSERVED.


RELATIVE HUMIDITY (PERCENT)
 HIGHEST    82           600 AM
 LOWEST     25           600 PM
 AVERAGE    54

..........................................................


THE CLEVELAND OH CLIMATE NORMALS FOR TODAY
                         NORMAL    RECORD    YEAR
 MAXIMUM TEMPERATURE (F)   60        85      1896
 MINIMUM TEMPERATURE (F)   41        17      1875


SUNRISE AND SUNSET
APRIL 18 2016.........SUNRISE   642 AM EDT   SUNSET   812 PM EDT
APRIL 19 2016.........SUNRISE   641 AM EDT   SUNSET   813 PM EDT


-  INDICATES NEGATIVE NUMBERS.
R  INDICATES RECORD WAS SET OR TIED.
MM INDICATES DATA IS MISSING.
T  INDICATES TRACE AMOUNT.




$$
