000
CDUS41 KCLE 112114
CLICLE


CLIMATE REPORT
NATIONAL WEATHER SERVICE CLEVELAND OH
514 PM EDT SUN SEP 11 2016


...................................

...THE CLEVELAND OH CLIMATE SUMMARY FOR SEPTEMBER 11 2016...
VALID TODAY AS OF 0500 PM LOCAL TIME.

CLIMATE NORMAL PERIOD 1981 TO 2010
CLIMATE RECORD PERIOD 1871 TO 2016


WEATHER ITEM   OBSERVED TIME   RECORD YEAR NORMAL DEPARTURE LAST
                VALUE   (LST)  VALUE       VALUE  FROM      YEAR
                                                  NORMAL
..................................................................
TEMPERATURE (F)
 TODAY
  MAXIMUM         73    256 PM  95    2013  76     -3       77
  MINIMUM         61    601 AM  42    1995  58      3       54
                                      1943
                                      1883
  AVERAGE         67                        67      0       66

PRECIPITATION (IN)
  TODAY            0.00                      0.13  -0.13     1.02
  MONTH TO DATE    2.19                      1.34   0.85     2.84
  SINCE SEP 1      2.19                      1.34   0.85     2.84
  SINCE JAN 1     25.56                     26.88  -1.32    30.56

SNOWFALL (IN)
  TODAY            0.0                       0.0    0.0      0.0
  MONTH TO DATE    0.0                       0.0    0.0      0.0
  SINCE SEP 1      0.0                       0.0    0.0      0.0
  SINCE JUL 1      0.0                       0.0    0.0      0.0
  SNOW DEPTH       0

DEGREE DAYS
 HEATING
  TODAY            0                         2     -2        0
  MONTH TO DATE    0                        13    -13        0
  SINCE SEP 1      0                        13    -13        0
  SINCE JUL 1      0                        25    -25       14

 COOLING
  TODAY            2                         4     -2        1
  MONTH TO DATE  108                        49     59      119
  SINCE SEP 1    108                        49     59      119
  SINCE JAN 1   1192                       764    428      788
..................................................................


WIND (MPH)
  HIGHEST WIND SPEED    14   HIGHEST WIND DIRECTION     N (360)
  HIGHEST GUST SPEED    18   HIGHEST GUST DIRECTION     N (360)


SKY COVER
  POSSIBLE SUNSHINE  MM
  AVERAGE SKY COVER 0.4


WEATHER CONDITIONS
 THE FOLLOWING WEATHER WAS RECORDED TODAY.
  NO SIGNIFICANT WEATHER WAS OBSERVED.


RELATIVE HUMIDITY (PERCENT)
 HIGHEST    90           400 AM
 LOWEST     47           100 PM
 AVERAGE    69

..........................................................


THE CLEVELAND OH CLIMATE NORMALS FOR TOMORROW
                         NORMAL    RECORD    YEAR
 MAXIMUM TEMPERATURE (F)   76        98      1952
 MINIMUM TEMPERATURE (F)   58        40      1943
                                             1941


SUNRISE AND SUNSET
SEPTEMBER 11 2016.....SUNRISE   704 AM EDT   SUNSET   743 PM EDT
SEPTEMBER 12 2016.....SUNRISE   705 AM EDT   SUNSET   741 PM EDT


-  INDICATES NEGATIVE NUMBERS.
R  INDICATES RECORD WAS SET OR TIED.
MM INDICATES DATA IS MISSING.
T  INDICATES TRACE AMOUNT.




$$
