000
CDUS41 KCLE 230530
CLICLE


CLIMATE REPORT
NATIONAL WEATHER SERVICE CLEVELAND OH
1230 AM EST MON FEB 23 2015


...................................

...THE CLEVELAND OH CLIMATE SUMMARY FOR FEBRUARY 22 2015...

CLIMATE NORMAL PERIOD 1981 TO 2010
CLIMATE RECORD PERIOD 1871 TO 2015


WEATHER ITEM   OBSERVED TIME   RECORD YEAR NORMAL DEPARTURE LAST
                VALUE   (LST)  VALUE       VALUE  FROM      YEAR
                                                  NORMAL
..................................................................
TEMPERATURE (F)
 YESTERDAY
  MAXIMUM         29    329 PM  72    1930  39    -10       45
  MINIMUM         13   1208 AM  -8    1963  25    -12       36
  AVERAGE         21                        32    -11       41

PRECIPITATION (IN)
  YESTERDAY        0.04                      0.08  -0.04     0.05
  MONTH TO DATE    1.82                      1.80   0.02     2.79
  SINCE DEC 1      6.71                      7.62  -0.91     8.89
  SINCE JAN 1      4.76                      4.52   0.24     4.79

SNOWFALL (IN)
  YESTERDAY        0.9                       0.5    0.4       T
  MONTH TO DATE   23.8                      11.8   12.0     18.8
  SINCE DEC 1     39.8                      44.6   -4.8     60.0
  SINCE JUL 1     59.2                      49.1   10.1     64.7
  SNOW DEPTH       9

DEGREE DAYS
 HEATING
  YESTERDAY       44                        33     11       24
  MONTH TO DATE 1080                       770    310      913
  SINCE DEC 1   3282                      2927    355     3262
  SINCE JUL 1   4616                      4022    594     4411

 COOLING
  YESTERDAY        0                         0      0        0
  MONTH TO DATE    0                         0      0        0
  SINCE DEC 1      0                         0      0        0
  SINCE JAN 1      0                         0      0        0
..................................................................


WIND (MPH)
  HIGHEST WIND SPEED    16   HIGHEST WIND DIRECTION     N (360)
  HIGHEST GUST SPEED    20   HIGHEST GUST DIRECTION    NW (330)
  AVERAGE WIND SPEED     7.6


SKY COVER
  POSSIBLE SUNSHINE  MM
  AVERAGE SKY COVER 1.0


WEATHER CONDITIONS
 THE FOLLOWING WEATHER WAS RECORDED YESTERDAY.
  LIGHT SNOW
  FOG
  FOG W/VISIBILITY <= 1/4 MILE
  HAZE


RELATIVE HUMIDITY (PERCENT)
 HIGHEST    92           100 AM
 LOWEST     69           500 PM
 AVERAGE    81

..........................................................


THE CLEVELAND OH CLIMATE NORMALS FOR TODAY
                         NORMAL    RECORD    YEAR
 MAXIMUM TEMPERATURE (F)   39        66      2000
 MINIMUM TEMPERATURE (F)   25        -4      1873


SUNRISE AND SUNSET
FEBRUARY 23 2015......SUNRISE   711 AM EST   SUNSET   611 PM EST
FEBRUARY 24 2015......SUNRISE   710 AM EST   SUNSET   612 PM EST


-  INDICATES NEGATIVE NUMBERS.
R  INDICATES RECORD WAS SET OR TIED.
MM INDICATES DATA IS MISSING.
T  INDICATES TRACE AMOUNT.




$$
