000
CDUS41 KCLE 062111
CLICLE


CLIMATE REPORT
NATIONAL WEATHER SERVICE CLEVELAND OH
511 PM EDT WED SEP 6 2017


...................................

...THE CLEVELAND OH CLIMATE SUMMARY FOR SEPTEMBER 6 2017...
VALID TODAY AS OF 0500 PM LOCAL TIME.

CLIMATE NORMAL PERIOD 1981 TO 2010
CLIMATE RECORD PERIOD 1871 TO 2017


WEATHER ITEM   OBSERVED TIME   RECORD YEAR NORMAL DEPARTURE LAST
                VALUE   (LST)  VALUE       VALUE  FROM      YEAR
                                                  NORMAL
..................................................................
TEMPERATURE (F)
 TODAY
  MAXIMUM         69   1023 AM  98    1954  77     -8       94
                                      1881
  MINIMUM         52    625 AM  40    1976  59     -7       67
  AVERAGE         61                        68     -7       81

PRECIPITATION (IN)
  TODAY            0.01                      0.12  -0.11      T
  MONTH TO DATE    0.48                      0.72  -0.24     0.11
  SINCE SEP 1      0.48                      0.72  -0.24     0.11
  SINCE JAN 1     32.11                     26.26   5.85    23.48

SNOWFALL (IN)
  TODAY            0.0                       0.0    0.0      0.0
  MONTH TO DATE    0.0                       0.0    0.0      0.0
  SINCE SEP 1      0.0                       0.0    0.0      0.0
  SINCE JUL 1      0.0                       0.0    0.0      0.0
  SNOW DEPTH       0

DEGREE DAYS
 HEATING
  TODAY            4                         1      3        0
  MONTH TO DATE    7                         6      1        0
  SINCE SEP 1      7                         6      1        0
  SINCE JUL 1      9                        18     -9        0

 COOLING
  TODAY            0                         4     -4       16
  MONTH TO DATE   18                        29    -11       44
  SINCE SEP 1     18                        29    -11       44
  SINCE JAN 1    909                       744    165     1128
..................................................................


WIND (MPH)
  HIGHEST WIND SPEED    25   HIGHEST WIND DIRECTION     W (290)
  HIGHEST GUST SPEED    33   HIGHEST GUST DIRECTION     W (290)


SKY COVER
  POSSIBLE SUNSHINE  MM
  AVERAGE SKY COVER 0.6


WEATHER CONDITIONS
 THE FOLLOWING WEATHER WAS RECORDED TODAY.
  THUNDERSTORM
  LIGHT RAIN


RELATIVE HUMIDITY (PERCENT)
 HIGHEST    89           500 AM
 LOWEST     52          1100 AM
 AVERAGE    71

..........................................................


THE CLEVELAND OH CLIMATE NORMALS FOR TOMORROW
                         NORMAL    RECORD    YEAR
 MAXIMUM TEMPERATURE (F)   77        94      2016
                                             1939
 MINIMUM TEMPERATURE (F)   59        43      1962


SUNRISE AND SUNSET
SEPTEMBER  6 2017.....SUNRISE   659 AM EDT   SUNSET   752 PM EDT
SEPTEMBER  7 2017.....SUNRISE   700 AM EDT   SUNSET   750 PM EDT


-  INDICATES NEGATIVE NUMBERS.
R  INDICATES RECORD WAS SET OR TIED.
MM INDICATES DATA IS MISSING.
T  INDICATES TRACE AMOUNT.




$$
