000
CDUS41 KCLE 140543
CLICLE


CLIMATE REPORT
NATIONAL WEATHER SERVICE CLEVELAND OH
142 AM EDT TUE OCT 14 2014


...................................

...THE CLEVELAND OH CLIMATE SUMMARY FOR OCTOBER 13 2014...

CLIMATE NORMAL PERIOD 1981 TO 2010
CLIMATE RECORD PERIOD 1871 TO 2014


WEATHER ITEM   OBSERVED TIME   RECORD YEAR NORMAL DEPARTURE LAST
                VALUE   (LST)  VALUE       VALUE  FROM      YEAR
                                                  NORMAL
..................................................................
TEMPERATURE (F)
 YESTERDAY
  MAXIMUM         73    141 PM  82    1969  63     10       69
  MINIMUM         58    434 AM  29    1875  46     12       52
  AVERAGE         66                        55     11       61

PRECIPITATION (IN)
  YESTERDAY        0.16                      0.10   0.06     0.00
  MONTH TO DATE    0.69                      1.37  -0.68     2.48
  SINCE SEP 1      5.16                      5.18  -0.02     4.44
  SINCE JAN 1     36.27                     30.72   5.55    32.65

SNOWFALL (IN)
  YESTERDAY        0.0                       0.0    0.0      0.0
  MONTH TO DATE    0.0                       0.0    0.0      0.0
  SINCE SEP 1      0.0                       0.0    0.0      0.0
  SINCE JUL 1      0.0                       0.0    0.0      0.0
  SNOW DEPTH       0

DEGREE DAYS
 HEATING
  YESTERDAY        0                        11    -11        4
  MONTH TO DATE  141                       116     25       46
  SINCE SEP 1    259                       207     52      133
  SINCE JUL 1    284                       219     65      140

 COOLING
  YESTERDAY        1                         0      1        0
  MONTH TO DATE    1                        10     -9       34
  SINCE SEP 1     64                        99    -35      127
  SINCE JAN 1    654                       814   -160      889
..................................................................


WIND (MPH)
  HIGHEST WIND SPEED    20   HIGHEST WIND DIRECTION    SE (150)
  HIGHEST GUST SPEED    25   HIGHEST GUST DIRECTION     S (160)
  AVERAGE WIND SPEED    12.0


SKY COVER
  POSSIBLE SUNSHINE  MM
  AVERAGE SKY COVER 0.8


WEATHER CONDITIONS
 THE FOLLOWING WEATHER WAS RECORDED YESTERDAY.
  THUNDERSTORM
  HEAVY RAIN
  LIGHT RAIN
  FOG


RELATIVE HUMIDITY (PERCENT)
 HIGHEST    87           400 AM
 LOWEST     68           200 PM
 AVERAGE    78

..........................................................


THE CLEVELAND OH CLIMATE NORMALS FOR TODAY
                         NORMAL    RECORD    YEAR
 MAXIMUM TEMPERATURE (F)   63        84      1989
                                             1899
 MINIMUM TEMPERATURE (F)   46        30      1988


SUNRISE AND SUNSET
OCTOBER 14 2014.......SUNRISE   738 AM EDT   SUNSET   648 PM EDT
OCTOBER 15 2014.......SUNRISE   739 AM EDT   SUNSET   646 PM EDT


-  INDICATES NEGATIVE NUMBERS.
R  INDICATES RECORD WAS SET OR TIED.
MM INDICATES DATA IS MISSING.
T  INDICATES TRACE AMOUNT.




$$
