000
CDUS41 KCLE 082212
CLICLE


CLIMATE REPORT
NATIONAL WEATHER SERVICE CLEVELAND OH
511 PM EST SAT NOV 8 2014


...................................

...THE CLEVELAND OH CLIMATE SUMMARY FOR NOVEMBER 8 2014...
VALID TODAY AS OF 0500 PM LOCAL TIME.

CLIMATE NORMAL PERIOD 1981 TO 2010
CLIMATE RECORD PERIOD 1871 TO 2014


WEATHER ITEM   OBSERVED TIME   RECORD YEAR NORMAL DEPARTURE LAST
                VALUE   (LST)  VALUE       VALUE  FROM      YEAR
                                                  NORMAL
..................................................................
TEMPERATURE (F)
 TODAY
  MAXIMUM         46    359 PM  72    1945  54     -8       44
                                      1881
                                      1879
  MINIMUM         31    111 AM  19    1976  39     -8       32
  AVERAGE         39                        47     -8       38

PRECIPITATION (IN)
  TODAY            0.00                      0.12  -0.12     0.11
  MONTH TO DATE    1.36                      0.94   0.42     1.09
  SINCE SEP 1      8.67                      7.82   0.85     7.75
  SINCE JAN 1     39.78                     33.36   6.42    35.96

SNOWFALL (IN)
  TODAY            0.0                       0.1   -0.1      0.1
  MONTH TO DATE    T                         0.6   -0.6      0.1
  SINCE SEP 1      T                         0.8   -0.8      0.1
  SINCE JUL 1      T                         0.8   -0.8      0.1
  SNOW DEPTH       0

DEGREE DAYS
 HEATING
  TODAY           26                        18      8       27
  MONTH TO DATE  166                       137     29      144
  SINCE SEP 1    641                       585     56      548
  SINCE JUL 1    666                       597     69      555

 COOLING
  TODAY            0                         0      0        0
  MONTH TO DATE    0                         0      0        0
  SINCE SEP 1     67                       101    -34      127
  SINCE JAN 1    657                       816   -159      889
..................................................................


WIND (MPH)
  HIGHEST WIND SPEED    21   HIGHEST WIND DIRECTION     S (180)
  HIGHEST GUST SPEED    28   HIGHEST GUST DIRECTION     S (190)


SKY COVER
  POSSIBLE SUNSHINE  MM
  AVERAGE SKY COVER 0.8


WEATHER CONDITIONS
 THE FOLLOWING WEATHER WAS RECORDED TODAY.
  LIGHT RAIN


RELATIVE HUMIDITY (PERCENT)
 HIGHEST    78          1200 AM
 LOWEST     60           200 PM
 AVERAGE    69

..........................................................


THE CLEVELAND OH CLIMATE NORMALS FOR TOMORROW
                         NORMAL    RECORD    YEAR
 MAXIMUM TEMPERATURE (F)   54        74      1975
                                             1931
 MINIMUM TEMPERATURE (F)   39        22      1976


SUNRISE AND SUNSET
NOVEMBER  8 2014......SUNRISE   707 AM EST   SUNSET   514 PM EST
NOVEMBER  9 2014......SUNRISE   709 AM EST   SUNSET   513 PM EST


-  INDICATES NEGATIVE NUMBERS.
R  INDICATES RECORD WAS SET OR TIED.
MM INDICATES DATA IS MISSING.
T  INDICATES TRACE AMOUNT.




$$
