000
CDUS41 KCLE 072113
CLICLE


CLIMATE REPORT
NATIONAL WEATHER SERVICE CLEVELAND OH
511 PM EDT THU SEP 7 2017


...................................

...THE CLEVELAND OH CLIMATE SUMMARY FOR SEPTEMBER 7 2017...
VALID TODAY AS OF 0500 PM LOCAL TIME.

CLIMATE NORMAL PERIOD 1981 TO 2010
CLIMATE RECORD PERIOD 1871 TO 2017


WEATHER ITEM   OBSERVED TIME   RECORD YEAR NORMAL DEPARTURE LAST
                VALUE   (LST)  VALUE       VALUE  FROM      YEAR
                                                  NORMAL
..................................................................
TEMPERATURE (F)
 TODAY
  MAXIMUM         70    122 PM  94    2016  77     -7       94
                                      1939
  MINIMUM         50    615 AM  43    1962  59     -9       75
  AVERAGE         60                        68     -8       85

PRECIPITATION (IN)
  TODAY            0.01                      0.12  -0.11     0.59
  MONTH TO DATE    0.52                      0.84  -0.32     0.70
  SINCE SEP 1      0.52                      0.84  -0.32     0.70
  SINCE JAN 1     32.15                     26.38   5.77    24.07

SNOWFALL (IN)
  TODAY            0.0                       0.0    0.0      0.0
  MONTH TO DATE    0.0                       0.0    0.0      0.0
  SINCE SEP 1      0.0                       0.0    0.0      0.0
  SINCE JUL 1      0.0                       0.0    0.0      0.0
  SNOW DEPTH       0

DEGREE DAYS
 HEATING
  TODAY            5                         1      4        0
  MONTH TO DATE   12                         7      5        0
  SINCE SEP 1     12                         7      5        0
  SINCE JUL 1     14                        19     -5        0

 COOLING
  TODAY            0                         4     -4       20
  MONTH TO DATE   18                        33    -15       64
  SINCE SEP 1     18                        33    -15       64
  SINCE JAN 1    909                       748    161     1148
..................................................................


WIND (MPH)
  HIGHEST WIND SPEED    20   HIGHEST WIND DIRECTION     W (290)
  HIGHEST GUST SPEED    26   HIGHEST GUST DIRECTION     W (280)


SKY COVER
  POSSIBLE SUNSHINE  MM
  AVERAGE SKY COVER 0.7


WEATHER CONDITIONS
 THE FOLLOWING WEATHER WAS RECORDED TODAY.
  THUNDERSTORM
  LIGHT RAIN
  FOG


RELATIVE HUMIDITY (PERCENT)
 HIGHEST    93           800 AM
 LOWEST     48           200 PM
 AVERAGE    71

..........................................................


THE CLEVELAND OH CLIMATE NORMALS FOR TOMORROW
                         NORMAL    RECORD    YEAR
 MAXIMUM TEMPERATURE (F)   77        95      1978
 MINIMUM TEMPERATURE (F)   59        41      1951


SUNRISE AND SUNSET
SEPTEMBER  7 2017.....SUNRISE   700 AM EDT   SUNSET   750 PM EDT
SEPTEMBER  8 2017.....SUNRISE   701 AM EDT   SUNSET   748 PM EDT


-  INDICATES NEGATIVE NUMBERS.
R  INDICATES RECORD WAS SET OR TIED.
MM INDICATES DATA IS MISSING.
T  INDICATES TRACE AMOUNT.




$$
