000
CDUS41 KCLE 120545
CLICLE


CLIMATE REPORT
NATIONAL WEATHER SERVICE CLEVELAND OH
145 AM EDT WED APR 12 2017


...................................

...THE CLEVELAND OH CLIMATE SUMMARY FOR APRIL 11 2017...

CLIMATE NORMAL PERIOD 1981 TO 2010
CLIMATE RECORD PERIOD 1871 TO 2017


WEATHER ITEM   OBSERVED TIME   RECORD YEAR NORMAL DEPARTURE LAST
                VALUE   (LST)  VALUE       VALUE  FROM      YEAR
                                                  NORMAL
..................................................................
TEMPERATURE (F)
 YESTERDAY
  MAXIMUM         71    327 PM  82    1945  57     14       55
                                      1930
  MINIMUM         51   1159 PM  22    1882  39     12       41
  AVERAGE         61                        48     13       48

PRECIPITATION (IN)
  YESTERDAY        0.09                      0.13  -0.04     0.39
  MONTH TO DATE    1.61                      1.34   0.27     2.62
  SINCE MAR 1      5.63                      4.27   1.36     6.79
  SINCE JAN 1     13.09                      9.33   3.76    11.38

SNOWFALL (IN)
  YESTERDAY        0.0                       0.2   -0.2      0.0
  MONTH TO DATE    2.8                       2.1    0.7      7.8
  SINCE MAR 1     12.1                      14.7   -2.6     11.0
  SINCE JUL 1     37.3                      66.9  -29.6     32.8
  SNOW DEPTH       0

DEGREE DAYS
 HEATING
  YESTERDAY        4                        17    -13       17
  MONTH TO DATE  137                       209    -72      274
  SINCE MAR 1    928                      1035   -107      897
  SINCE JUL 1   4239                      5252  -1013     4488

 COOLING
  YESTERDAY        0                         0      0        0
  MONTH TO DATE    6                         0      6        0
  SINCE MAR 1      6                         1      5        0
  SINCE JAN 1      6                         1      5        0
..................................................................


WIND (MPH)
  HIGHEST WIND SPEED    23   HIGHEST WIND DIRECTION     W (290)
  HIGHEST GUST SPEED    30   HIGHEST GUST DIRECTION     W (290)
  AVERAGE WIND SPEED    10.8


SKY COVER
  POSSIBLE SUNSHINE  MM
  AVERAGE SKY COVER 1.0


WEATHER CONDITIONS
 THE FOLLOWING WEATHER WAS RECORDED YESTERDAY.
  THUNDERSTORM
  LIGHT RAIN


RELATIVE HUMIDITY (PERCENT)
 HIGHEST    78          1000 AM
 LOWEST     48           100 AM
 AVERAGE    63

..........................................................


THE CLEVELAND OH CLIMATE NORMALS FOR TODAY
                         NORMAL    RECORD    YEAR
 MAXIMUM TEMPERATURE (F)   58        82      2001
                                             1977
                                             1896
 MINIMUM TEMPERATURE (F)   39        20      1939


SUNRISE AND SUNSET
APRIL 12 2017.........SUNRISE   652 AM EDT   SUNSET   805 PM EDT
APRIL 13 2017.........SUNRISE   651 AM EDT   SUNSET   806 PM EDT


-  INDICATES NEGATIVE NUMBERS.
R  INDICATES RECORD WAS SET OR TIED.
MM INDICATES DATA IS MISSING.
T  INDICATES TRACE AMOUNT.




$$
