000
CDUS41 KCLE 070533
CLICLE


CLIMATE REPORT
NATIONAL WEATHER SERVICE CLEVELAND OH
1232 AM EST TUE MAR 7 2017


...................................

...THE CLEVELAND OH CLIMATE SUMMARY FOR MARCH 6 2017...

CLIMATE NORMAL PERIOD 1981 TO 2010
CLIMATE RECORD PERIOD 1871 TO 2017


WEATHER ITEM   OBSERVED TIME   RECORD YEAR NORMAL DEPARTURE LAST
                VALUE   (LST)  VALUE       VALUE  FROM      YEAR
                                                  NORMAL
..................................................................
TEMPERATURE (F)
 YESTERDAY
  MAXIMUM         59   1245 PM  74    1973  43     16       39
  MINIMUM         45    333 AM  -2    1960  27     18       30
  AVERAGE         52                        35     17       35

PRECIPITATION (IN)
  YESTERDAY        0.16                      0.09   0.07     0.00
  MONTH TO DATE    1.21                      0.51   0.70     0.65
  SINCE MAR 1      1.21                      0.51   0.70     0.65
  SINCE JAN 1      8.67                      5.57   3.10     5.24

SNOWFALL (IN)
  YESTERDAY        0.0                       0.5   -0.5      0.0
  MONTH TO DATE    5.2                       2.8    2.4      3.2
  SINCE MAR 1      5.2                       2.8    2.4      3.2
  SINCE JUL 1     30.4                      55.0  -24.6     25.0
  SNOW DEPTH       0

DEGREE DAYS
 HEATING
  YESTERDAY       13                        30    -17       30
  MONTH TO DATE  172                       184    -12      209
  SINCE MAR 1    172                       184    -12      209
  SINCE JUL 1   3483                      4401   -918     3800

 COOLING
  YESTERDAY        0                         0      0        0
  MONTH TO DATE    0                         0      0        0
  SINCE MAR 1      0                         0      0        0
  SINCE JAN 1      0                         0      0        0
..................................................................


WIND (MPH)
  HIGHEST WIND SPEED    24   HIGHEST WIND DIRECTION     S (200)
  HIGHEST GUST SPEED    32   HIGHEST GUST DIRECTION     S (180)
  AVERAGE WIND SPEED    13.5


SKY COVER
  POSSIBLE SUNSHINE  MM
  AVERAGE SKY COVER 1.0


WEATHER CONDITIONS
 THE FOLLOWING WEATHER WAS RECORDED YESTERDAY.
  LIGHT RAIN
  FOG
  HAZE


RELATIVE HUMIDITY (PERCENT)
 HIGHEST    83           900 PM
 LOWEST     38          1200 AM
 AVERAGE    61

..........................................................


THE CLEVELAND OH CLIMATE NORMALS FOR TODAY
                         NORMAL    RECORD    YEAR
 MAXIMUM TEMPERATURE (F)   43        76      2000
                                             1983
 MINIMUM TEMPERATURE (F)   27         3      1960


SUNRISE AND SUNSET
MARCH  7 2017.........SUNRISE   652 AM EST   SUNSET   625 PM EST
MARCH  8 2017.........SUNRISE   650 AM EST   SUNSET   626 PM EST


-  INDICATES NEGATIVE NUMBERS.
R  INDICATES RECORD WAS SET OR TIED.
MM INDICATES DATA IS MISSING.
T  INDICATES TRACE AMOUNT.




$$
