589
CDUS41 KCLE 130545
CLICLE


CLIMATE REPORT
NATIONAL WEATHER SERVICE CLEVELAND OH
145 AM EDT FRI OCT 13 2017


...................................

...THE CLEVELAND OH CLIMATE SUMMARY FOR OCTOBER 12 2017...

CLIMATE NORMAL PERIOD 1981 TO 2010
CLIMATE RECORD PERIOD 1871 TO 2017


WEATHER ITEM   OBSERVED TIME   RECORD YEAR NORMAL DEPARTURE LAST
                VALUE   (LST)  VALUE       VALUE  FROM      YEAR
                                                  NORMAL
..................................................................
TEMPERATURE (F)
 YESTERDAY
  MAXIMUM         70    127 PM  85    1893  64      6       78
  MINIMUM         58    450 AM  26    1876  46     12       50
  AVERAGE         64                        55      9       64

PRECIPITATION (IN)
  YESTERDAY        0.00                      0.10  -0.10      T
  MONTH TO DATE    2.88                      1.27   1.61     0.34
  SINCE SEP 1      3.69                      5.08  -1.39     5.72
  SINCE JAN 1     35.32                     30.62   4.70    29.09

SNOWFALL (IN)
  YESTERDAY        0.0                       0.0    0.0      0.0
  MONTH TO DATE    0.0                       0.0    0.0      0.0
  SINCE SEP 1      0.0                       0.0    0.0      0.0
  SINCE JUL 1      0.0                       0.0    0.0      0.0
  SNOW DEPTH       0

DEGREE DAYS
 HEATING
  YESTERDAY        1                        10     -9        1
  MONTH TO DATE   12                       105    -93       41
  SINCE SEP 1     60                       196   -136       52
  SINCE JUL 1     62                       208   -146       52

 COOLING
  YESTERDAY        0                         0      0        0
  MONTH TO DATE   40                        10     30       15
  SINCE SEP 1    217                        99    118      200
  SINCE JAN 1   1108                       814    294     1284
..................................................................


WIND (MPH)
  HIGHEST WIND SPEED    12   HIGHEST WIND DIRECTION     N (10)
  HIGHEST GUST SPEED    15   HIGHEST GUST DIRECTION     N (360)
  AVERAGE WIND SPEED     4.3


SKY COVER
  POSSIBLE SUNSHINE  MM
  AVERAGE SKY COVER 1.0


WEATHER CONDITIONS
 THE FOLLOWING WEATHER WAS RECORDED YESTERDAY.
  NO SIGNIFICANT WEATHER WAS OBSERVED.


RELATIVE HUMIDITY (PERCENT)
 HIGHEST    93          1100 PM
 LOWEST     66           200 PM
 AVERAGE    80

..........................................................


THE CLEVELAND OH CLIMATE NORMALS FOR TODAY
                         NORMAL    RECORD    YEAR
 MAXIMUM TEMPERATURE (F)   63        82      1969
 MINIMUM TEMPERATURE (F)   46        29      1875


SUNRISE AND SUNSET
OCTOBER 13 2017.......SUNRISE   737 AM EDT   SUNSET   649 PM EDT
OCTOBER 14 2017.......SUNRISE   738 AM EDT   SUNSET   648 PM EDT


-  INDICATES NEGATIVE NUMBERS.
R  INDICATES RECORD WAS SET OR TIED.
MM INDICATES DATA IS MISSING.
T  INDICATES TRACE AMOUNT.




$$
