000
CDUS41 KCLE 240546
CLICLE


CLIMATE REPORT
NATIONAL WEATHER SERVICE CLEVELAND OH
145 AM EDT SUN APR 24 2016


...................................

...THE CLEVELAND OH CLIMATE SUMMARY FOR APRIL 23 2016...

CLIMATE NORMAL PERIOD 1981 TO 2010
CLIMATE RECORD PERIOD 1871 TO 2016


WEATHER ITEM   OBSERVED TIME   RECORD YEAR NORMAL DEPARTURE LAST
                VALUE   (LST)  VALUE       VALUE  FROM      YEAR
                                                  NORMAL
..................................................................
TEMPERATURE (F)
 YESTERDAY
  MAXIMUM         53    535 PM  86    1985  62     -9       39
  MINIMUM         42    748 AM  27    1994  43     -1       30
                                      1986
                                      1875
  AVERAGE         48                        52     -4       35

PRECIPITATION (IN)
  YESTERDAY        0.00                      0.11  -0.11     0.08
  MONTH TO DATE    2.76                      2.75   0.01     2.63
  SINCE MAR 1      6.93                      5.68   1.25     4.60
  SINCE JAN 1     11.52                     10.74   0.78     9.40

SNOWFALL (IN)
  YESTERDAY        0.0                       0.0    0.0      0.8
  MONTH TO DATE    7.8                       3.1    4.7      0.9
  SINCE MAR 1     11.0                      15.7   -4.7      5.7
  SINCE JUL 1     32.8                      67.9  -35.1     67.1
  SNOW DEPTH       0

DEGREE DAYS
 HEATING
  YESTERDAY       17                        13      4       30
  MONTH TO DATE  424                       387     37      305
  SINCE MAR 1   1047                      1213   -166     1260
  SINCE JUL 1   4638                      5430   -792     6210

 COOLING
  YESTERDAY        0                         1     -1        0
  MONTH TO DATE    0                         3     -3        1
  SINCE MAR 1      0                         4     -4        1
  SINCE JAN 1      0                         4     -4        1
..................................................................


WIND (MPH)
  HIGHEST WIND SPEED    17   HIGHEST WIND DIRECTION     N (350)
  HIGHEST GUST SPEED    19   HIGHEST GUST DIRECTION     N (350)
  AVERAGE WIND SPEED     8.4


SKY COVER
  POSSIBLE SUNSHINE  MM
  AVERAGE SKY COVER 0.7


WEATHER CONDITIONS
 THE FOLLOWING WEATHER WAS RECORDED YESTERDAY.
  NO SIGNIFICANT WEATHER WAS OBSERVED.


RELATIVE HUMIDITY (PERCENT)
 HIGHEST    89           200 AM
 LOWEST     41           500 PM
 AVERAGE    65

..........................................................


THE CLEVELAND OH CLIMATE NORMALS FOR TODAY
                         NORMAL    RECORD    YEAR
 MAXIMUM TEMPERATURE (F)   63        88      1925
 MINIMUM TEMPERATURE (F)   43        27      2015


SUNRISE AND SUNSET
APRIL 24 2016.........SUNRISE   634 AM EDT   SUNSET   818 PM EDT
APRIL 25 2016.........SUNRISE   632 AM EDT   SUNSET   819 PM EDT


-  INDICATES NEGATIVE NUMBERS.
R  INDICATES RECORD WAS SET OR TIED.
MM INDICATES DATA IS MISSING.
T  INDICATES TRACE AMOUNT.




$$
