234
CDUS41 KCLE 050527
CLICLE


CLIMATE REPORT
NATIONAL WEATHER SERVICE CLEVELAND OH
1226 AM EST TUE DEC 5 2017


...................................

...THE CLEVELAND OH CLIMATE SUMMARY FOR DECEMBER 4 2017...

CLIMATE NORMAL PERIOD 1981 TO 2010
CLIMATE RECORD PERIOD 1871 TO 2017


WEATHER ITEM   OBSERVED TIME   RECORD YEAR NORMAL DEPARTURE LAST
                VALUE   (LST)  VALUE       VALUE  FROM      YEAR
                                                  NORMAL
..................................................................
TEMPERATURE (F)
 YESTERDAY
  MAXIMUM         59   1150 PM  70    1982  42     17       42
  MINIMUM         32    106 AM   3    2002  30      2       34
  AVERAGE         46                        36     10       38

PRECIPITATION (IN)
  YESTERDAY        T                         0.11  -0.11     0.11
  MONTH TO DATE    T                         0.42  -0.42     0.20
  SINCE DEC 1      T                         0.42  -0.42     0.20
  SINCE JAN 1     42.07                     36.46   5.61    34.02

SNOWFALL (IN)
  YESTERDAY        0.0                       0.4   -0.4      0.2
  MONTH TO DATE    0.0                       1.3   -1.3      0.2
  SINCE DEC 1      0.0                       1.3   -1.3      0.2
  SINCE JUL 1      0.8                       5.8   -5.0      1.1
  SNOW DEPTH       0

DEGREE DAYS
 HEATING
  YESTERDAY       19                        29    -10       27
  MONTH TO DATE   93                       112    -19      105
  SINCE DEC 1     93                       112    -19      105
  SINCE JUL 1    983                      1207   -224      821

 COOLING
  YESTERDAY        0                         0      0        0
  MONTH TO DATE    0                         0      0        0
  SINCE DEC 1      0                         0      0        0
  SINCE JAN 1   1113                       817    296     1320
..................................................................


WIND (MPH)
  HIGHEST WIND SPEED    26   HIGHEST WIND DIRECTION     S (190)
  HIGHEST GUST SPEED    39   HIGHEST GUST DIRECTION     S (170)
  AVERAGE WIND SPEED    14.1


SKY COVER
  POSSIBLE SUNSHINE  MM
  AVERAGE SKY COVER 0.9


WEATHER CONDITIONS
 THE FOLLOWING WEATHER WAS RECORDED YESTERDAY.
  LIGHT RAIN


RELATIVE HUMIDITY (PERCENT)
 HIGHEST    78          1200 AM
 LOWEST     41           100 PM
 AVERAGE    60

..........................................................


THE CLEVELAND OH CLIMATE NORMALS FOR TODAY
                         NORMAL    RECORD    YEAR
 MAXIMUM TEMPERATURE (F)   42        71      2001
 MINIMUM TEMPERATURE (F)   30         2      1871


SUNRISE AND SUNSET
DECEMBER  5 2017......SUNRISE   738 AM EST   SUNSET   458 PM EST
DECEMBER  6 2017......SUNRISE   739 AM EST   SUNSET   458 PM EST


-  INDICATES NEGATIVE NUMBERS.
R  INDICATES RECORD WAS SET OR TIED.
MM INDICATES DATA IS MISSING.
T  INDICATES TRACE AMOUNT.




$$
