000
CDUS41 KCLE 230530
CLICLE


CLIMATE REPORT
NATIONAL WEATHER SERVICE CLEVELAND OH
130 AM EDT TUE JUN 23 2015


...................................

...THE CLEVELAND OH CLIMATE SUMMARY FOR JUNE 22 2015...

CLIMATE NORMAL PERIOD 1981 TO 2010
CLIMATE RECORD PERIOD 1871 TO 2015


WEATHER ITEM   OBSERVED TIME   RECORD YEAR NORMAL DEPARTURE LAST
                VALUE   (LST)  VALUE       VALUE  FROM      YEAR
                                                  NORMAL
..................................................................
TEMPERATURE (F)
 YESTERDAY
  MAXIMUM         85    302 PM  98    1988  81      4       79
  MINIMUM         63    419 AM  39    1992  62      1       60
  AVERAGE         74                        71      3       70

PRECIPITATION (IN)
  YESTERDAY        0.78                      0.12   0.66      T
  MONTH TO DATE    4.29                      2.54   1.75     1.76
  SINCE JUN 1      4.29                      2.54   1.75     1.76
  SINCE JAN 1     17.92                     17.68   0.24    18.03

SNOWFALL (IN)
  YESTERDAY        0.0                       0.0    0.0      0.0
  MONTH TO DATE    0.0                       0.0    0.0      0.0
  SINCE JUN 1      0.0                       0.0    0.0      0.0
  SINCE JUL 1     67.1                      68.1   -1.0     86.1
  SNOW DEPTH       0

DEGREE DAYS
 HEATING
  YESTERDAY        0                         1     -1        0
  MONTH TO DATE   28                        38    -10       20
  SINCE JUN 1     28                        38    -10       20
  SINCE JUL 1   6521                      5758    763     6315

 COOLING
  YESTERDAY        9                         7      2        5
  MONTH TO DATE  125                       107     18      104
  SINCE JUN 1    125                       107     18      104
  SINCE JAN 1    246                       166     80      170
..................................................................


WIND (MPH)
  HIGHEST WIND SPEED    25   HIGHEST WIND DIRECTION    SW (240)
  HIGHEST GUST SPEED    35   HIGHEST GUST DIRECTION    SW (240)
  AVERAGE WIND SPEED     9.3


SKY COVER
  POSSIBLE SUNSHINE  MM
  AVERAGE SKY COVER 0.5


WEATHER CONDITIONS
 THE FOLLOWING WEATHER WAS RECORDED YESTERDAY.
  THUNDERSTORM
  HEAVY RAIN
  RAIN
  LIGHT RAIN
  FOG


RELATIVE HUMIDITY (PERCENT)
 HIGHEST    93           600 AM
 LOWEST     51          1000 AM
 AVERAGE    72

..........................................................


THE CLEVELAND OH CLIMATE NORMALS FOR TODAY
                         NORMAL    RECORD    YEAR
 MAXIMUM TEMPERATURE (F)   81        94      1948
 MINIMUM TEMPERATURE (F)   62        41      1963


SUNRISE AND SUNSET
JUNE 23 2015..........SUNRISE   554 AM EDT   SUNSET   905 PM EDT
JUNE 24 2015..........SUNRISE   555 AM EDT   SUNSET   905 PM EDT


-  INDICATES NEGATIVE NUMBERS.
R  INDICATES RECORD WAS SET OR TIED.
MM INDICATES DATA IS MISSING.
T  INDICATES TRACE AMOUNT.




$$
