446
CDUS41 KCLE 200536
CLICLE


CLIMATE REPORT
NATIONAL WEATHER SERVICE CLEVELAND OH
125 AM EDT THU APR 20 2017


...................................

...THE CLEVELAND OH CLIMATE SUMMARY FOR APRIL 19 2017...

CLIMATE NORMAL PERIOD 1981 TO 2010
CLIMATE RECORD PERIOD 1871 TO 2017


WEATHER ITEM   OBSERVED TIME   RECORD YEAR NORMAL DEPARTURE LAST
                VALUE   (LST)  VALUE       VALUE  FROM      YEAR
                                                  NORMAL
..................................................................
TEMPERATURE (F)
 YESTERDAY
  MAXIMUM         78    322 PM  84    1958  61     17       62
  MINIMUM         56   1159 PM  22    1887  42     14       45
  AVERAGE         67                        51     16       54

PRECIPITATION (IN)
  YESTERDAY        1.92                      0.12   1.80     0.00
  MONTH TO DATE    3.55                      2.30   1.25     2.62
  SINCE MAR 1      7.57                      5.23   2.34     6.79
  SINCE JAN 1     15.03                     10.29   4.74    11.38

SNOWFALL (IN)
  YESTERDAY        0.0                       0.1   -0.1      0.0
  MONTH TO DATE    2.8                       3.0   -0.2      7.8
  SINCE MAR 1     12.1                      15.6   -3.5     11.0
  SINCE JUL 1     37.3                      67.8  -30.5     32.8
  SNOW DEPTH       0

DEGREE DAYS
 HEATING
  YESTERDAY        0                        14    -14       11
  MONTH TO DATE  185                       333   -148      386
  SINCE MAR 1    976                      1159   -183     1009
  SINCE JUL 1   4287                      5376  -1089     4600

 COOLING
  YESTERDAY        2                         0      2        0
  MONTH TO DATE   18                         0     18        0
  SINCE MAR 1     18                         1     17        0
  SINCE JAN 1     18                         1     17        0
..................................................................


WIND (MPH)
  HIGHEST WIND SPEED    31   HIGHEST WIND DIRECTION    NE (30)
  HIGHEST GUST SPEED    44   HIGHEST GUST DIRECTION     N (20)
  AVERAGE WIND SPEED    11.2


SKY COVER
  POSSIBLE SUNSHINE  MM
  AVERAGE SKY COVER 0.9


WEATHER CONDITIONS
 THE FOLLOWING WEATHER WAS RECORDED YESTERDAY.
  THUNDERSTORM
  HEAVY RAIN
  RAIN
  LIGHT RAIN
  FOG


RELATIVE HUMIDITY (PERCENT)
 HIGHEST    90           900 PM
 LOWEST     29          1200 AM
 AVERAGE    60

..........................................................


THE CLEVELAND OH CLIMATE NORMALS FOR TODAY
                         NORMAL    RECORD    YEAR
 MAXIMUM TEMPERATURE (F)   61        83      1985
 MINIMUM TEMPERATURE (F)   42        23      1904


SUNRISE AND SUNSET
APRIL 20 2017.........SUNRISE   640 AM EDT   SUNSET   813 PM EDT
APRIL 21 2017.........SUNRISE   638 AM EDT   SUNSET   814 PM EDT


-  INDICATES NEGATIVE NUMBERS.
R  INDICATES RECORD WAS SET OR TIED.
MM INDICATES DATA IS MISSING.
T  INDICATES TRACE AMOUNT.




$$
