000
CDUS41 KCLE 270526
CLICLE


CLIMATE REPORT
NATIONAL WEATHER SERVICE CLEVELAND OH
1225 AM EST SAT DEC 27 2014


...................................

...THE CLEVELAND OH CLIMATE SUMMARY FOR DECEMBER 26 2014...

CLIMATE NORMAL PERIOD 1981 TO 2010
CLIMATE RECORD PERIOD 1871 TO 2014


WEATHER ITEM   OBSERVED TIME   RECORD YEAR NORMAL DEPARTURE LAST
                VALUE   (LST)  VALUE       VALUE  FROM      YEAR
                                                  NORMAL
..................................................................
TEMPERATURE (F)
 YESTERDAY
  MAXIMUM         49    431 PM  64    1875  36     13       33
  MINIMUM         33    640 AM  -8    1983  23     10       23
  AVERAGE         41                        30     11       28

PRECIPITATION (IN)
  YESTERDAY        0.00                      0.10  -0.10     0.04
  MONTH TO DATE    1.68                      2.61  -0.93     3.83
  SINCE DEC 1      1.68                      2.61  -0.93     3.83
  SINCE JAN 1     43.78                     38.65   5.13    41.58

SNOWFALL (IN)
  YESTERDAY        0.0                       0.5   -0.5      0.4
  MONTH TO DATE    0.9                      11.3  -10.4     13.1
  SINCE DEC 1      0.9                      11.3  -10.4     13.1
  SINCE JUL 1     20.3                      15.8    4.5     17.8
  SNOW DEPTH       0

DEGREE DAYS
 HEATING
  YESTERDAY       24                        36    -12       37
  MONTH TO DATE  738                       831    -93      854
  SINCE DEC 1    738                       831    -93      854
  SINCE JUL 1   2072                      1926    146     2003

 COOLING
  YESTERDAY        0                         0      0        0
  MONTH TO DATE    0                         0      0        0
  SINCE DEC 1      0                         0      0        0
  SINCE JAN 1    657                       817   -160      889
..................................................................


WIND (MPH)
  HIGHEST WIND SPEED    17   HIGHEST WIND DIRECTION     S (180)
  HIGHEST GUST SPEED    22   HIGHEST GUST DIRECTION     S (200)
  AVERAGE WIND SPEED    10.4


SKY COVER
  POSSIBLE SUNSHINE  MM
  AVERAGE SKY COVER 0.4


WEATHER CONDITIONS
 THE FOLLOWING WEATHER WAS RECORDED YESTERDAY.
  NO SIGNIFICANT WEATHER WAS OBSERVED.


RELATIVE HUMIDITY (PERCENT)
 HIGHEST    82           300 AM
 LOWEST     60           100 PM
 AVERAGE    71

..........................................................


THE CLEVELAND OH CLIMATE NORMALS FOR TODAY
                         NORMAL    RECORD    YEAR
 MAXIMUM TEMPERATURE (F)   35        65      2008
 MINIMUM TEMPERATURE (F)   23        -5      1944


SUNRISE AND SUNSET
DECEMBER 27 2014......SUNRISE   753 AM EST   SUNSET   505 PM EST
DECEMBER 28 2014......SUNRISE   753 AM EST   SUNSET   505 PM EST


-  INDICATES NEGATIVE NUMBERS.
R  INDICATES RECORD WAS SET OR TIED.
MM INDICATES DATA IS MISSING.
T  INDICATES TRACE AMOUNT.




$$
