276
CDUS41 KCLE 242212
CLICLE


CLIMATE REPORT
NATIONAL WEATHER SERVICE CLEVELAND OH
511 PM EST SAT FEB 24 2018


...................................

...THE CLEVELAND OH CLIMATE SUMMARY FOR FEBRUARY 24 2018...
VALID TODAY AS OF 0500 PM LOCAL TIME.

CLIMATE NORMAL PERIOD 1981 TO 2010
CLIMATE RECORD PERIOD 1871 TO 2018


WEATHER ITEM   OBSERVED TIME   RECORD YEAR NORMAL DEPARTURE LAST
                VALUE   (LST)  VALUE       VALUE  FROM      YEAR
                                                  NORMAL
..................................................................
TEMPERATURE (F)
 TODAY
  MAXIMUM         47    133 AM  77    2017  40      7       77
  MINIMUM         37    752 AM  -7    1889  25     12       45
  AVERAGE         42                        32     10       61

PRECIPITATION (IN)
  TODAY            0.24                      0.09   0.15     0.30
  MONTH TO DATE    2.81                      1.98   0.83     2.48
  SINCE DEC 1      6.81                      7.80  -0.99     9.91
  SINCE JAN 1      5.08                      4.70   0.38     7.26

SNOWFALL (IN)
  TODAY            0.0                       0.5   -0.5      0.0
  MONTH TO DATE    7.1                      12.8   -5.7      2.9
  SINCE DEC 1     36.3                      45.6   -9.3     24.0
  SINCE JUL 1     37.1                      50.1  -13.0     24.9
  SNOW DEPTH       0

DEGREE DAYS
 HEATING
  TODAY           23                        33    -10        4
  MONTH TO DATE  737                       836    -99      570
  SINCE DEC 1   3026                      2993     33     2507
  SINCE JUL 1   3916                      4088   -172     3223

 COOLING
  TODAY            0                         0      0        0
  MONTH TO DATE    3                         0      3        0
  SINCE DEC 1      3                         0      3        0
  SINCE JAN 1      3                         0      3        0
..................................................................


WIND (MPH)
  HIGHEST WIND SPEED    18   HIGHEST WIND DIRECTION    NE (40)
  HIGHEST GUST SPEED    23   HIGHEST GUST DIRECTION    NE (50)


SKY COVER
  POSSIBLE SUNSHINE  MM
  AVERAGE SKY COVER 1.0


WEATHER CONDITIONS
 THE FOLLOWING WEATHER WAS RECORDED TODAY.
  LIGHT RAIN
  FOG


RELATIVE HUMIDITY (PERCENT)
 HIGHEST    93          1200 AM
 LOWEST     83           300 AM
 AVERAGE    88

..........................................................


THE CLEVELAND OH CLIMATE NORMALS FOR TOMORROW
                         NORMAL    RECORD    YEAR
 MAXIMUM TEMPERATURE (F)   40        70      1930
 MINIMUM TEMPERATURE (F)   25        -5      1993


SUNRISE AND SUNSET
FEBRUARY 24 2018......SUNRISE   710 AM EST   SUNSET   612 PM EST
FEBRUARY 25 2018......SUNRISE   708 AM EST   SUNSET   613 PM EST


-  INDICATES NEGATIVE NUMBERS.
R  INDICATES RECORD WAS SET OR TIED.
MM INDICATES DATA IS MISSING.
T  INDICATES TRACE AMOUNT.




$$
