000
CDUS41 KCLE 010545
CLICLE


CLIMATE REPORT
NATIONAL WEATHER SERVICE CLEVELAND OH
145 AM EDT SUN OCT 1 2017


...................................

...THE CLEVELAND OH CLIMATE SUMMARY FOR SEPTEMBER 30 2017...

CLIMATE NORMAL PERIOD 1981 TO 2010
CLIMATE RECORD PERIOD 1871 TO 2017


WEATHER ITEM   OBSERVED TIME   RECORD YEAR NORMAL DEPARTURE LAST
                VALUE   (LST)  VALUE       VALUE  FROM      YEAR
                                                  NORMAL
..................................................................
TEMPERATURE (F)
 YESTERDAY
  MAXIMUM         63   1159 AM  86    1881  68     -5       64
                                      1877
  MINIMUM         46   1148 PM  35    1963  51     -5       61
  AVERAGE         55                        59     -4       63

PRECIPITATION (IN)
  YESTERDAY        0.00                      0.12  -0.12     0.52
  MONTH TO DATE    0.81                      3.81  -3.00     5.38
  SINCE SEP 1      0.81                      3.81  -3.00     5.38
  SINCE JAN 1     32.44                     29.35   3.09    28.75

SNOWFALL (IN)
  YESTERDAY        0.0                       0.0    0.0      0.0
  MONTH TO DATE    0.0                       0.0    0.0      0.0
  SINCE SEP 1      0.0                       0.0    0.0      0.0
  SINCE JUL 1      0.0                       0.0    0.0      0.0
  SNOW DEPTH       0

DEGREE DAYS
 HEATING
  YESTERDAY       10                         7      3        2
  MONTH TO DATE   48                        91    -43       11
  SINCE SEP 1     48                        91    -43       11
  SINCE JUL 1     50                       103    -53       11

 COOLING
  YESTERDAY        0                         1     -1        0
  MONTH TO DATE  177                        89     88      185
  SINCE SEP 1    177                        89     88      185
  SINCE JAN 1   1068                       804    264     1269
..................................................................


WIND (MPH)
  HIGHEST WIND SPEED    20   HIGHEST WIND DIRECTION     N (10)
  HIGHEST GUST SPEED    25   HIGHEST GUST DIRECTION     N (10)
  AVERAGE WIND SPEED    11.2


SKY COVER
  POSSIBLE SUNSHINE  MM
  AVERAGE SKY COVER 0.5


WEATHER CONDITIONS
 THE FOLLOWING WEATHER WAS RECORDED YESTERDAY.
  NO SIGNIFICANT WEATHER WAS OBSERVED.


RELATIVE HUMIDITY (PERCENT)
 HIGHEST    71          1100 PM
 LOWEST     46           100 PM
 AVERAGE    59

..........................................................


THE CLEVELAND OH CLIMATE NORMALS FOR TODAY
                         NORMAL    RECORD    YEAR
 MAXIMUM TEMPERATURE (F)   68        87      1952
 MINIMUM TEMPERATURE (F)   50        34      1960
                                             1947


SUNRISE AND SUNSET
OCTOBER  1 2017.......SUNRISE   724 AM EDT   SUNSET   709 PM EDT
OCTOBER  2 2017.......SUNRISE   725 AM EDT   SUNSET   707 PM EDT


-  INDICATES NEGATIVE NUMBERS.
R  INDICATES RECORD WAS SET OR TIED.
MM INDICATES DATA IS MISSING.
T  INDICATES TRACE AMOUNT.




$$
