000
CDUS41 KCLE 070534
CLICLE


CLIMATE REPORT
NATIONAL WEATHER SERVICE CLEVELAND OH
134 AM EDT WED SEP 7 2016


...................................

...THE CLEVELAND OH CLIMATE SUMMARY FOR SEPTEMBER 6 2016...

CLIMATE NORMAL PERIOD 1981 TO 2010
CLIMATE RECORD PERIOD 1871 TO 2016


WEATHER ITEM   OBSERVED TIME   RECORD YEAR NORMAL DEPARTURE LAST
                VALUE   (LST)  VALUE       VALUE  FROM      YEAR
                                                  NORMAL
..................................................................
TEMPERATURE (F)
 YESTERDAY
  MAXIMUM         94    339 PM  98    1954  77     17       88
                                      1881
  MINIMUM         67    114 AM  40    1976  59      8       67
  AVERAGE         81                        68     13       78

PRECIPITATION (IN)
  YESTERDAY        T                         0.12  -0.12     0.15
  MONTH TO DATE    0.11                      0.72  -0.61     1.66
  SINCE SEP 1      0.11                      0.72  -0.61     1.66
  SINCE JAN 1     23.48                     26.26  -2.78    29.38

SNOWFALL (IN)
  YESTERDAY        0.0                       0.0    0.0      0.0
  MONTH TO DATE    0.0                       0.0    0.0      0.0
  SINCE SEP 1      0.0                       0.0    0.0      0.0
  SINCE JUL 1      0.0                       0.0    0.0      0.0
  SNOW DEPTH       0

DEGREE DAYS
 HEATING
  YESTERDAY        0                         1     -1        0
  MONTH TO DATE    0                         6     -6        0
  SINCE SEP 1      0                         6     -6        0
  SINCE JUL 1      0                        18    -18       14

 COOLING
  YESTERDAY       16                         4     12       13
  MONTH TO DATE   44                        29     15       76
  SINCE SEP 1     44                        29     15       76
  SINCE JAN 1   1128                       744    384      745
..................................................................


WIND (MPH)
  HIGHEST WIND SPEED    17   HIGHEST WIND DIRECTION     W (250)
  HIGHEST GUST SPEED    23   HIGHEST GUST DIRECTION     W (280)
  AVERAGE WIND SPEED     7.1


SKY COVER
  POSSIBLE SUNSHINE  MM
  AVERAGE SKY COVER 0.5


WEATHER CONDITIONS
 THE FOLLOWING WEATHER WAS RECORDED YESTERDAY.
  NO SIGNIFICANT WEATHER WAS OBSERVED.


RELATIVE HUMIDITY (PERCENT)
 HIGHEST    70           100 AM
 LOWEST     41           200 PM
 AVERAGE    56

..........................................................


THE CLEVELAND OH CLIMATE NORMALS FOR TODAY
                         NORMAL    RECORD    YEAR
 MAXIMUM TEMPERATURE (F)   77        94      1939
 MINIMUM TEMPERATURE (F)   59        43      1962


SUNRISE AND SUNSET
SEPTEMBER  7 2016.....SUNRISE   700 AM EDT   SUNSET   749 PM EDT
SEPTEMBER  8 2016.....SUNRISE   701 AM EDT   SUNSET   748 PM EDT


-  INDICATES NEGATIVE NUMBERS.
R  INDICATES RECORD WAS SET OR TIED.
MM INDICATES DATA IS MISSING.
T  INDICATES TRACE AMOUNT.




$$
