000
CDUS41 KCLE 170539
CLICLE


CLIMATE REPORT
NATIONAL WEATHER SERVICE CLEVELAND OH
1238 AM EST MON NOV 17 2014


...................................

...THE CLEVELAND OH CLIMATE SUMMARY FOR NOVEMBER 16 2014...

CLIMATE NORMAL PERIOD 1981 TO 2010
CLIMATE RECORD PERIOD 1871 TO 2014


WEATHER ITEM   OBSERVED TIME   RECORD YEAR NORMAL DEPARTURE LAST
                VALUE   (LST)  VALUE       VALUE  FROM      YEAR
                                                  NORMAL
..................................................................
TEMPERATURE (F)
 YESTERDAY
  MAXIMUM         34    648 PM  72    1931  51    -17       62
  MINIMUM         28    345 AM  12    1933  37     -9       41
  AVERAGE         31                        44    -13       52

PRECIPITATION (IN)
  YESTERDAY        0.07                      0.12  -0.05     0.00
  MONTH TO DATE    1.98                      1.91   0.07     1.72
  SINCE SEP 1      9.29                      8.79   0.50     8.38
  SINCE JAN 1     40.40                     34.33   6.07    36.59

SNOWFALL (IN)
  YESTERDAY        0.7                       0.2    0.5      0.0
  MONTH TO DATE    7.6                       1.6    6.0      3.1
  SINCE SEP 1      7.6                       1.8    5.8      3.1
  SINCE JUL 1      7.6                       1.8    5.8      3.1
  SNOW DEPTH       2

DEGREE DAYS
 HEATING
  YESTERDAY       34                        21     13       13
  MONTH TO DATE  383                       296     87      327
  SINCE SEP 1    858                       744    114      731
  SINCE JUL 1    883                       756    127      738

 COOLING
  YESTERDAY        0                         0      0        0
  MONTH TO DATE    0                         0      0        0
  SINCE SEP 1     67                       101    -34      127
  SINCE JAN 1    657                       816   -159      889
..................................................................


WIND (MPH)
  HIGHEST WIND SPEED    13   HIGHEST WIND DIRECTION    SW (210)
  HIGHEST GUST SPEED    15   HIGHEST GUST DIRECTION     S (200)
  AVERAGE WIND SPEED     5.4


SKY COVER
  POSSIBLE SUNSHINE  MM
  AVERAGE SKY COVER 1.0


WEATHER CONDITIONS
 THE FOLLOWING WEATHER WAS RECORDED YESTERDAY.
  LIGHT SNOW
  FOG
  HAZE


RELATIVE HUMIDITY (PERCENT)
 HIGHEST    92           900 PM
 LOWEST     56          1100 AM
 AVERAGE    74

..........................................................


THE CLEVELAND OH CLIMATE NORMALS FOR TODAY
                         NORMAL    RECORD    YEAR
 MAXIMUM TEMPERATURE (F)   50        72      1954
                                             1931
 MINIMUM TEMPERATURE (F)   37        14      1959


SUNRISE AND SUNSET
NOVEMBER 17 2014......SUNRISE   718 AM EST   SUNSET   506 PM EST
NOVEMBER 18 2014......SUNRISE   719 AM EST   SUNSET   505 PM EST


-  INDICATES NEGATIVE NUMBERS.
R  INDICATES RECORD WAS SET OR TIED.
MM INDICATES DATA IS MISSING.
T  INDICATES TRACE AMOUNT.




$$
