000
CDUS41 KCLE 162110
CLICLE


CLIMATE REPORT
NATIONAL WEATHER SERVICE CLEVELAND OH
510 PM EDT SAT MAY 16 2015


...................................

...THE CLEVELAND OH CLIMATE SUMMARY FOR MAY 16 2015...
VALID TODAY AS OF 0500 PM LOCAL TIME.

CLIMATE NORMAL PERIOD 1981 TO 2010
CLIMATE RECORD PERIOD 1871 TO 2015


WEATHER ITEM   OBSERVED TIME   RECORD YEAR NORMAL DEPARTURE LAST
                VALUE   (LST)  VALUE       VALUE  FROM      YEAR
                                                  NORMAL
..................................................................
TEMPERATURE (F)
 TODAY
  MAXIMUM         73    128 PM  89    1991  70      3       51
  MINIMUM         67    756 AM  29    1984  50     17       40
  AVERAGE         70                        60     10       46

PRECIPITATION (IN)
  TODAY            0.01                      0.12  -0.11     0.01
  MONTH TO DATE    1.11                      1.81  -0.70     3.90
  SINCE MAR 1      5.85                      8.23  -2.38    11.06
  SINCE JAN 1     10.65                     13.29  -2.64    16.09

SNOWFALL (IN)
  TODAY            0.0                       0.0    0.0      0.0
  MONTH TO DATE    0.0                       0.1   -0.1      0.0
  SINCE MAR 1      5.7                      16.0  -10.3     16.4
  SINCE JUL 1     67.1                      68.2   -1.1     86.1
  SNOW DEPTH       0

DEGREE DAYS
 HEATING
  TODAY            0                         7     -7       19
  MONTH TO DATE   73                       136    -63      112
  SINCE MAR 1   1478                      1430     48     1546
  SINCE JUL 1   6428                      5647    781     6227

 COOLING
  TODAY            5                         1      4        0
  MONTH TO DATE   55                        16     39       36
  SINCE MAR 1     56                        27     29       43
  SINCE JAN 1     56                        27     29       43
..................................................................


WIND (MPH)
  HIGHEST WIND SPEED    13   HIGHEST WIND DIRECTION    SW (210)
  HIGHEST GUST SPEED    18   HIGHEST GUST DIRECTION    SW (220)


SKY COVER
  POSSIBLE SUNSHINE  MM
  AVERAGE SKY COVER 0.8


WEATHER CONDITIONS
 THE FOLLOWING WEATHER WAS RECORDED TODAY.
  LIGHT RAIN


RELATIVE HUMIDITY (PERCENT)
 HIGHEST    87           600 AM
 LOWEST     73          1200 AM
 AVERAGE    80

..........................................................


THE CLEVELAND OH CLIMATE NORMALS FOR TOMORROW
                         NORMAL    RECORD    YEAR
 MAXIMUM TEMPERATURE (F)   70        90      1962
 MINIMUM TEMPERATURE (F)   50        33      1979
                                             1895


SUNRISE AND SUNSET
MAY 16 2015...........SUNRISE   608 AM EDT   SUNSET   840 PM EDT
MAY 17 2015...........SUNRISE   607 AM EDT   SUNSET   841 PM EDT


-  INDICATES NEGATIVE NUMBERS.
R  INDICATES RECORD WAS SET OR TIED.
MM INDICATES DATA IS MISSING.
T  INDICATES TRACE AMOUNT.




$$
