000
CDUS41 KCLE 080532
CLICLE


CLIMATE REPORT
NATIONAL WEATHER SERVICE CLEVELAND OH
131 AM EDT THU SEP 8 2016


...................................

...THE CLEVELAND OH CLIMATE SUMMARY FOR SEPTEMBER 7 2016...

CLIMATE NORMAL PERIOD 1981 TO 2010
CLIMATE RECORD PERIOD 1871 TO 2016


WEATHER ITEM   OBSERVED TIME   RECORD YEAR NORMAL DEPARTURE LAST
                VALUE   (LST)  VALUE       VALUE  FROM      YEAR
                                                  NORMAL
..................................................................
TEMPERATURE (F)
 YESTERDAY
  MAXIMUM         94R   337 PM  94    1939  77     17       90
  MINIMUM         75    638 AM  43    1962  59     16       70
  AVERAGE         85                        68     17       80

PRECIPITATION (IN)
  YESTERDAY        0.59                      0.12   0.47     0.00
  MONTH TO DATE    0.70                      0.84  -0.14     1.66
  SINCE SEP 1      0.70                      0.84  -0.14     1.66
  SINCE JAN 1     24.07                     26.38  -2.31    29.38

SNOWFALL (IN)
  YESTERDAY        0.0                       0.0    0.0      0.0
  MONTH TO DATE    0.0                       0.0    0.0      0.0
  SINCE SEP 1      0.0                       0.0    0.0      0.0
  SINCE JUL 1      0.0                       0.0    0.0      0.0
  SNOW DEPTH       0

DEGREE DAYS
 HEATING
  YESTERDAY        0                         1     -1        0
  MONTH TO DATE    0                         7     -7        0
  SINCE SEP 1      0                         7     -7        0
  SINCE JUL 1      0                        19    -19       14

 COOLING
  YESTERDAY       20                         4     16       15
  MONTH TO DATE   64                        33     31       91
  SINCE SEP 1     64                        33     31       91
  SINCE JAN 1   1148                       748    400      760
..................................................................


WIND (MPH)
  HIGHEST WIND SPEED    18   HIGHEST WIND DIRECTION     W (290)
  HIGHEST GUST SPEED    23   HIGHEST GUST DIRECTION     W (290)
  AVERAGE WIND SPEED     7.1


SKY COVER
  POSSIBLE SUNSHINE  MM
  AVERAGE SKY COVER 0.6


WEATHER CONDITIONS
 THE FOLLOWING WEATHER WAS RECORDED YESTERDAY.
  HEAVY RAIN
  LIGHT RAIN
  HAZE


RELATIVE HUMIDITY (PERCENT)
 HIGHEST    87           700 AM
 LOWEST     46           300 PM
 AVERAGE    67

..........................................................


THE CLEVELAND OH CLIMATE NORMALS FOR TODAY
                         NORMAL    RECORD    YEAR
 MAXIMUM TEMPERATURE (F)   77        95      1978
 MINIMUM TEMPERATURE (F)   59        41      1951


SUNRISE AND SUNSET
SEPTEMBER  8 2016.....SUNRISE   701 AM EDT   SUNSET   748 PM EDT
SEPTEMBER  9 2016.....SUNRISE   702 AM EDT   SUNSET   746 PM EDT


-  INDICATES NEGATIVE NUMBERS.
R  INDICATES RECORD WAS SET OR TIED.
MM INDICATES DATA IS MISSING.
T  INDICATES TRACE AMOUNT.




$$
