000
CDUS41 KCLE 300527
CLICLE


CLIMATE REPORT
NATIONAL WEATHER SERVICE CLEVELAND OH
126 AM EDT SAT SEP 30 2017


...................................

...THE CLEVELAND OH CLIMATE SUMMARY FOR SEPTEMBER 29 2017...

CLIMATE NORMAL PERIOD 1981 TO 2010
CLIMATE RECORD PERIOD 1871 TO 2017


WEATHER ITEM   OBSERVED TIME   RECORD YEAR NORMAL DEPARTURE LAST
                VALUE   (LST)  VALUE       VALUE  FROM      YEAR
                                                  NORMAL
..................................................................
TEMPERATURE (F)
 YESTERDAY
  MAXIMUM         72    149 PM  95    1953  69      3       68
  MINIMUM         47    553 AM  32    1942  51     -4       58
  AVERAGE         60                        60      0       63

PRECIPITATION (IN)
  YESTERDAY        0.00                      0.13  -0.13     0.93
  MONTH TO DATE    0.81                      3.69  -2.88     4.86
  SINCE SEP 1      0.81                      3.69  -2.88     4.86
  SINCE JAN 1     32.44                     29.23   3.21    28.23

SNOWFALL (IN)
  YESTERDAY        0.0                       0.0    0.0      0.0
  MONTH TO DATE    0.0                       0.0    0.0      0.0
  SINCE SEP 1      0.0                       0.0    0.0      0.0
  SINCE JUL 1      0.0                       0.0    0.0      0.0
  SNOW DEPTH       0

DEGREE DAYS
 HEATING
  YESTERDAY        5                         7     -2        2
  MONTH TO DATE   38                        84    -46        9
  SINCE SEP 1     38                        84    -46        9
  SINCE JUL 1     40                        96    -56        9

 COOLING
  YESTERDAY        0                         1     -1        0
  MONTH TO DATE  177                        86     91      185
  SINCE SEP 1    177                        86     91      185
  SINCE JAN 1   1068                       801    267     1269
..................................................................


WIND (MPH)
  HIGHEST WIND SPEED    26   HIGHEST WIND DIRECTION     W (250)
  HIGHEST GUST SPEED    33   HIGHEST GUST DIRECTION     W (290)
  AVERAGE WIND SPEED    13.2


SKY COVER
  POSSIBLE SUNSHINE  MM
  AVERAGE SKY COVER 0.6


WEATHER CONDITIONS
 THE FOLLOWING WEATHER WAS RECORDED YESTERDAY.
  NO SIGNIFICANT WEATHER WAS OBSERVED.


RELATIVE HUMIDITY (PERCENT)
 HIGHEST    86           300 AM
 LOWEST     40           400 PM
 AVERAGE    63

..........................................................


THE CLEVELAND OH CLIMATE NORMALS FOR TODAY
                         NORMAL    RECORD    YEAR
 MAXIMUM TEMPERATURE (F)   68        86      1881
                                             1877
 MINIMUM TEMPERATURE (F)   51        35      1963


SUNRISE AND SUNSET
SEPTEMBER 30 2017.....SUNRISE   723 AM EDT   SUNSET   710 PM EDT
OCTOBER  1 2017.......SUNRISE   724 AM EDT   SUNSET   709 PM EDT


-  INDICATES NEGATIVE NUMBERS.
R  INDICATES RECORD WAS SET OR TIED.
MM INDICATES DATA IS MISSING.
T  INDICATES TRACE AMOUNT.




$$
