000
CDUS41 KCLE 110527
CLICLE


CLIMATE REPORT
NATIONAL WEATHER SERVICE CLEVELAND OH
127 AM EDT MON APR 11 2016


...................................

...THE CLEVELAND OH CLIMATE SUMMARY FOR APRIL 10 2016...

CLIMATE NORMAL PERIOD 1981 TO 2010
CLIMATE RECORD PERIOD 1871 TO 2016


WEATHER ITEM   OBSERVED TIME   RECORD YEAR NORMAL DEPARTURE LAST
                VALUE   (LST)  VALUE       VALUE  FROM      YEAR
                                                  NORMAL
..................................................................
TEMPERATURE (F)
 YESTERDAY
  MAXIMUM         48   1159 PM  83    1978  57     -9       70
                                      1945
  MINIMUM         23    303 AM  20    1997  39    -16       42
  AVERAGE         36                        48    -12       56

PRECIPITATION (IN)
  YESTERDAY        0.08                      0.12  -0.04     0.09
  MONTH TO DATE    2.27                      1.21   1.06     2.05
  SINCE MAR 1      6.44                      4.14   2.30     4.02
  SINCE JAN 1     11.03                      9.20   1.83     8.82

SNOWFALL (IN)
  YESTERDAY        T                         0.1   -0.1      0.0
  MONTH TO DATE    7.8                       1.9    5.9      0.1
  SINCE MAR 1     11.0                      14.5   -3.5      4.9
  SINCE JUL 1     32.8                      66.7  -33.9     66.3
  SNOW DEPTH       2

DEGREE DAYS
 HEATING
  YESTERDAY       29                        17     12        9
  MONTH TO DATE  257                       192     65      150
  SINCE MAR 1    880                      1018   -138     1105
  SINCE JUL 1   4471                      5235   -764     6055

 COOLING
  YESTERDAY        0                         0      0        0
  MONTH TO DATE    0                         0      0        0
  SINCE MAR 1      0                         1     -1        0
  SINCE JAN 1      0                         1     -1        0
..................................................................


WIND (MPH)
  HIGHEST WIND SPEED    22   HIGHEST WIND DIRECTION     S (160)
  HIGHEST GUST SPEED    31   HIGHEST GUST DIRECTION    SE (150)
  AVERAGE WIND SPEED    12.9


SKY COVER
  POSSIBLE SUNSHINE  MM
  AVERAGE SKY COVER 0.8


WEATHER CONDITIONS
 THE FOLLOWING WEATHER WAS RECORDED YESTERDAY.
  LIGHT RAIN
  LIGHT SNOW


RELATIVE HUMIDITY (PERCENT)
 HIGHEST    88           100 AM
 LOWEST     57           800 PM
 AVERAGE    73

..........................................................


THE CLEVELAND OH CLIMATE NORMALS FOR TODAY
                         NORMAL    RECORD    YEAR
 MAXIMUM TEMPERATURE (F)   57        82      1945
                                             1930
 MINIMUM TEMPERATURE (F)   39        22      1882


SUNRISE AND SUNSET
APRIL 11 2016.........SUNRISE   653 AM EDT   SUNSET   804 PM EDT
APRIL 12 2016.........SUNRISE   652 AM EDT   SUNSET   805 PM EDT


-  INDICATES NEGATIVE NUMBERS.
R  INDICATES RECORD WAS SET OR TIED.
MM INDICATES DATA IS MISSING.
T  INDICATES TRACE AMOUNT.




$$
