000
CDUS41 KCLE 050545
CLICLE


CLIMATE REPORT
NATIONAL WEATHER SERVICE CLEVELAND OH
145 AM EDT FRI SEP 5 2014


...................................

...THE CLEVELAND OH CLIMATE SUMMARY FOR SEPTEMBER 4 2014...

CLIMATE NORMAL PERIOD 1981 TO 2010
CLIMATE RECORD PERIOD 1871 TO 2014


WEATHER ITEM   OBSERVED TIME   RECORD YEAR NORMAL DEPARTURE LAST
                VALUE   (LST)  VALUE       VALUE  FROM      YEAR
                                                  NORMAL
..................................................................
TEMPERATURE (F)
 YESTERDAY
  MAXIMUM         86    421 PM  95    1953  78      8       79
  MINIMUM         62    524 AM  40    1946  60      2       54
  AVERAGE         74                        69      5       67

PRECIPITATION (IN)
  YESTERDAY        0.00                      0.11  -0.11     0.00
  MONTH TO DATE    0.01                      0.48  -0.47      T
  SINCE SEP 1      0.01                      0.48  -0.47      T
  SINCE JAN 1     31.12                     26.02   5.10    28.21

SNOWFALL (IN)
  YESTERDAY        0.0                       0.0    0.0      0.0
  MONTH TO DATE    0.0                       0.0    0.0      0.0
  SINCE SEP 1      0.0                       0.0    0.0      0.0
  SINCE JUL 1      0.0                       0.0    0.0      0.0
  SNOW DEPTH       0

DEGREE DAYS
 HEATING
  YESTERDAY        0                         1     -1        0
  MONTH TO DATE    0                         4     -4        2
  SINCE SEP 1      0                         4     -4        2
  SINCE JUL 1     25                        16      9        9

 COOLING
  YESTERDAY        9                         5      4        2
  MONTH TO DATE   34                        20     14       23
  SINCE SEP 1     34                        20     14       23
  SINCE JAN 1    624                       735   -111      785
..................................................................


WIND (MPH)
  HIGHEST WIND SPEED    16   HIGHEST WIND DIRECTION    SW (230)
  HIGHEST GUST SPEED    21   HIGHEST GUST DIRECTION     S (190)
  AVERAGE WIND SPEED     7.3


SKY COVER
  POSSIBLE SUNSHINE  MM
  AVERAGE SKY COVER 0.3


WEATHER CONDITIONS
 THE FOLLOWING WEATHER WAS RECORDED YESTERDAY.
  NO SIGNIFICANT WEATHER WAS OBSERVED.


RELATIVE HUMIDITY (PERCENT)
 HIGHEST    93           500 AM
 LOWEST     44           200 PM
 AVERAGE    69

..........................................................


THE CLEVELAND OH CLIMATE NORMALS FOR TODAY
                         NORMAL    RECORD    YEAR
 MAXIMUM TEMPERATURE (F)   78        99      1954
 MINIMUM TEMPERATURE (F)   60        44      1974


SUNRISE AND SUNSET
SEPTEMBER  5 2014.....SUNRISE   658 AM EDT   SUNSET   754 PM EDT
SEPTEMBER  6 2014.....SUNRISE   659 AM EDT   SUNSET   752 PM EDT


-  INDICATES NEGATIVE NUMBERS.
R  INDICATES RECORD WAS SET OR TIED.
MM INDICATES DATA IS MISSING.
T  INDICATES TRACE AMOUNT.




$$
