941
CDUS41 KCLE 090545
CLICLE


CLIMATE REPORT
NATIONAL WEATHER SERVICE CLEVELAND OH
145 AM EDT WED AUG 9 2017


...................................

...THE CLEVELAND OH CLIMATE SUMMARY FOR AUGUST 8 2017...

CLIMATE NORMAL PERIOD 1981 TO 2010
CLIMATE RECORD PERIOD 1871 TO 2017


WEATHER ITEM   OBSERVED TIME   RECORD YEAR NORMAL DEPARTURE LAST
                VALUE   (LST)  VALUE       VALUE  FROM      YEAR
                                                  NORMAL
..................................................................
TEMPERATURE (F)
 YESTERDAY
  MAXIMUM         81    459 PM  96    1941  82     -1       86
  MINIMUM         62   1159 PM  47    1975  64     -2       62
  AVERAGE         72                        73     -1       74

PRECIPITATION (IN)
  YESTERDAY        0.00                      0.12  -0.12     0.00
  MONTH TO DATE    0.61                      0.94  -0.33      T
  SINCE JUN 1      8.93                      7.83   1.10     3.94
  SINCE JAN 1     30.99                     22.97   8.02    19.87

SNOWFALL (IN)
  YESTERDAY        0.0                       0.0    0.0      0.0
  MONTH TO DATE    0.0                       0.0    0.0      0.0
  SINCE JUN 1      0.0                       0.0    0.0      0.0
  SINCE JUL 1      0.0                       0.0    0.0      0.0
  SNOW DEPTH       0

DEGREE DAYS
 HEATING
  YESTERDAY        0                         0      0        0
  MONTH TO DATE    0                         0      0        0
  SINCE JUN 1     17                        46    -29       13
  SINCE JUL 1      0                         4     -4        0

 COOLING
  YESTERDAY        7                         8     -1        9
  MONTH TO DATE   65                        64      1      104
  SINCE JUN 1    624                       497    127      703
  SINCE JAN 1    712                       556    156      784
..................................................................


WIND (MPH)
  HIGHEST WIND SPEED    14   HIGHEST WIND DIRECTION     N (360)
  HIGHEST GUST SPEED    19   HIGHEST GUST DIRECTION     N (360)
  AVERAGE WIND SPEED     7.7


SKY COVER
  POSSIBLE SUNSHINE  MM
  AVERAGE SKY COVER 0.2


WEATHER CONDITIONS
 THE FOLLOWING WEATHER WAS RECORDED YESTERDAY.
  NO SIGNIFICANT WEATHER WAS OBSERVED.


RELATIVE HUMIDITY (PERCENT)
 HIGHEST    73          1200 AM
 LOWEST     33           400 PM
 AVERAGE    53

..........................................................


THE CLEVELAND OH CLIMATE NORMALS FOR TODAY
                         NORMAL    RECORD    YEAR
 MAXIMUM TEMPERATURE (F)   82        96      1949
                                             1891
 MINIMUM TEMPERATURE (F)   64        50      1972


SUNRISE AND SUNSET
AUGUST  9 2017........SUNRISE   631 AM EDT   SUNSET   834 PM EDT
AUGUST 10 2017........SUNRISE   632 AM EDT   SUNSET   833 PM EDT


-  INDICATES NEGATIVE NUMBERS.
R  INDICATES RECORD WAS SET OR TIED.
MM INDICATES DATA IS MISSING.
T  INDICATES TRACE AMOUNT.




$$
