000
CDUS41 KCLE 010541
CLICLE


CLIMATE REPORT
NATIONAL WEATHER SERVICE CLEVELAND OH
140 AM EDT WED NOV 1 2017


...................................

...THE CLEVELAND OH CLIMATE SUMMARY FOR OCTOBER 31 2017...

CLIMATE NORMAL PERIOD 1981 TO 2010
CLIMATE RECORD PERIOD 1871 TO 2017


WEATHER ITEM   OBSERVED TIME   RECORD YEAR NORMAL DEPARTURE LAST
                VALUE   (LST)  VALUE       VALUE  FROM      YEAR
                                                  NORMAL
..................................................................
TEMPERATURE (F)
 YESTERDAY
  MAXIMUM         45    104 PM  82    1950  57    -12       55
  MINIMUM         33   1041 PM  19    1988  41     -8       39
  AVERAGE         39                        49    -10       47

PRECIPITATION (IN)
  YESTERDAY        0.00                      0.10  -0.10     0.00
  MONTH TO DATE    3.68                      3.07   0.61     2.96
  SINCE SEP 1      4.49                      6.88  -2.39     8.34
  SINCE JAN 1     36.12                     32.42   3.70    31.71

SNOWFALL (IN)
  YESTERDAY        0.0                       0.0    0.0      0.0
  MONTH TO DATE    0.0                       0.2   -0.2      0.0
  SINCE SEP 1      0.0                       0.2   -0.2      0.0
  SINCE JUL 1      0.0                       0.2   -0.2      0.0
  SNOW DEPTH       0

DEGREE DAYS
 HEATING
  YESTERDAY       26                        16     10       18
  MONTH TO DATE  210                       356   -146      218
  SINCE SEP 1    258                       448   -190      229
  SINCE JUL 1    260                       460   -200      229

 COOLING
  YESTERDAY        0                         0      0        0
  MONTH TO DATE   45                        12     33       43
  SINCE SEP 1    222                       101    121      228
  SINCE JAN 1   1113                       816    297     1312
..................................................................


WIND (MPH)
  HIGHEST WIND SPEED    28   HIGHEST WIND DIRECTION     W (250)
  HIGHEST GUST SPEED    35   HIGHEST GUST DIRECTION    SW (240)
  AVERAGE WIND SPEED    11.7


SKY COVER
  POSSIBLE SUNSHINE  MM
  AVERAGE SKY COVER 0.7


WEATHER CONDITIONS
 THE FOLLOWING WEATHER WAS RECORDED YESTERDAY.
  NO SIGNIFICANT WEATHER WAS OBSERVED.


RELATIVE HUMIDITY (PERCENT)
 HIGHEST    85          1200 AM
 LOWEST     49           200 PM
 AVERAGE    67

..........................................................


THE CLEVELAND OH CLIMATE NORMALS FOR TODAY
                         NORMAL    RECORD    YEAR
 MAXIMUM TEMPERATURE (F)   57        82      1950
 MINIMUM TEMPERATURE (F)   41        25      1954


SUNRISE AND SUNSET
NOVEMBER  1 2017......SUNRISE   759 AM EDT   SUNSET   622 PM EDT
NOVEMBER  2 2017......SUNRISE   800 AM EDT   SUNSET   621 PM EDT


-  INDICATES NEGATIVE NUMBERS.
R  INDICATES RECORD WAS SET OR TIED.
MM INDICATES DATA IS MISSING.
T  INDICATES TRACE AMOUNT.




$$
