000
CDUS41 KCLE 050527
CLICLE


CLIMATE REPORT
NATIONAL WEATHER SERVICE CLEVELAND OH
1226 AM EST SUN FEB 5 2017


...................................

...THE CLEVELAND OH CLIMATE SUMMARY FOR FEBRUARY 4 2017...

CLIMATE NORMAL PERIOD 1981 TO 2010
CLIMATE RECORD PERIOD 1871 TO 2017


WEATHER ITEM   OBSERVED TIME   RECORD YEAR NORMAL DEPARTURE LAST
                VALUE   (LST)  VALUE       VALUE  FROM      YEAR
                                                  NORMAL
..................................................................
TEMPERATURE (F)
 YESTERDAY
  MAXIMUM         33    342 PM  65    1890  36     -3       37
  MINIMUM         16    717 AM -10    1996  22     -6       27
  AVERAGE         25                        29     -4       32

PRECIPITATION (IN)
  YESTERDAY        0.00                      0.08  -0.08      T
  MONTH TO DATE    0.02                      0.32  -0.30     0.59
  SINCE DEC 1      7.45                      6.14   1.31     4.92
  SINCE JAN 1      4.80                      3.04   1.76     1.96

SNOWFALL (IN)
  YESTERDAY        0.0                       0.6   -0.6       T
  MONTH TO DATE    0.3                       2.3   -2.0       T
  SINCE DEC 1     21.4                      35.1  -13.7      7.9
  SINCE JUL 1     22.3                      39.6  -17.3      8.8
  SNOW DEPTH       T

DEGREE DAYS
 HEATING
  YESTERDAY       40                        36      4       33
  MONTH TO DATE  150                       144      6      101
  SINCE DEC 1   2087                      2301   -214     1887
  SINCE JUL 1   2803                      3396   -593     2752

 COOLING
  YESTERDAY        0                         0      0        0
  MONTH TO DATE    0                         0      0        0
  SINCE DEC 1      0                         0      0        0
  SINCE JAN 1      0                         0      0        0
..................................................................


WIND (MPH)
  HIGHEST WIND SPEED    18   HIGHEST WIND DIRECTION    SW (210)
  HIGHEST GUST SPEED    23   HIGHEST GUST DIRECTION     S (200)
  AVERAGE WIND SPEED    10.4


SKY COVER
  POSSIBLE SUNSHINE  MM
  AVERAGE SKY COVER 0.5


WEATHER CONDITIONS
 THE FOLLOWING WEATHER WAS RECORDED YESTERDAY.
  NO SIGNIFICANT WEATHER WAS OBSERVED.


RELATIVE HUMIDITY (PERCENT)
 HIGHEST    67           300 AM
 LOWEST     30           300 PM
 AVERAGE    49

..........................................................


THE CLEVELAND OH CLIMATE NORMALS FOR TODAY
                         NORMAL    RECORD    YEAR
 MAXIMUM TEMPERATURE (F)   36        61      1938
 MINIMUM TEMPERATURE (F)   22       -12      1918


SUNRISE AND SUNSET
FEBRUARY  5 2017......SUNRISE   734 AM EST   SUNSET   549 PM EST
FEBRUARY  6 2017......SUNRISE   733 AM EST   SUNSET   550 PM EST


-  INDICATES NEGATIVE NUMBERS.
R  INDICATES RECORD WAS SET OR TIED.
MM INDICATES DATA IS MISSING.
T  INDICATES TRACE AMOUNT.




$$
