000
CDUS41 KCLE 052114
CLICLE


CLIMATE REPORT
NATIONAL WEATHER SERVICE CLEVELAND OH
512 PM EDT FRI MAY 5 2017


...................................

...THE CLEVELAND OH CLIMATE SUMMARY FOR MAY 5 2017...
VALID TODAY AS OF 0500 PM LOCAL TIME.

CLIMATE NORMAL PERIOD 1981 TO 2010
CLIMATE RECORD PERIOD 1871 TO 2017


WEATHER ITEM   OBSERVED TIME   RECORD YEAR NORMAL DEPARTURE LAST
                VALUE   (LST)  VALUE       VALUE  FROM      YEAR
                                                  NORMAL
..................................................................
TEMPERATURE (F)
 TODAY
  MAXIMUM         53    141 AM  89    1949  66    -13       60
  MINIMUM         48    359 PM  30    1968  47      1       47
  AVERAGE         51                        56     -5       54

PRECIPITATION (IN)
  TODAY            0.53                      0.11   0.42     0.01
  MONTH TO DATE    1.72                      0.56   1.16     1.16
  SINCE MAR 1     10.23                      6.98   3.25     9.19
  SINCE JAN 1     17.69                     12.04   5.65    13.78

SNOWFALL (IN)
  TODAY            0.0                       0.0    0.0      0.0
  MONTH TO DATE    0.0                       0.1   -0.1      0.0
  SINCE MAR 1     12.1                      16.0   -3.9     11.0
  SINCE JUL 1     37.3                      68.2  -30.9     32.8
  SNOW DEPTH       0

DEGREE DAYS
 HEATING
  TODAY           14                         9      5       11
  MONTH TO DATE   56                        49      7       59
  SINCE MAR 1   1100                      1343   -243     1202
  SINCE JUL 1   4411                      5560  -1149     4793

 COOLING
  TODAY            0                         1     -1        0
  MONTH TO DATE    0                         5     -5        0
  SINCE MAR 1     31                        16     15        0
  SINCE JAN 1     31                        16     15        0
..................................................................


WIND (MPH)
  HIGHEST WIND SPEED    25   HIGHEST WIND DIRECTION    NE (30)
  HIGHEST GUST SPEED    33   HIGHEST GUST DIRECTION     N (20)


SKY COVER
  POSSIBLE SUNSHINE  MM
  AVERAGE SKY COVER 1.0


WEATHER CONDITIONS
 THE FOLLOWING WEATHER WAS RECORDED TODAY.
  RAIN
  LIGHT RAIN
  FOG


RELATIVE HUMIDITY (PERCENT)
 HIGHEST    89           200 AM
 LOWEST     80          1200 PM
 AVERAGE    85

..........................................................


THE CLEVELAND OH CLIMATE NORMALS FOR TOMORROW
                         NORMAL    RECORD    YEAR
 MAXIMUM TEMPERATURE (F)   67        92      1959
 MINIMUM TEMPERATURE (F)   47        26      1968


SUNRISE AND SUNSET
MAY  5 2017...........SUNRISE   619 AM EDT   SUNSET   829 PM EDT
MAY  6 2017...........SUNRISE   618 AM EDT   SUNSET   831 PM EDT


-  INDICATES NEGATIVE NUMBERS.
R  INDICATES RECORD WAS SET OR TIED.
MM INDICATES DATA IS MISSING.
T  INDICATES TRACE AMOUNT.




$$
