000
CDUS41 KCLE 292111
CLICLE


CLIMATE REPORT
NATIONAL WEATHER SERVICE CLEVELAND OH
511 PM EDT SAT JUL 29 2017


...................................

...THE CLEVELAND OH CLIMATE SUMMARY FOR JULY 29 2017...
VALID TODAY AS OF 0500 PM LOCAL TIME.

CLIMATE NORMAL PERIOD 1981 TO 2010
CLIMATE RECORD PERIOD 1871 TO 2017


WEATHER ITEM   OBSERVED TIME   RECORD YEAR NORMAL DEPARTURE LAST
                VALUE   (LST)  VALUE       VALUE  FROM      YEAR
                                                  NORMAL
..................................................................
TEMPERATURE (F)
 TODAY
  MAXIMUM         80    323 PM  95    1941  82     -2       87
                                      1940
  MINIMUM         65    344 AM  50    1984  64      1       67
  AVERAGE         73                        73      0       77

PRECIPITATION (IN)
  TODAY            0.00                      0.11  -0.11      T
  MONTH TO DATE    2.47                      3.23  -0.76     1.60
  SINCE JUN 1      8.32                      6.66   1.66     3.72
  SINCE JAN 1     30.38                     21.80   8.58    19.65

SNOWFALL (IN)
  TODAY            0.0                       0.0    0.0      0.0
  MONTH TO DATE    0.0                       0.0    0.0      0.0
  SINCE JUN 1      0.0                       0.0    0.0      0.0
  SINCE JUL 1      0.0                       0.0    0.0      0.0
  SNOW DEPTH       0

DEGREE DAYS
 HEATING
  TODAY            0                         0      0        0
  MONTH TO DATE    0                         0      0        0
  SINCE JUN 1     17                        42    -25       13
  SINCE JUL 1      0                         0      0        0

 COOLING
  TODAY            8                         8      0       12
  MONTH TO DATE  306                       252     54      349
  SINCE JUN 1    543                       420    123      576
  SINCE JAN 1    631                       479    152      657
..................................................................


WIND (MPH)
  HIGHEST WIND SPEED    25   HIGHEST WIND DIRECTION    NE (40)
  HIGHEST GUST SPEED    31   HIGHEST GUST DIRECTION    NE (40)


SKY COVER
  POSSIBLE SUNSHINE  MM
  AVERAGE SKY COVER 0.5


WEATHER CONDITIONS
 THE FOLLOWING WEATHER WAS RECORDED TODAY.
  NO SIGNIFICANT WEATHER WAS OBSERVED.


RELATIVE HUMIDITY (PERCENT)
 HIGHEST    68           600 AM
 LOWEST     42           300 PM
 AVERAGE    55

..........................................................


THE CLEVELAND OH CLIMATE NORMALS FOR TOMORROW
                         NORMAL    RECORD    YEAR
 MAXIMUM TEMPERATURE (F)   82        96      1941
 MINIMUM TEMPERATURE (F)   64        50      1981


SUNRISE AND SUNSET
JULY 29 2017..........SUNRISE   620 AM EDT   SUNSET   847 PM EDT
JULY 30 2017..........SUNRISE   621 AM EDT   SUNSET   846 PM EDT


-  INDICATES NEGATIVE NUMBERS.
R  INDICATES RECORD WAS SET OR TIED.
MM INDICATES DATA IS MISSING.
T  INDICATES TRACE AMOUNT.




$$
