000
CDUS41 KCLE 020526
CLICLE


CLIMATE REPORT
NATIONAL WEATHER SERVICE CLEVELAND OH
1226 AM EST THU FEB 2 2017


...................................

...THE CLEVELAND OH CLIMATE SUMMARY FOR FEBRUARY 1 2017...

CLIMATE NORMAL PERIOD 1981 TO 2010
CLIMATE RECORD PERIOD 1871 TO 2017


WEATHER ITEM   OBSERVED TIME   RECORD YEAR NORMAL DEPARTURE LAST
                VALUE   (LST)  VALUE       VALUE  FROM      YEAR
                                                  NORMAL
..................................................................
TEMPERATURE (F)
 YESTERDAY
  MAXIMUM         38    450 PM  59    1989  35      3       53
                                      1968
  MINIMUM         31   1054 PM  -6    1971  22      9       27
  AVERAGE         35                        29      6       40

PRECIPITATION (IN)
  YESTERDAY        0.01                      0.08  -0.07     0.01
  MONTH TO DATE    0.01                      0.08  -0.07     0.01
  SINCE DEC 1      7.44                      5.90   1.54     4.34
  SINCE JAN 1      4.79                      2.80   1.99     1.38

SNOWFALL (IN)
  YESTERDAY        0.1                       0.6   -0.5      0.0
  MONTH TO DATE    0.1                       0.6   -0.5      0.0
  SINCE DEC 1     21.2                      33.4  -12.2      7.9
  SINCE JUL 1     22.1                      37.9  -15.8      8.8
  SNOW DEPTH       2

DEGREE DAYS
 HEATING
  YESTERDAY       30                        36     -6       25
  MONTH TO DATE   30                        36     -6       25
  SINCE DEC 1   1967                      2193   -226     1811
  SINCE JUL 1   2683                      3288   -605     2676

 COOLING
  YESTERDAY        0                         0      0        0
  MONTH TO DATE    0                         0      0        0
  SINCE DEC 1      0                         0      0        0
  SINCE JAN 1      0                         0      0        0
..................................................................


WIND (MPH)
  HIGHEST WIND SPEED    21   HIGHEST WIND DIRECTION     W (250)
  HIGHEST GUST SPEED    26   HIGHEST GUST DIRECTION    SW (240)
  AVERAGE WIND SPEED    10.7


SKY COVER
  POSSIBLE SUNSHINE  MM
  AVERAGE SKY COVER 0.9


WEATHER CONDITIONS
 THE FOLLOWING WEATHER WAS RECORDED YESTERDAY.
  LIGHT SNOW
  FOG


RELATIVE HUMIDITY (PERCENT)
 HIGHEST    75           400 AM
 LOWEST     52           200 PM
 AVERAGE    64

..........................................................


THE CLEVELAND OH CLIMATE NORMALS FOR TODAY
                         NORMAL    RECORD    YEAR
 MAXIMUM TEMPERATURE (F)   35        60      1968
                                             1903
 MINIMUM TEMPERATURE (F)   22        -7      1971


SUNRISE AND SUNSET
FEBRUARY  2 2017......SUNRISE   738 AM EST   SUNSET   545 PM EST
FEBRUARY  3 2017......SUNRISE   736 AM EST   SUNSET   546 PM EST


-  INDICATES NEGATIVE NUMBERS.
R  INDICATES RECORD WAS SET OR TIED.
MM INDICATES DATA IS MISSING.
T  INDICATES TRACE AMOUNT.




$$
