000
CDUS41 KCLE 090525
CLICLE


CLIMATE REPORT
NATIONAL WEATHER SERVICE CLEVELAND OH
125 AM EDT MON OCT 9 2017


...................................

...THE CLEVELAND OH CLIMATE SUMMARY FOR OCTOBER 8 2017...

CLIMATE NORMAL PERIOD 1981 TO 2010
CLIMATE RECORD PERIOD 1871 TO 2017


WEATHER ITEM   OBSERVED TIME   RECORD YEAR NORMAL DEPARTURE LAST
                VALUE   (LST)  VALUE       VALUE  FROM      YEAR
                                                  NORMAL
..................................................................
TEMPERATURE (F)
 YESTERDAY
  MAXIMUM         74    312 PM  88    2007  65      9       68
                                      1939
  MINIMUM         65    902 PM  31    1952  48     17       54
  AVERAGE         70                        56     14       61

PRECIPITATION (IN)
  YESTERDAY        1.46                      0.11   1.35     0.00
  MONTH TO DATE    1.78                      0.86   0.92     0.34
  SINCE SEP 1      2.59                      4.67  -2.08     5.72
  SINCE JAN 1     34.22                     30.21   4.01    29.09

SNOWFALL (IN)
  YESTERDAY        0.0                       0.0    0.0      0.0
  MONTH TO DATE    0.0                       0.0    0.0      0.0
  SINCE SEP 1      0.0                       0.0    0.0      0.0
  SINCE JUL 1      0.0                       0.0    0.0      0.0
  SNOW DEPTH       0

DEGREE DAYS
 HEATING
  YESTERDAY        0                         9     -9        4
  MONTH TO DATE   10                        65    -55       10
  SINCE SEP 1     58                       156    -98       21
  SINCE JUL 1     60                       168   -108       21

 COOLING
  YESTERDAY        5                         1      4        0
  MONTH TO DATE   35                         8     27       15
  SINCE SEP 1    212                        97    115      200
  SINCE JAN 1   1103                       812    291     1284
..................................................................


WIND (MPH)
  HIGHEST WIND SPEED    31   HIGHEST WIND DIRECTION     W (250)
  HIGHEST GUST SPEED    37   HIGHEST GUST DIRECTION     W (250)
  AVERAGE WIND SPEED    10.1


SKY COVER
  POSSIBLE SUNSHINE  MM
  AVERAGE SKY COVER 0.8


WEATHER CONDITIONS
 THE FOLLOWING WEATHER WAS RECORDED YESTERDAY.
  HEAVY RAIN
  RAIN
  LIGHT RAIN
  FOG


RELATIVE HUMIDITY (PERCENT)
 HIGHEST    93           900 PM
 LOWEST     53           200 PM
 AVERAGE    73

..........................................................


THE CLEVELAND OH CLIMATE NORMALS FOR TODAY
                         NORMAL    RECORD    YEAR
 MAXIMUM TEMPERATURE (F)   65        86      1949
 MINIMUM TEMPERATURE (F)   47        30      1876


SUNRISE AND SUNSET
OCTOBER  9 2017.......SUNRISE   733 AM EDT   SUNSET   656 PM EDT
OCTOBER 10 2017.......SUNRISE   734 AM EDT   SUNSET   654 PM EDT


-  INDICATES NEGATIVE NUMBERS.
R  INDICATES RECORD WAS SET OR TIED.
MM INDICATES DATA IS MISSING.
T  INDICATES TRACE AMOUNT.




$$
