000
CDUS41 KCLE 170526
CLICLE


CLIMATE REPORT
NATIONAL WEATHER SERVICE CLEVELAND OH
1225 AM EST THU NOV 17 2016


...................................

...THE CLEVELAND OH CLIMATE SUMMARY FOR NOVEMBER 16 2016...

CLIMATE NORMAL PERIOD 1981 TO 2010
CLIMATE RECORD PERIOD 1871 TO 2016


WEATHER ITEM   OBSERVED TIME   RECORD YEAR NORMAL DEPARTURE LAST
                VALUE   (LST)  VALUE       VALUE  FROM      YEAR
                                                  NORMAL
..................................................................
TEMPERATURE (F)
 YESTERDAY
  MAXIMUM         54    347 PM  72    1931  51      3       65
  MINIMUM         38   1155 PM  12    1933  37      1       37
  AVERAGE         46                        44      2       51

PRECIPITATION (IN)
  YESTERDAY        0.00                      0.12  -0.12     0.00
  MONTH TO DATE    0.72                      1.91  -1.19     1.27
  SINCE SEP 1      9.06                      8.79   0.27     8.35
  SINCE JAN 1     32.43                     34.33  -1.90    36.07

SNOWFALL (IN)
  YESTERDAY        0.0                       0.2   -0.2      0.0
  MONTH TO DATE    0.0                       1.6   -1.6      0.0
  SINCE SEP 1      0.0                       1.8   -1.8      0.1
  SINCE JUL 1      0.0                       1.8   -1.8      0.1
  SNOW DEPTH       0

DEGREE DAYS
 HEATING
  YESTERDAY       19                        21     -2       14
  MONTH TO DATE  204                       296    -92      209
  SINCE SEP 1    433                       744   -311      559
  SINCE JUL 1    433                       756   -323      573

 COOLING
  YESTERDAY        0                         0      0        0
  MONTH TO DATE    7                         0      7        4
  SINCE SEP 1    235                       101    134      162
  SINCE JAN 1   1319                       816    503      831
..................................................................


WIND (MPH)
  HIGHEST WIND SPEED    14   HIGHEST WIND DIRECTION    NW (300)
  HIGHEST GUST SPEED    16   HIGHEST GUST DIRECTION     W (290)
  AVERAGE WIND SPEED     5.9


SKY COVER
  POSSIBLE SUNSHINE  MM
  AVERAGE SKY COVER 0.7


WEATHER CONDITIONS
 THE FOLLOWING WEATHER WAS RECORDED YESTERDAY.
  FOG
  HAZE


RELATIVE HUMIDITY (PERCENT)
 HIGHEST    86           600 AM
 LOWEST     54          1200 AM
 AVERAGE    70

..........................................................


THE CLEVELAND OH CLIMATE NORMALS FOR TODAY
                         NORMAL    RECORD    YEAR
 MAXIMUM TEMPERATURE (F)   50        72      1954
                                             1931
 MINIMUM TEMPERATURE (F)   37        14      2014
                                             1959


SUNRISE AND SUNSET
NOVEMBER 17 2016......SUNRISE   719 AM EST   SUNSET   506 PM EST
NOVEMBER 18 2016......SUNRISE   720 AM EST   SUNSET   505 PM EST


-  INDICATES NEGATIVE NUMBERS.
R  INDICATES RECORD WAS SET OR TIED.
MM INDICATES DATA IS MISSING.
T  INDICATES TRACE AMOUNT.




$$
