000
CDUS41 KCLE 200531
CLICLE


CLIMATE REPORT
NATIONAL WEATHER SERVICE CLEVELAND OH
1230 AM EST FRI FEB 20 2015


...................................

...THE CLEVELAND OH CLIMATE SUMMARY FOR FEBRUARY 19 2015...

CLIMATE NORMAL PERIOD 1981 TO 2010
CLIMATE RECORD PERIOD 1871 TO 2015


WEATHER ITEM   OBSERVED TIME   RECORD YEAR NORMAL DEPARTURE LAST
                VALUE   (LST)  VALUE       VALUE  FROM      YEAR
                                                  NORMAL
..................................................................
TEMPERATURE (F)
 YESTERDAY
  MAXIMUM          9   1201 AM  68    1939  38    -29       47
  MINIMUM         -4R  1159 PM  -4    1936  24    -28       30
                                      1903
  AVERAGE          3                        31    -28       39

PRECIPITATION (IN)
  YESTERDAY        0.02                      0.08  -0.06      T
  MONTH TO DATE    1.40                      1.55  -0.15     2.05
  SINCE DEC 1      6.29                      7.37  -1.08     8.15
  SINCE JAN 1      4.34                      4.27   0.07     4.05

SNOWFALL (IN)
  YESTERDAY        1.0                       0.5    0.5       T
  MONTH TO DATE   20.2                      10.2   10.0     18.8
  SINCE DEC 1     36.2                      43.0   -6.8     60.0
  SINCE JUL 1     55.6                      47.5    8.1     64.7
  SNOW DEPTH       7

DEGREE DAYS
 HEATING
  YESTERDAY       62                        34     28       26
  MONTH TO DATE  923                       670    253      850
  SINCE DEC 1   3125                      2827    298     3199
  SINCE JUL 1   4459                      3922    537     4348

 COOLING
  YESTERDAY        0                         0      0        0
  MONTH TO DATE    0                         0      0        0
  SINCE DEC 1      0                         0      0        0
  SINCE JAN 1      0                         0      0        0
..................................................................


WIND (MPH)
  HIGHEST WIND SPEED    24   HIGHEST WIND DIRECTION     W (290)
  HIGHEST GUST SPEED    30   HIGHEST GUST DIRECTION     W (290)
  AVERAGE WIND SPEED    12.7


SKY COVER
  POSSIBLE SUNSHINE  MM
  AVERAGE SKY COVER 0.9


WEATHER CONDITIONS
 THE FOLLOWING WEATHER WAS RECORDED YESTERDAY.
  SNOW
  LIGHT SNOW
  FOG
  BLOWING SNOW


RELATIVE HUMIDITY (PERCENT)
 HIGHEST    86           600 AM
 LOWEST     44           200 PM
 AVERAGE    65

..........................................................


THE CLEVELAND OH CLIMATE NORMALS FOR TODAY
                         NORMAL    RECORD    YEAR
 MAXIMUM TEMPERATURE (F)   39        69      1930
 MINIMUM TEMPERATURE (F)   24        -3      1968
                                             1885


SUNRISE AND SUNSET
FEBRUARY 20 2015......SUNRISE   716 AM EST   SUNSET   607 PM EST
FEBRUARY 21 2015......SUNRISE   714 AM EST   SUNSET   608 PM EST


-  INDICATES NEGATIVE NUMBERS.
R  INDICATES RECORD WAS SET OR TIED.
MM INDICATES DATA IS MISSING.
T  INDICATES TRACE AMOUNT.




$$
