000
CDUS41 KCLE 210527
CLICLE


CLIMATE REPORT
NATIONAL WEATHER SERVICE CLEVELAND OH
1227 AM EST WED JAN 21 2015


...................................

...THE CLEVELAND OH CLIMATE SUMMARY FOR JANUARY 20 2015...

CLIMATE NORMAL PERIOD 1981 TO 2010
CLIMATE RECORD PERIOD 1871 TO 2015


WEATHER ITEM   OBSERVED TIME   RECORD YEAR NORMAL DEPARTURE LAST
                VALUE   (LST)  VALUE       VALUE  FROM      YEAR
                                                  NORMAL
..................................................................
TEMPERATURE (F)
 YESTERDAY
  MAXIMUM         33    220 PM  65    1906  34     -1       37
  MINIMUM         28   1131 PM -18    1985  22      6       19
  AVERAGE         31                        28      3       28

PRECIPITATION (IN)
  YESTERDAY        0.02                      0.08  -0.06     0.02
  MONTH TO DATE    2.41                      1.84   0.57     1.49
  SINCE DEC 1      4.36                      4.94  -0.58     5.59
  SINCE JAN 1      2.41                      1.84   0.57     1.49

SNOWFALL (IN)
  YESTERDAY        0.2                       0.6   -0.4      0.3
  MONTH TO DATE   10.2                      12.0   -1.8     13.0
  SINCE DEC 1     11.1                      26.1  -15.0     30.5
  SINCE JUL 1     30.5                      30.6   -0.1     35.2
  SNOW DEPTH       T

DEGREE DAYS
 HEATING
  YESTERDAY       34                        37     -3       37
  MONTH TO DATE  841                       739    102      785
  SINCE DEC 1   1748                      1751     -3     1800
  SINCE JUL 1   3082                      2846    236     2949

 COOLING
  YESTERDAY        0                         0      0        0
  MONTH TO DATE    0                         0      0        0
  SINCE DEC 1      0                         0      0        0
  SINCE JAN 1      0                         0      0        0
..................................................................


WIND (MPH)
  HIGHEST WIND SPEED    12   HIGHEST WIND DIRECTION    NE (40)
  HIGHEST GUST SPEED    14   HIGHEST GUST DIRECTION    NE (40)
  AVERAGE WIND SPEED     4.9


SKY COVER
  POSSIBLE SUNSHINE  MM
  AVERAGE SKY COVER 1.0


WEATHER CONDITIONS
 THE FOLLOWING WEATHER WAS RECORDED YESTERDAY.
  LIGHT SNOW
  FOG
  HAZE


RELATIVE HUMIDITY (PERCENT)
 HIGHEST    92           500 AM
 LOWEST     78          1200 AM
 AVERAGE    85

..........................................................


THE CLEVELAND OH CLIMATE NORMALS FOR TODAY
                         NORMAL    RECORD    YEAR
 MAXIMUM TEMPERATURE (F)   34        71      1906
 MINIMUM TEMPERATURE (F)   22       -17      1985
                                             1984


SUNRISE AND SUNSET
JANUARY 21 2015.......SUNRISE   748 AM EST   SUNSET   530 PM EST
JANUARY 22 2015.......SUNRISE   747 AM EST   SUNSET   531 PM EST


-  INDICATES NEGATIVE NUMBERS.
R  INDICATES RECORD WAS SET OR TIED.
MM INDICATES DATA IS MISSING.
T  INDICATES TRACE AMOUNT.




$$
