000
CDUS41 KCLE 290537
CLICLE


CLIMATE REPORT
NATIONAL WEATHER SERVICE CLEVELAND OH
1236 AM EST THU DEC 29 2016


...................................

...THE CLEVELAND OH CLIMATE SUMMARY FOR DECEMBER 28 2016...

CLIMATE NORMAL PERIOD 1981 TO 2010
CLIMATE RECORD PERIOD 1871 TO 2016


WEATHER ITEM   OBSERVED TIME   RECORD YEAR NORMAL DEPARTURE LAST
                VALUE   (LST)  VALUE       VALUE  FROM      YEAR
                                                  NORMAL
..................................................................
TEMPERATURE (F)
 YESTERDAY
  MAXIMUM         41   1055 PM  68    1982  35      6       48
  MINIMUM         31    914 AM  -3    1880  23      8       34
  AVERAGE         36                        29      7       41

PRECIPITATION (IN)
  YESTERDAY        T                         0.10  -0.10     0.31
  MONTH TO DATE    2.28                      2.81  -0.53     2.86
  SINCE DEC 1      2.28                      2.81  -0.53     2.86
  SINCE JAN 1     36.10                     38.85  -2.75    39.97

SNOWFALL (IN)
  YESTERDAY        T                         0.5   -0.5       T
  MONTH TO DATE    6.8                      12.4   -5.6      0.3
  SINCE DEC 1      6.8                      12.4   -5.6      0.3
  SINCE JUL 1      7.7                      16.9   -9.2      1.2
  SNOW DEPTH       0

DEGREE DAYS
 HEATING
  YESTERDAY       29                        36     -7       24
  MONTH TO DATE  915                       903     12      564
  SINCE DEC 1    915                       903     12      564
  SINCE JUL 1   1631                      1998   -367     1429

 COOLING
  YESTERDAY        0                         0      0        0
  MONTH TO DATE    0                         0      0        0
  SINCE DEC 1      0                         0      0        0
  SINCE JAN 1   1320                       817    503      831
..................................................................


WIND (MPH)
  HIGHEST WIND SPEED    20   HIGHEST WIND DIRECTION     S (170)
  HIGHEST GUST SPEED    25   HIGHEST GUST DIRECTION     S (180)
  AVERAGE WIND SPEED     9.2


SKY COVER
  POSSIBLE SUNSHINE  MM
  AVERAGE SKY COVER 0.8


WEATHER CONDITIONS
 THE FOLLOWING WEATHER WAS RECORDED YESTERDAY.
  LIGHT SNOW


RELATIVE HUMIDITY (PERCENT)
 HIGHEST    69          1200 AM
 LOWEST     45           300 PM
 AVERAGE    57

..........................................................


THE CLEVELAND OH CLIMATE NORMALS FOR TODAY
                         NORMAL    RECORD    YEAR
 MAXIMUM TEMPERATURE (F)   35        66      1889
 MINIMUM TEMPERATURE (F)   23       -12      1880


SUNRISE AND SUNSET
DECEMBER 29 2016......SUNRISE   753 AM EST   SUNSET   506 PM EST
DECEMBER 30 2016......SUNRISE   753 AM EST   SUNSET   507 PM EST


-  INDICATES NEGATIVE NUMBERS.
R  INDICATES RECORD WAS SET OR TIED.
MM INDICATES DATA IS MISSING.
T  INDICATES TRACE AMOUNT.




$$
