000
CDUS41 KCLE 110526
CLICLE


CLIMATE REPORT
NATIONAL WEATHER SERVICE CLEVELAND OH
126 AM EDT SAT OCT 11 2014


...................................

...THE CLEVELAND OH CLIMATE SUMMARY FOR OCTOBER 10 2014...

CLIMATE NORMAL PERIOD 1981 TO 2010
CLIMATE RECORD PERIOD 1871 TO 2014


WEATHER ITEM   OBSERVED TIME   RECORD YEAR NORMAL DEPARTURE LAST
                VALUE   (LST)  VALUE       VALUE  FROM      YEAR
                                                  NORMAL
..................................................................
TEMPERATURE (F)
 YESTERDAY
  MAXIMUM         59   1256 PM  86    1949  64     -5       67
  MINIMUM         37    630 AM  30    1895  47    -10       43
  AVERAGE         48                        56     -8       55

PRECIPITATION (IN)
  YESTERDAY        0.00                      0.11  -0.11     0.00
  MONTH TO DATE    0.53                      1.07  -0.54     2.48
  SINCE SEP 1      5.00                      4.88   0.12     4.44
  SINCE JAN 1     36.11                     30.42   5.69    32.65

SNOWFALL (IN)
  YESTERDAY        0.0                       0.0    0.0      0.0
  MONTH TO DATE    0.0                       0.0    0.0      0.0
  SINCE SEP 1      0.0                       0.0    0.0      0.0
  SINCE JUL 1      0.0                       0.0    0.0      0.0
  SNOW DEPTH       0

DEGREE DAYS
 HEATING
  YESTERDAY       17                        10      7       10
  MONTH TO DATE  107                        85     22       35
  SINCE SEP 1    225                       176     49      122
  SINCE JUL 1    250                       188     62      129

 COOLING
  YESTERDAY        0                         1     -1        0
  MONTH TO DATE    0                        10    -10       34
  SINCE SEP 1     63                        99    -36      127
  SINCE JAN 1    653                       814   -161      889
..................................................................


WIND (MPH)
  HIGHEST WIND SPEED    16   HIGHEST WIND DIRECTION     N (20)
  HIGHEST GUST SPEED    19   HIGHEST GUST DIRECTION     N (20)
  AVERAGE WIND SPEED     4.6


SKY COVER
  POSSIBLE SUNSHINE  MM
  AVERAGE SKY COVER 0.8


WEATHER CONDITIONS
 THE FOLLOWING WEATHER WAS RECORDED YESTERDAY.
  FOG


RELATIVE HUMIDITY (PERCENT)
 HIGHEST    96           800 AM
 LOWEST     62          1200 PM
 AVERAGE    79

..........................................................


THE CLEVELAND OH CLIMATE NORMALS FOR TODAY
                         NORMAL    RECORD    YEAR
 MAXIMUM TEMPERATURE (F)   64        86      1928
 MINIMUM TEMPERATURE (F)   47        25      1964


SUNRISE AND SUNSET
OCTOBER 11 2014.......SUNRISE   735 AM EDT   SUNSET   653 PM EDT
OCTOBER 12 2014.......SUNRISE   736 AM EDT   SUNSET   651 PM EDT


-  INDICATES NEGATIVE NUMBERS.
R  INDICATES RECORD WAS SET OR TIED.
MM INDICATES DATA IS MISSING.
T  INDICATES TRACE AMOUNT.




$$
