460
CDUS41 KCLE 200545
CLICLE


CLIMATE REPORT
NATIONAL WEATHER SERVICE CLEVELAND OH
145 AM EDT WED APR 20 2016


...................................

...THE CLEVELAND OH CLIMATE SUMMARY FOR APRIL 19 2016...

CLIMATE NORMAL PERIOD 1981 TO 2010
CLIMATE RECORD PERIOD 1871 TO 2016


WEATHER ITEM   OBSERVED TIME   RECORD YEAR NORMAL DEPARTURE LAST
                VALUE   (LST)  VALUE       VALUE  FROM      YEAR
                                                  NORMAL
..................................................................
TEMPERATURE (F)
 YESTERDAY
  MAXIMUM         62   1227 AM  84    1958  61      1       74
  MINIMUM         45   1159 PM  22    1887  42      3       47
  AVERAGE         54                        51      3       61

PRECIPITATION (IN)
  YESTERDAY        0.00                      0.12  -0.12     0.10
  MONTH TO DATE    2.66                      2.30   0.36     2.37
  SINCE MAR 1      6.83                      5.23   1.60     4.34
  SINCE JAN 1     11.42                     10.29   1.13     9.14

SNOWFALL (IN)
  YESTERDAY        0.0                       0.1   -0.1      0.0
  MONTH TO DATE    7.8                       3.0    4.8      0.1
  SINCE MAR 1     11.0                      15.6   -4.6      4.9
  SINCE JUL 1     32.8                      67.8  -35.0     66.3
  SNOW DEPTH       0

DEGREE DAYS
 HEATING
  YESTERDAY       11                        14     -3        4
  MONTH TO DATE  386                       333     53      229
  SINCE MAR 1   1009                      1159   -150     1184
  SINCE JUL 1   4600                      5376   -776     6134

 COOLING
  YESTERDAY        0                         0      0        0
  MONTH TO DATE    0                         0      0        1
  SINCE MAR 1      0                         1     -1        1
  SINCE JAN 1      0                         1     -1        1
..................................................................


WIND (MPH)
  HIGHEST WIND SPEED    21   HIGHEST WIND DIRECTION    NE (30)
  HIGHEST GUST SPEED    25   HIGHEST GUST DIRECTION    NE (40)
  AVERAGE WIND SPEED    10.7


SKY COVER
  POSSIBLE SUNSHINE  MM
  AVERAGE SKY COVER 0.8


WEATHER CONDITIONS
 THE FOLLOWING WEATHER WAS RECORDED YESTERDAY.
  NO SIGNIFICANT WEATHER WAS OBSERVED.


RELATIVE HUMIDITY (PERCENT)
 HIGHEST    80           600 AM
 LOWEST     49          1200 AM
 AVERAGE    65

..........................................................


THE CLEVELAND OH CLIMATE NORMALS FOR TODAY
                         NORMAL    RECORD    YEAR
 MAXIMUM TEMPERATURE (F)   61        83      1985
 MINIMUM TEMPERATURE (F)   42        23      1904


SUNRISE AND SUNSET
APRIL 20 2016.........SUNRISE   639 AM EDT   SUNSET   814 PM EDT
APRIL 21 2016.........SUNRISE   638 AM EDT   SUNSET   815 PM EDT


-  INDICATES NEGATIVE NUMBERS.
R  INDICATES RECORD WAS SET OR TIED.
MM INDICATES DATA IS MISSING.
T  INDICATES TRACE AMOUNT.




$$
