000
CDUS41 KCLE 050539
CLICLE


CLIMATE REPORT
NATIONAL WEATHER SERVICE CLEVELAND OH
139 AM EDT TUE JUL 5 2016


...................................

...THE CLEVELAND OH CLIMATE SUMMARY FOR JULY 4 2016...

CLIMATE NORMAL PERIOD 1981 TO 2010
CLIMATE RECORD PERIOD 1871 TO 2016


WEATHER ITEM   OBSERVED TIME   RECORD YEAR NORMAL DEPARTURE LAST
                VALUE   (LST)  VALUE       VALUE  FROM      YEAR
                                                  NORMAL
..................................................................
TEMPERATURE (F)
 YESTERDAY
  MAXIMUM         80   1241 PM  98    1990  83     -3       76
                                      1949
  MINIMUM         58    354 AM  41    1968  64     -6       55
  AVERAGE         69                        73     -4       66

PRECIPITATION (IN)
  YESTERDAY        0.03                      0.11  -0.08     0.00
  MONTH TO DATE    0.12                      0.45  -0.33      T
  SINCE JUN 1      2.24                      3.88  -1.64     8.52
  SINCE JAN 1     18.17                     19.02  -0.85    22.15

SNOWFALL (IN)
  YESTERDAY        0.0                       0.0    0.0      0.0
  MONTH TO DATE    0.0                       0.0    0.0      0.0
  SINCE JUN 1      0.0                       0.0    0.0      0.0
  SINCE JUL 1      0.0                       0.0    0.0      0.0
  SNOW DEPTH       0

DEGREE DAYS
 HEATING
  YESTERDAY        0                         0      0        0
  MONTH TO DATE    0                         0      0        1
  SINCE JUN 1     13                        42    -29       31
  SINCE JUL 1      0                         0      0        1

 COOLING
  YESTERDAY        4                         8     -4        1
  MONTH TO DATE   13                        32    -19        6
  SINCE JUN 1    240                       200     40      153
  SINCE JAN 1    321                       259     62      274
..................................................................


WIND (MPH)
  HIGHEST WIND SPEED    15   HIGHEST WIND DIRECTION     S (160)
  HIGHEST GUST SPEED    19   HIGHEST GUST DIRECTION     S (160)
  AVERAGE WIND SPEED     4.9


SKY COVER
  POSSIBLE SUNSHINE  MM
  AVERAGE SKY COVER 0.8


WEATHER CONDITIONS
 THE FOLLOWING WEATHER WAS RECORDED YESTERDAY.
  LIGHT RAIN


RELATIVE HUMIDITY (PERCENT)
 HIGHEST    78           200 AM
 LOWEST     63           700 AM
 AVERAGE    71

..........................................................


THE CLEVELAND OH CLIMATE NORMALS FOR TODAY
                         NORMAL    RECORD    YEAR
 MAXIMUM TEMPERATURE (F)   83        96      1949
                                             1911
 MINIMUM TEMPERATURE (F)   64        48      1979
                                             1972
                                             1963


SUNRISE AND SUNSET
JULY  5 2016..........SUNRISE   600 AM EDT   SUNSET   904 PM EDT
JULY  6 2016..........SUNRISE   601 AM EDT   SUNSET   903 PM EDT


-  INDICATES NEGATIVE NUMBERS.
R  INDICATES RECORD WAS SET OR TIED.
MM INDICATES DATA IS MISSING.
T  INDICATES TRACE AMOUNT.




$$
