000
CDUS41 KCLE 280534
CLICLE


CLIMATE REPORT
NATIONAL WEATHER SERVICE CLEVELAND OH
1234 AM EST SAT JAN 28 2017


...................................

...THE CLEVELAND OH CLIMATE SUMMARY FOR JANUARY 27 2017...

CLIMATE NORMAL PERIOD 1981 TO 2010
CLIMATE RECORD PERIOD 1871 TO 2017


WEATHER ITEM   OBSERVED TIME   RECORD YEAR NORMAL DEPARTURE LAST
                VALUE   (LST)  VALUE       VALUE  FROM      YEAR
                                                  NORMAL
..................................................................
TEMPERATURE (F)
 YESTERDAY
  MAXIMUM         34    605 AM  69    1916  35     -1       32
  MINIMUM         29   1159 PM  -6    1936  22      7       25
  AVERAGE         32                        28      4       29

PRECIPITATION (IN)
  YESTERDAY        T                         0.08  -0.08      T
  MONTH TO DATE    4.15                      2.41   1.74     1.27
  SINCE DEC 1      6.80                      5.51   1.29     4.23
  SINCE JAN 1      4.15                      2.41   1.74     1.27

SNOWFALL (IN)
  YESTERDAY        T                         0.6   -0.6       T
  MONTH TO DATE    3.9                      16.3  -12.4      7.2
  SINCE DEC 1     13.5                      30.4  -16.9      7.5
  SINCE JUL 1     14.4                      34.9  -20.5      8.4
  SNOW DEPTH       0

DEGREE DAYS
 HEATING
  YESTERDAY       33                        37     -4       36
  MONTH TO DATE  786                       998   -212     1027
  SINCE DEC 1   1793                      2010   -217     1674
  SINCE JUL 1   2509                      3105   -596     2539

 COOLING
  YESTERDAY        0                         0      0        0
  MONTH TO DATE    0                         0      0        0
  SINCE DEC 1      0                         0      0        0
  SINCE JAN 1      0                         0      0        0
..................................................................


WIND (MPH)
  HIGHEST WIND SPEED    24   HIGHEST WIND DIRECTION     W (260)
  HIGHEST GUST SPEED    33   HIGHEST GUST DIRECTION    SW (240)
  AVERAGE WIND SPEED    16.2


SKY COVER
  POSSIBLE SUNSHINE  MM
  AVERAGE SKY COVER 1.0


WEATHER CONDITIONS
 THE FOLLOWING WEATHER WAS RECORDED YESTERDAY.
  LIGHT SNOW


RELATIVE HUMIDITY (PERCENT)
 HIGHEST    82          1200 AM
 LOWEST     69           900 AM
 AVERAGE    76

..........................................................


THE CLEVELAND OH CLIMATE NORMALS FOR TODAY
                         NORMAL    RECORD    YEAR
 MAXIMUM TEMPERATURE (F)   35        62      2002
 MINIMUM TEMPERATURE (F)   22       -10      1977
                                             1963


SUNRISE AND SUNSET
JANUARY 28 2017.......SUNRISE   742 AM EST   SUNSET   539 PM EST
JANUARY 29 2017.......SUNRISE   741 AM EST   SUNSET   540 PM EST


-  INDICATES NEGATIVE NUMBERS.
R  INDICATES RECORD WAS SET OR TIED.
MM INDICATES DATA IS MISSING.
T  INDICATES TRACE AMOUNT.




$$
