000
CDUS41 KCLE 180542
CLICLE


CLIMATE REPORT
NATIONAL WEATHER SERVICE CLEVELAND OH
142 AM EDT THU JUN 18 2015


...................................

...THE CLEVELAND OH CLIMATE SUMMARY FOR JUNE 17 2015...

CLIMATE NORMAL PERIOD 1981 TO 2010
CLIMATE RECORD PERIOD 1871 TO 2015


WEATHER ITEM   OBSERVED TIME   RECORD YEAR NORMAL DEPARTURE LAST
                VALUE   (LST)  VALUE       VALUE  FROM      YEAR
                                                  NORMAL
..................................................................
TEMPERATURE (F)
 YESTERDAY
  MAXIMUM         75    421 PM  93    1994  79     -4       90
  MINIMUM         59    323 AM  38    1980  61     -2       72
  AVERAGE         67                        70     -3       81

PRECIPITATION (IN)
  YESTERDAY        0.00                      0.12  -0.12     0.02
  MONTH TO DATE    3.41                      1.98   1.43     0.84
  SINCE JUN 1      3.41                      1.98   1.43     0.84
  SINCE JAN 1     17.04                     17.12  -0.08    17.11

SNOWFALL (IN)
  YESTERDAY        0.0                       0.0    0.0      0.0
  MONTH TO DATE    0.0                       0.0    0.0      0.0
  SINCE JUN 1      0.0                       0.0    0.0      0.0
  SINCE JUL 1     67.1                      68.1   -1.0     86.1
  SNOW DEPTH       0

DEGREE DAYS
 HEATING
  YESTERDAY        0                         1     -1        0
  MONTH TO DATE   28                        33     -5       20
  SINCE JUN 1     28                        33     -5       20
  SINCE JUL 1   6521                      5753    768     6315

 COOLING
  YESTERDAY        2                         6     -4       16
  MONTH TO DATE   86                        75     11       73
  SINCE JUN 1     86                        75     11       73
  SINCE JAN 1    207                       134     73      139
..................................................................


WIND (MPH)
  HIGHEST WIND SPEED    15   HIGHEST WIND DIRECTION     S (180)
  HIGHEST GUST SPEED    18   HIGHEST GUST DIRECTION     S (190)
  AVERAGE WIND SPEED     6.6


SKY COVER
  POSSIBLE SUNSHINE  MM
  AVERAGE SKY COVER 0.9


WEATHER CONDITIONS
 THE FOLLOWING WEATHER WAS RECORDED YESTERDAY.
  NO SIGNIFICANT WEATHER WAS OBSERVED.


RELATIVE HUMIDITY (PERCENT)
 HIGHEST    84          1100 PM
 LOWEST     57           400 PM
 AVERAGE    71

..........................................................


THE CLEVELAND OH CLIMATE NORMALS FOR TODAY
                         NORMAL    RECORD    YEAR
 MAXIMUM TEMPERATURE (F)   80        96      1944
 MINIMUM TEMPERATURE (F)   61        41      1950


SUNRISE AND SUNSET
JUNE 18 2015..........SUNRISE   553 AM EDT   SUNSET   904 PM EDT
JUNE 19 2015..........SUNRISE   554 AM EDT   SUNSET   904 PM EDT


-  INDICATES NEGATIVE NUMBERS.
R  INDICATES RECORD WAS SET OR TIED.
MM INDICATES DATA IS MISSING.
T  INDICATES TRACE AMOUNT.




$$
