634
CDUS41 KCLE 270536
CLICLE


CLIMATE REPORT
NATIONAL WEATHER SERVICE CLEVELAND OH
1235 AM EST WED JAN 27 2016


...................................

...THE CLEVELAND OH CLIMATE SUMMARY FOR JANUARY 26 2016...

CLIMATE NORMAL PERIOD 1981 TO 2010
CLIMATE RECORD PERIOD 1871 TO 2016


WEATHER ITEM   OBSERVED TIME   RECORD YEAR NORMAL DEPARTURE LAST
                VALUE   (LST)  VALUE       VALUE  FROM      YEAR
                                                  NORMAL
..................................................................
TEMPERATURE (F)
 YESTERDAY
  MAXIMUM         48    806 AM  69    1950  35     13       22
  MINIMUM         32   1159 PM  -9    1897  22     10       19
  AVERAGE         40                        28     12       21

PRECIPITATION (IN)
  YESTERDAY        0.01                      0.08  -0.07     0.01
  MONTH TO DATE    1.27                      2.33  -1.06     2.71
  SINCE DEC 1      4.23                      5.43  -1.20     4.66
  SINCE JAN 1      1.27                      2.33  -1.06     2.71

SNOWFALL (IN)
  YESTERDAY        T                         0.7   -0.7      0.1
  MONTH TO DATE    7.2                      15.7   -8.5     13.8
  SINCE DEC 1      7.5                      29.8  -22.3     14.7
  SINCE JUL 1      8.4                      34.3  -25.9     34.1
  SNOW DEPTH       0

DEGREE DAYS
 HEATING
  YESTERDAY       25                        37    -12       44
  MONTH TO DATE  991                       961     30     1071
  SINCE DEC 1   1638                      1973   -335     1978
  SINCE JUL 1   2503                      3068   -565     3312

 COOLING
  YESTERDAY        0                         0      0        0
  MONTH TO DATE    0                         0      0        0
  SINCE DEC 1      0                         0      0        0
  SINCE JAN 1      0                         0      0        0
..................................................................


WIND (MPH)
  HIGHEST WIND SPEED    31   HIGHEST WIND DIRECTION     W (250)
  HIGHEST GUST SPEED    44   HIGHEST GUST DIRECTION    SW (240)
  AVERAGE WIND SPEED    17.5


SKY COVER
  POSSIBLE SUNSHINE  MM
  AVERAGE SKY COVER 1.0


WEATHER CONDITIONS
 THE FOLLOWING WEATHER WAS RECORDED YESTERDAY.
  LIGHT RAIN
  LIGHT SNOW


RELATIVE HUMIDITY (PERCENT)
 HIGHEST    76           700 AM
 LOWEST     53          1200 AM
 AVERAGE    65

..........................................................


THE CLEVELAND OH CLIMATE NORMALS FOR TODAY
                         NORMAL    RECORD    YEAR
 MAXIMUM TEMPERATURE (F)   35        69      1916
 MINIMUM TEMPERATURE (F)   22        -6      1936


SUNRISE AND SUNSET
JANUARY 27 2016.......SUNRISE   744 AM EST   SUNSET   537 PM EST
JANUARY 28 2016.......SUNRISE   743 AM EST   SUNSET   538 PM EST


-  INDICATES NEGATIVE NUMBERS.
R  INDICATES RECORD WAS SET OR TIED.
MM INDICATES DATA IS MISSING.
T  INDICATES TRACE AMOUNT.




$$
