000
CDUS41 KCLE 090527
CLICLE


CLIMATE REPORT
NATIONAL WEATHER SERVICE CLEVELAND OH
1227 AM EST THU MAR 9 2017


...................................

...THE CLEVELAND OH CLIMATE SUMMARY FOR MARCH 8 2017...

CLIMATE NORMAL PERIOD 1981 TO 2010
CLIMATE RECORD PERIOD 1871 TO 2017


WEATHER ITEM   OBSERVED TIME   RECORD YEAR NORMAL DEPARTURE LAST
                VALUE   (LST)  VALUE       VALUE  FROM      YEAR
                                                  NORMAL
..................................................................
TEMPERATURE (F)
 YESTERDAY
  MAXIMUM         56    349 PM  79    2000  43     13       72
  MINIMUM         40    350 AM  -1    1960  28     12       51
  AVERAGE         48                        36     12       62

PRECIPITATION (IN)
  YESTERDAY        0.00                      0.09  -0.09     0.00
  MONTH TO DATE    1.75                      0.68   1.07     0.66
  SINCE MAR 1      1.75                      0.68   1.07     0.66
  SINCE JAN 1      9.21                      5.74   3.47     5.25

SNOWFALL (IN)
  YESTERDAY        0.0                       0.5   -0.5      0.0
  MONTH TO DATE    5.2                       3.8    1.4      3.2
  SINCE MAR 1      5.2                       3.8    1.4      3.2
  SINCE JUL 1     30.4                      56.0  -25.6     25.0
  SNOW DEPTH       0

DEGREE DAYS
 HEATING
  YESTERDAY       17                        29    -12        3
  MONTH TO DATE  201                       243    -42      226
  SINCE MAR 1    201                       243    -42      226
  SINCE JUL 1   3512                      4460   -948     3817

 COOLING
  YESTERDAY        0                         0      0        0
  MONTH TO DATE    0                         0      0        0
  SINCE MAR 1      0                         0      0        0
  SINCE JAN 1      0                         0      0        0
..................................................................


WIND (MPH)
  HIGHEST WIND SPEED    47   HIGHEST WIND DIRECTION     W (250)
  HIGHEST GUST SPEED    61   HIGHEST GUST DIRECTION     W (260)
  AVERAGE WIND SPEED    24.1


SKY COVER
  POSSIBLE SUNSHINE  MM
  AVERAGE SKY COVER 0.1


WEATHER CONDITIONS
 THE FOLLOWING WEATHER WAS RECORDED YESTERDAY.
  NO SIGNIFICANT WEATHER WAS OBSERVED.


RELATIVE HUMIDITY (PERCENT)
 HIGHEST    62           100 AM
 LOWEST     24           400 PM
 AVERAGE    43

..........................................................


THE CLEVELAND OH CLIMATE NORMALS FOR TODAY
                         NORMAL    RECORD    YEAR
 MAXIMUM TEMPERATURE (F)   44        73      1878
 MINIMUM TEMPERATURE (F)   28        -5      1984


SUNRISE AND SUNSET
MARCH  9 2017.........SUNRISE   649 AM EST   SUNSET   628 PM EST
MARCH 10 2017.........SUNRISE   647 AM EST   SUNSET   629 PM EST


-  INDICATES NEGATIVE NUMBERS.
R  INDICATES RECORD WAS SET OR TIED.
MM INDICATES DATA IS MISSING.
T  INDICATES TRACE AMOUNT.




$$
