000
CDUS41 KCLE 070527
CLICLE


CLIMATE REPORT
NATIONAL WEATHER SERVICE CLEVELAND OH
1226 AM EST THU DEC 7 2017


...................................

...THE CLEVELAND OH CLIMATE SUMMARY FOR DECEMBER 6 2017...

CLIMATE NORMAL PERIOD 1981 TO 2010
CLIMATE RECORD PERIOD 1871 TO 2017


WEATHER ITEM   OBSERVED TIME   RECORD YEAR NORMAL DEPARTURE LAST
                VALUE   (LST)  VALUE       VALUE  FROM      YEAR
                                                  NORMAL
..................................................................
TEMPERATURE (F)
 YESTERDAY
  MAXIMUM         42    243 PM  70    1998  41      1       41
  MINIMUM         28    348 AM   7    2005  30     -2       30
                                      1977
  AVERAGE         35                        36     -1       36

PRECIPITATION (IN)
  YESTERDAY        0.00                      0.11  -0.11     0.49
  MONTH TO DATE    0.21                      0.63  -0.42     0.69
  SINCE DEC 1      0.21                      0.63  -0.42     0.69
  SINCE JAN 1     42.28                     36.67   5.61    34.51

SNOWFALL (IN)
  YESTERDAY        0.0                       0.4   -0.4      0.0
  MONTH TO DATE    0.0                       2.0   -2.0      0.2
  SINCE DEC 1      0.0                       2.0   -2.0      0.2
  SINCE JUL 1      0.8                       6.5   -5.7      1.1
  SNOW DEPTH       0

DEGREE DAYS
 HEATING
  YESTERDAY       30                        30      0       29
  MONTH TO DATE  143                       171    -28      163
  SINCE DEC 1    143                       171    -28      163
  SINCE JUL 1   1033                      1266   -233      879

 COOLING
  YESTERDAY        0                         0      0        0
  MONTH TO DATE    0                         0      0        0
  SINCE DEC 1      0                         0      0        0
  SINCE JAN 1   1113                       817    296     1320
..................................................................


WIND (MPH)
  HIGHEST WIND SPEED    30   HIGHEST WIND DIRECTION     W (250)
  HIGHEST GUST SPEED    41   HIGHEST GUST DIRECTION     W (260)
  AVERAGE WIND SPEED    14.9


SKY COVER
  POSSIBLE SUNSHINE  MM
  AVERAGE SKY COVER 0.4


WEATHER CONDITIONS
 THE FOLLOWING WEATHER WAS RECORDED YESTERDAY.
  NO SIGNIFICANT WEATHER WAS OBSERVED.


RELATIVE HUMIDITY (PERCENT)
 HIGHEST    63           600 AM
 LOWEST     45           300 PM
 AVERAGE    54

..........................................................


THE CLEVELAND OH CLIMATE NORMALS FOR TODAY
                         NORMAL    RECORD    YEAR
 MAXIMUM TEMPERATURE (F)   41        67      1998
 MINIMUM TEMPERATURE (F)   29        -5      1882


SUNRISE AND SUNSET
DECEMBER  7 2017......SUNRISE   740 AM EST   SUNSET   458 PM EST
DECEMBER  8 2017......SUNRISE   741 AM EST   SUNSET   458 PM EST


-  INDICATES NEGATIVE NUMBERS.
R  INDICATES RECORD WAS SET OR TIED.
MM INDICATES DATA IS MISSING.
T  INDICATES TRACE AMOUNT.




$$
