000
CDUS41 KCLE 100526
CLICLE


CLIMATE REPORT
NATIONAL WEATHER SERVICE CLEVELAND OH
1226 AM EST THU NOV 10 2016


...................................

...THE CLEVELAND OH CLIMATE SUMMARY FOR NOVEMBER 9 2016...

CLIMATE NORMAL PERIOD 1981 TO 2010
CLIMATE RECORD PERIOD 1871 TO 2016


WEATHER ITEM   OBSERVED TIME   RECORD YEAR NORMAL DEPARTURE LAST
                VALUE   (LST)  VALUE       VALUE  FROM      YEAR
                                                  NORMAL
..................................................................
TEMPERATURE (F)
 YESTERDAY
  MAXIMUM         53   1215 AM  74    1975  54     -1       58
                                      1931
  MINIMUM         38   1159 PM  22    1976  39     -1       30
  AVERAGE         46                        46      0       44

PRECIPITATION (IN)
  YESTERDAY        0.29                      0.11   0.18      T
  MONTH TO DATE    0.71                      1.05  -0.34     0.30
  SINCE SEP 1      9.05                      7.93   1.12     7.38
  SINCE JAN 1     32.42                     33.47  -1.05    35.10

SNOWFALL (IN)
  YESTERDAY        0.0                       0.1   -0.1      0.0
  MONTH TO DATE    0.0                       0.7   -0.7      0.0
  SINCE SEP 1      0.0                       0.9   -0.9      0.1
  SINCE JUL 1      0.0                       0.9   -0.9      0.1
  SNOW DEPTH       0

DEGREE DAYS
 HEATING
  YESTERDAY       19                        19      0       21
  MONTH TO DATE   80                       156    -76       94
  SINCE SEP 1    309                       604   -295      444
  SINCE JUL 1    309                       616   -307      458

 COOLING
  YESTERDAY        0                         0      0        0
  MONTH TO DATE    7                         0      7        4
  SINCE SEP 1    235                       101    134      162
  SINCE JAN 1   1319                       816    503      831
..................................................................


WIND (MPH)
  HIGHEST WIND SPEED    28   HIGHEST WIND DIRECTION    NW (330)
  HIGHEST GUST SPEED    35   HIGHEST GUST DIRECTION    NW (330)
  AVERAGE WIND SPEED    12.9


SKY COVER
  POSSIBLE SUNSHINE  MM
  AVERAGE SKY COVER 0.8


WEATHER CONDITIONS
 THE FOLLOWING WEATHER WAS RECORDED YESTERDAY.
  LIGHT RAIN
  FOG
  HAZE


RELATIVE HUMIDITY (PERCENT)
 HIGHEST    86           300 AM
 LOWEST     60           600 PM
 AVERAGE    73

..........................................................


THE CLEVELAND OH CLIMATE NORMALS FOR TODAY
                         NORMAL    RECORD    YEAR
 MAXIMUM TEMPERATURE (F)   53        71      1998
 MINIMUM TEMPERATURE (F)   39        19      1991


SUNRISE AND SUNSET
NOVEMBER 10 2016......SUNRISE   710 AM EST   SUNSET   512 PM EST
NOVEMBER 11 2016......SUNRISE   712 AM EST   SUNSET   511 PM EST


-  INDICATES NEGATIVE NUMBERS.
R  INDICATES RECORD WAS SET OR TIED.
MM INDICATES DATA IS MISSING.
T  INDICATES TRACE AMOUNT.




$$
