913
CDUS41 KCLE 110526
CLICLE


CLIMATE REPORT
NATIONAL WEATHER SERVICE CLEVELAND OH
125 AM EDT TUE APR 11 2017


...................................

...THE CLEVELAND OH CLIMATE SUMMARY FOR APRIL 10 2017...

CLIMATE NORMAL PERIOD 1981 TO 2010
CLIMATE RECORD PERIOD 1871 TO 2017


WEATHER ITEM   OBSERVED TIME   RECORD YEAR NORMAL DEPARTURE LAST
                VALUE   (LST)  VALUE       VALUE  FROM      YEAR
                                                  NORMAL
..................................................................
TEMPERATURE (F)
 YESTERDAY
  MAXIMUM         80    326 PM  83    1978  57     23       48
                                      1945
  MINIMUM         61   1224 AM  20    1997  39     22       23
  AVERAGE         71                        48     23       36

PRECIPITATION (IN)
  YESTERDAY        0.00                      0.12  -0.12     0.08
  MONTH TO DATE    1.52                      1.21   0.31     2.23
  SINCE MAR 1      5.54                      4.14   1.40     6.40
  SINCE JAN 1     13.00                      9.20   3.80    10.99

SNOWFALL (IN)
  YESTERDAY        0.0                       0.1   -0.1       T
  MONTH TO DATE    2.8                       1.9    0.9      7.8
  SINCE MAR 1     12.1                      14.5   -2.4     11.0
  SINCE JUL 1     37.3                      66.7  -29.4     32.8
  SNOW DEPTH       0

DEGREE DAYS
 HEATING
  YESTERDAY        0                        17    -17       29
  MONTH TO DATE  133                       192    -59      257
  SINCE MAR 1    924                      1018    -94      880
  SINCE JUL 1   4235                      5235  -1000     4471

 COOLING
  YESTERDAY        6                         0      6        0
  MONTH TO DATE    6                         0      6        0
  SINCE MAR 1      6                         1      5        0
  SINCE JAN 1      6                         1      5        0
..................................................................


WIND (MPH)
  HIGHEST WIND SPEED    25   HIGHEST WIND DIRECTION    SW (210)
  HIGHEST GUST SPEED    33   HIGHEST GUST DIRECTION    SW (210)
  AVERAGE WIND SPEED    13.9


SKY COVER
  POSSIBLE SUNSHINE  MM
  AVERAGE SKY COVER 0.8


WEATHER CONDITIONS
 THE FOLLOWING WEATHER WAS RECORDED YESTERDAY.
  NO SIGNIFICANT WEATHER WAS OBSERVED.


RELATIVE HUMIDITY (PERCENT)
 HIGHEST    52          1100 PM
 LOWEST     24           200 AM
 AVERAGE    38

..........................................................


THE CLEVELAND OH CLIMATE NORMALS FOR TODAY
                         NORMAL    RECORD    YEAR
 MAXIMUM TEMPERATURE (F)   57        82      1945
                                             1930
 MINIMUM TEMPERATURE (F)   39        22      1882


SUNRISE AND SUNSET
APRIL 11 2017.........SUNRISE   654 AM EDT   SUNSET   804 PM EDT
APRIL 12 2017.........SUNRISE   652 AM EDT   SUNSET   805 PM EDT


-  INDICATES NEGATIVE NUMBERS.
R  INDICATES RECORD WAS SET OR TIED.
MM INDICATES DATA IS MISSING.
T  INDICATES TRACE AMOUNT.




$$
