000
CDUS41 KCLE 092221
CLICLE


CLIMATE REPORT
NATIONAL WEATHER SERVICE CLEVELAND OH
521 PM EST SUN NOV 9 2014


...................................

...THE CLEVELAND OH CLIMATE SUMMARY FOR NOVEMBER 9 2014...
VALID TODAY AS OF 0500 PM LOCAL TIME.

CLIMATE NORMAL PERIOD 1981 TO 2010
CLIMATE RECORD PERIOD 1871 TO 2014


WEATHER ITEM   OBSERVED TIME   RECORD YEAR NORMAL DEPARTURE LAST
                VALUE   (LST)  VALUE       VALUE  FROM      YEAR
                                                  NORMAL
..................................................................
TEMPERATURE (F)
 TODAY
  MAXIMUM         48    335 PM  74    1975  54     -6       59
                                      1931
  MINIMUM         37    725 AM  22    1976  39     -2       32
  AVERAGE         43                        46     -3       46

PRECIPITATION (IN)
  TODAY            0.02                      0.11  -0.09     0.00
  MONTH TO DATE    1.40                      1.05   0.35     1.09
  SINCE SEP 1      8.71                      7.93   0.78     7.75
  SINCE JAN 1     39.82                     33.47   6.35    35.96

SNOWFALL (IN)
  TODAY            0.0                       0.1   -0.1      0.0
  MONTH TO DATE    T                         0.7   -0.7      0.1
  SINCE SEP 1      T                         0.9   -0.9      0.1
  SINCE JUL 1      T                         0.9   -0.9      0.1
  SNOW DEPTH       0

DEGREE DAYS
 HEATING
  TODAY           22                        19      3       19
  MONTH TO DATE  188                       156     32      163
  SINCE SEP 1    663                       604     59      567
  SINCE JUL 1    688                       616     72      574

 COOLING
  TODAY            0                         0      0        0
  MONTH TO DATE    0                         0      0        0
  SINCE SEP 1     67                       101    -34      127
  SINCE JAN 1    657                       816   -159      889
..................................................................


WIND (MPH)
  HIGHEST WIND SPEED    21   HIGHEST WIND DIRECTION    SW (240)
  HIGHEST GUST SPEED    26   HIGHEST GUST DIRECTION     S (200)


SKY COVER
  POSSIBLE SUNSHINE  MM
  AVERAGE SKY COVER 0.8


WEATHER CONDITIONS
 THE FOLLOWING WEATHER WAS RECORDED TODAY.
  LIGHT RAIN
  FOG


RELATIVE HUMIDITY (PERCENT)
 HIGHEST    85           300 AM
 LOWEST     46           300 PM
 AVERAGE    66

..........................................................


THE CLEVELAND OH CLIMATE NORMALS FOR TOMORROW
                         NORMAL    RECORD    YEAR
 MAXIMUM TEMPERATURE (F)   53        71      1998
 MINIMUM TEMPERATURE (F)   39        19      1991


SUNRISE AND SUNSET
NOVEMBER  9 2014......SUNRISE   709 AM EST   SUNSET   513 PM EST
NOVEMBER 10 2014......SUNRISE   710 AM EST   SUNSET   512 PM EST


-  INDICATES NEGATIVE NUMBERS.
R  INDICATES RECORD WAS SET OR TIED.
MM INDICATES DATA IS MISSING.
T  INDICATES TRACE AMOUNT.




$$
