000
CDUS41 KCLE 050526
CLICLE


CLIMATE REPORT
NATIONAL WEATHER SERVICE CLEVELAND OH
126 AM EDT TUE APR 5 2016


...................................

...THE CLEVELAND OH CLIMATE SUMMARY FOR APRIL 4 2016...

CLIMATE NORMAL PERIOD 1981 TO 2010
CLIMATE RECORD PERIOD 1871 TO 2016


WEATHER ITEM   OBSERVED TIME   RECORD YEAR NORMAL DEPARTURE LAST
                VALUE   (LST)  VALUE       VALUE  FROM      YEAR
                                                  NORMAL
..................................................................
TEMPERATURE (F)
 YESTERDAY
  MAXIMUM         56    100 AM  77    1882  54      2       48
  MINIMUM         26   1159 PM  19    1971  37    -11       29
  AVERAGE         41                        45     -4       39

PRECIPITATION (IN)
  YESTERDAY        0.01                      0.12  -0.11     0.04
  MONTH TO DATE    0.32                      0.48  -0.16     0.76
  SINCE MAR 1      4.49                      3.41   1.08     2.73
  SINCE JAN 1      9.08                      8.47   0.61     7.53

SNOWFALL (IN)
  YESTERDAY        0.1                       0.2   -0.1      0.1
  MONTH TO DATE    1.3                       0.9    0.4      0.1
  SINCE MAR 1      4.5                      13.5   -9.0      4.9
  SINCE JUL 1     26.3                      65.7  -39.4     66.3
  SNOW DEPTH       0

DEGREE DAYS
 HEATING
  YESTERDAY       24                        20      4       26
  MONTH TO DATE   88                        82      6       72
  SINCE MAR 1    711                       908   -197     1027
  SINCE JUL 1   4302                      5125   -823     5977

 COOLING
  YESTERDAY        0                         0      0        0
  MONTH TO DATE    0                         0      0        0
  SINCE MAR 1      0                         1     -1        0
  SINCE JAN 1      0                         1     -1        0
..................................................................


WIND (MPH)
  HIGHEST WIND SPEED    29   HIGHEST WIND DIRECTION    SW (220)
  HIGHEST GUST SPEED    44   HIGHEST GUST DIRECTION    SW (220)
  AVERAGE WIND SPEED    16.3


SKY COVER
  POSSIBLE SUNSHINE  MM
  AVERAGE SKY COVER 0.8


WEATHER CONDITIONS
 THE FOLLOWING WEATHER WAS RECORDED YESTERDAY.
  LIGHT SNOW
  FOG


RELATIVE HUMIDITY (PERCENT)
 HIGHEST    92           700 AM
 LOWEST     43          1200 AM
 AVERAGE    68

..........................................................


THE CLEVELAND OH CLIMATE NORMALS FOR TODAY
                         NORMAL    RECORD    YEAR
 MAXIMUM TEMPERATURE (F)   55        81      1988
 MINIMUM TEMPERATURE (F)   37        16      1881


SUNRISE AND SUNSET
APRIL  5 2016.........SUNRISE   703 AM EDT   SUNSET   757 PM EDT
APRIL  6 2016.........SUNRISE   701 AM EDT   SUNSET   759 PM EDT


-  INDICATES NEGATIVE NUMBERS.
R  INDICATES RECORD WAS SET OR TIED.
MM INDICATES DATA IS MISSING.
T  INDICATES TRACE AMOUNT.




$$
