000
CDUS41 KCLE 210545
CLICLE


CLIMATE REPORT
NATIONAL WEATHER SERVICE CLEVELAND OH
145 AM EDT FRI AUG 21 2015


...................................

...THE CLEVELAND OH CLIMATE SUMMARY FOR AUGUST 20 2015...

CLIMATE NORMAL PERIOD 1981 TO 2010
CLIMATE RECORD PERIOD 1871 TO 2015


WEATHER ITEM   OBSERVED TIME   RECORD YEAR NORMAL DEPARTURE LAST
                VALUE   (LST)  VALUE       VALUE  FROM      YEAR
                                                  NORMAL
..................................................................
TEMPERATURE (F)
 YESTERDAY
  MAXIMUM         76    457 PM  95    1947  81     -5       83
  MINIMUM         61   1100 PM  46    1998  63     -2       66
  AVERAGE         69                        72     -3       75

PRECIPITATION (IN)
  YESTERDAY        0.09                      0.11  -0.02     0.33
  MONTH TO DATE    2.35                      2.29   0.06     4.08
  SINCE JUN 1     13.59                      9.18   4.41    14.33
  SINCE JAN 1     27.22                     24.32   2.90    30.60

SNOWFALL (IN)
  YESTERDAY        0.0                       0.0    0.0      0.0
  MONTH TO DATE    0.0                       0.0    0.0      0.0
  SINCE JUN 1      0.0                       0.0    0.0      0.0
  SINCE JUL 1      0.0                       0.0    0.0      0.0
  SNOW DEPTH       0

DEGREE DAYS
 HEATING
  YESTERDAY        0                         0      0        0
  MONTH TO DATE    0                         0      0        8
  SINCE JUN 1     33                        46    -13       42
  SINCE JUL 1      3                         4     -1       22

 COOLING
  YESTERDAY        4                         7     -3       10
  MONTH TO DATE  152                       154     -2       94
  SINCE JUN 1    509                       587    -78      428
  SINCE JAN 1    630                       646    -16      494
..................................................................


WIND (MPH)
  HIGHEST WIND SPEED    23   HIGHEST WIND DIRECTION    SW (240)
  HIGHEST GUST SPEED    29   HIGHEST GUST DIRECTION    SW (240)
  AVERAGE WIND SPEED    12.4


SKY COVER
  POSSIBLE SUNSHINE  MM
  AVERAGE SKY COVER 0.7


WEATHER CONDITIONS
 THE FOLLOWING WEATHER WAS RECORDED YESTERDAY.
  HEAVY RAIN
  RAIN
  LIGHT RAIN
  FOG


RELATIVE HUMIDITY (PERCENT)
 HIGHEST    87           400 AM
 LOWEST     46           500 PM
 AVERAGE    67

..........................................................


THE CLEVELAND OH CLIMATE NORMALS FOR TODAY
                         NORMAL    RECORD    YEAR
 MAXIMUM TEMPERATURE (F)   81        96      1947
 MINIMUM TEMPERATURE (F)   63        45      1950


SUNRISE AND SUNSET
AUGUST 21 2015........SUNRISE   642 AM EDT   SUNSET   818 PM EDT
AUGUST 22 2015........SUNRISE   643 AM EDT   SUNSET   817 PM EDT


-  INDICATES NEGATIVE NUMBERS.
R  INDICATES RECORD WAS SET OR TIED.
MM INDICATES DATA IS MISSING.
T  INDICATES TRACE AMOUNT.




$$
