000
CDUS41 KCLE 090532
CLICLE


CLIMATE REPORT
NATIONAL WEATHER SERVICE CLEVELAND OH
1231 AM EST MON JAN 9 2017


...................................

...THE CLEVELAND OH CLIMATE SUMMARY FOR JANUARY 8 2017...

CLIMATE NORMAL PERIOD 1981 TO 2010
CLIMATE RECORD PERIOD 1871 TO 2017


WEATHER ITEM   OBSERVED TIME   RECORD YEAR NORMAL DEPARTURE LAST
                VALUE   (LST)  VALUE       VALUE  FROM      YEAR
                                                  NORMAL
..................................................................
TEMPERATURE (F)
 YESTERDAY
  MAXIMUM         19    244 PM  66    1937  34    -15       45
  MINIMUM         12    824 AM -10    1968  22    -10       26
  AVERAGE         16                        28    -12       36

PRECIPITATION (IN)
  YESTERDAY        0.02                      0.09  -0.07     0.24
  MONTH TO DATE    0.97                      0.78   0.19     0.26
  SINCE DEC 1      3.62                      3.88  -0.26     3.22
  SINCE JAN 1      0.97                      0.78   0.19     0.26

SNOWFALL (IN)
  YESTERDAY        0.8                       0.6    0.2      0.0
  MONTH TO DATE    2.6                       4.7   -2.1      0.2
  SINCE DEC 1     12.2                      18.8   -6.6      0.5
  SINCE JUL 1     13.1                      23.3  -10.2      1.4
  SNOW DEPTH       2

DEGREE DAYS
 HEATING
  YESTERDAY       49                        37     12       29
  MONTH TO DATE  312                       295     17      288
  SINCE DEC 1   1319                      1307     12      935
  SINCE JUL 1   2035                      2402   -367     1800

 COOLING
  YESTERDAY        0                         0      0        0
  MONTH TO DATE    0                         0      0        0
  SINCE DEC 1      0                         0      0        0
  SINCE JAN 1      0                         0      0        0
..................................................................


WIND (MPH)
  HIGHEST WIND SPEED    22   HIGHEST WIND DIRECTION     W (290)
  HIGHEST GUST SPEED    29   HIGHEST GUST DIRECTION    NW (310)
  AVERAGE WIND SPEED    12.6


SKY COVER
  POSSIBLE SUNSHINE  MM
  AVERAGE SKY COVER 0.8


WEATHER CONDITIONS
 THE FOLLOWING WEATHER WAS RECORDED YESTERDAY.
  SNOW
  LIGHT SNOW


RELATIVE HUMIDITY (PERCENT)
 HIGHEST    70          1200 AM
 LOWEST     49           200 PM
 AVERAGE    60

..........................................................


THE CLEVELAND OH CLIMATE NORMALS FOR TODAY
                         NORMAL    RECORD    YEAR
 MAXIMUM TEMPERATURE (F)   34        66      1937
 MINIMUM TEMPERATURE (F)   22       -13      1875


SUNRISE AND SUNSET
JANUARY  9 2017.......SUNRISE   753 AM EST   SUNSET   517 PM EST
JANUARY 10 2017.......SUNRISE   753 AM EST   SUNSET   518 PM EST


-  INDICATES NEGATIVE NUMBERS.
R  INDICATES RECORD WAS SET OR TIED.
MM INDICATES DATA IS MISSING.
T  INDICATES TRACE AMOUNT.




$$
