000
CDUS41 KCLE 250526
CLICLE


CLIMATE REPORT
NATIONAL WEATHER SERVICE CLEVELAND OH
1226 AM EST TUE NOV 25 2014


...................................

...THE CLEVELAND OH CLIMATE SUMMARY FOR NOVEMBER 24 2014...

CLIMATE NORMAL PERIOD 1981 TO 2010
CLIMATE RECORD PERIOD 1871 TO 2014


WEATHER ITEM   OBSERVED TIME   RECORD YEAR NORMAL DEPARTURE LAST
                VALUE   (LST)  VALUE       VALUE  FROM      YEAR
                                                  NORMAL
..................................................................
TEMPERATURE (F)
 YESTERDAY
  MAXIMUM         63   1049 AM  70    1931  47     16       26
  MINIMUM         39   1159 PM   7    1950  34      5       21
  AVERAGE         51                        40     11       24

PRECIPITATION (IN)
  YESTERDAY        0.14                      0.13   0.01      T
  MONTH TO DATE    2.80                      2.92  -0.12     2.73
  SINCE SEP 1     10.11                      9.80   0.31     9.39
  SINCE JAN 1     41.22                     35.34   5.88    37.60

SNOWFALL (IN)
  YESTERDAY        0.0                       0.3   -0.3       T
  MONTH TO DATE   12.4                       3.0    9.4      3.2
  SINCE SEP 1     12.4                       3.2    9.2      3.2
  SINCE JUL 1     12.4                       3.2    9.2      3.2
  SNOW DEPTH       0

DEGREE DAYS
 HEATING
  YESTERDAY       14                        24    -10       41
  MONTH TO DATE  664                       480    184      530
  SINCE SEP 1   1139                       928    211      934
  SINCE JUL 1   1164                       940    224      941

 COOLING
  YESTERDAY        0                         0      0        0
  MONTH TO DATE    0                         0      0        0
  SINCE SEP 1     67                       101    -34      127
  SINCE JAN 1    657                       816   -159      889
..................................................................


WIND (MPH)
  HIGHEST WIND SPEED    48   HIGHEST WIND DIRECTION    SW (230)
  HIGHEST GUST SPEED    64   HIGHEST GUST DIRECTION    SW (220)
  AVERAGE WIND SPEED    23.2


SKY COVER
  POSSIBLE SUNSHINE  MM
  AVERAGE SKY COVER 1.0


WEATHER CONDITIONS
 THE FOLLOWING WEATHER WAS RECORDED YESTERDAY.
  LIGHT RAIN
  FOG
  HAZE


RELATIVE HUMIDITY (PERCENT)
 HIGHEST    93          1200 AM
 LOWEST     58           800 PM
 AVERAGE    76

..........................................................


THE CLEVELAND OH CLIMATE NORMALS FOR TODAY
                         NORMAL    RECORD    YEAR
 MAXIMUM TEMPERATURE (F)   47        67      1908
 MINIMUM TEMPERATURE (F)   34        13      2005


SUNRISE AND SUNSET
NOVEMBER 25 2014......SUNRISE   727 AM EST   SUNSET   501 PM EST
NOVEMBER 26 2014......SUNRISE   729 AM EST   SUNSET   501 PM EST


-  INDICATES NEGATIVE NUMBERS.
R  INDICATES RECORD WAS SET OR TIED.
MM INDICATES DATA IS MISSING.
T  INDICATES TRACE AMOUNT.




$$
