000
CDUS41 KCLE 270545
CLICLE


CLIMATE REPORT
NATIONAL WEATHER SERVICE CLEVELAND OH
145 AM EDT WED AUG 27 2014


...................................

...THE CLEVELAND OH CLIMATE SUMMARY FOR AUGUST 26 2014...

CLIMATE NORMAL PERIOD 1981 TO 2010
CLIMATE RECORD PERIOD 1871 TO 2014


WEATHER ITEM   OBSERVED TIME   RECORD YEAR NORMAL DEPARTURE LAST
                VALUE   (LST)  VALUE       VALUE  FROM      YEAR
                                                  NORMAL
..................................................................
TEMPERATURE (F)
 YESTERDAY
  MAXIMUM         87    359 PM  97    1948  80      7       87
  MINIMUM         70   1159 PM  47    1958  62      8       68
                                      1944
  AVERAGE         79                        71      8       78

PRECIPITATION (IN)
  YESTERDAY        0.40                      0.12   0.28     0.00
  MONTH TO DATE    4.59                      2.95   1.64     1.68
  SINCE JUN 1     14.84                      9.84   5.00    14.49
  SINCE JAN 1     31.11                     24.98   6.13    27.08

SNOWFALL (IN)
  YESTERDAY        0.0                       0.0    0.0      0.0
  MONTH TO DATE    0.0                       0.0    0.0      0.0
  SINCE JUN 1      0.0                       0.0    0.0      0.0
  SINCE JUL 1      0.0                       0.0    0.0      0.0
  SNOW DEPTH       0

DEGREE DAYS
 HEATING
  YESTERDAY        0                         0      0        0
  MONTH TO DATE    8                         0      8        4
  SINCE JUN 1     42                        46     -4       46
  SINCE JUL 1     22                         4     18        7

 COOLING
  YESTERDAY       14                         6      8       13
  MONTH TO DATE  158                       194    -36      139
  SINCE JUN 1    492                       627   -135      589
  SINCE JAN 1    558                       686   -128      703
..................................................................


WIND (MPH)
  HIGHEST WIND SPEED    28   HIGHEST WIND DIRECTION     N (350)
  HIGHEST GUST SPEED    34   HIGHEST GUST DIRECTION     N (350)
  AVERAGE WIND SPEED     8.1


SKY COVER
  POSSIBLE SUNSHINE  MM
  AVERAGE SKY COVER 0.5


WEATHER CONDITIONS
 THE FOLLOWING WEATHER WAS RECORDED YESTERDAY.
  THUNDERSTORM
  HEAVY RAIN
  RAIN
  LIGHT RAIN
  FOG
  HAZE


RELATIVE HUMIDITY (PERCENT)
 HIGHEST   100          1100 PM
 LOWEST     59           300 PM
 AVERAGE    80

..........................................................


THE CLEVELAND OH CLIMATE NORMALS FOR TODAY
                         NORMAL    RECORD    YEAR
 MAXIMUM TEMPERATURE (F)   80       102      1948
 MINIMUM TEMPERATURE (F)   62        49      1963
                                             1946
                                             1945


SUNRISE AND SUNSET
AUGUST 27 2014........SUNRISE   649 AM EDT   SUNSET   808 PM EDT
AUGUST 28 2014........SUNRISE   650 AM EDT   SUNSET   807 PM EDT


-  INDICATES NEGATIVE NUMBERS.
R  INDICATES RECORD WAS SET OR TIED.
MM INDICATES DATA IS MISSING.
T  INDICATES TRACE AMOUNT.




$$
