000
CDUS41 KCLE 150531
CLICLE


CLIMATE REPORT
NATIONAL WEATHER SERVICE CLEVELAND OH
129 AM EDT TUE APR 15 2014


...................................

...THE CLEVELAND OH CLIMATE SUMMARY FOR APRIL 14 2014...

CLIMATE NORMAL PERIOD 1981 TO 2010
CLIMATE RECORD PERIOD 1871 TO 2014


WEATHER ITEM   OBSERVED TIME   RECORD YEAR NORMAL DEPARTURE LAST
                VALUE   (LST)  VALUE       VALUE  FROM      YEAR
                                                  NORMAL
..................................................................
TEMPERATURE (F)
 YESTERDAY
  MAXIMUM         73    804 AM  85    1883  59     14       55
  MINIMUM         41   1159 PM  20    1950  40      1       33
  AVERAGE         57                        49      8       44

PRECIPITATION (IN)
  YESTERDAY        0.45                      0.12   0.33     0.00
  MONTH TO DATE    3.16                      1.71   1.45     2.06
  SINCE MAR 1      5.36                      4.64   0.72     4.31
  SINCE JAN 1     10.39                      9.70   0.69     8.78

SNOWFALL (IN)
  YESTERDAY        0.0                       0.1   -0.1      0.0
  MONTH TO DATE    0.0                       2.5   -2.5      0.2
  SINCE MAR 1     15.1                      15.1    0.0     10.9
  SINCE JUL 1     84.8                      67.3   17.5     51.6
  SNOW DEPTH       0

DEGREE DAYS
 HEATING
  YESTERDAY        8                        16     -8       21
  MONTH TO DATE  192                       258    -66      281
  SINCE MAR 1   1201                      1084    117     1241
  SINCE JUL 1   5882                      5301    581     5420

 COOLING
  YESTERDAY        0                         0      0        0
  MONTH TO DATE    6                         0      6        0
  SINCE MAR 1      6                         1      5        0
  SINCE JAN 1      6                         1      5        0
..................................................................


WIND (MPH)
  HIGHEST WIND SPEED    33   HIGHEST WIND DIRECTION     S (200)
  HIGHEST GUST SPEED    48   HIGHEST GUST DIRECTION    SW (210)
  AVERAGE WIND SPEED    16.4


SKY COVER
  POSSIBLE SUNSHINE  MM
  AVERAGE SKY COVER 1.0


WEATHER CONDITIONS
 THE FOLLOWING WEATHER WAS RECORDED YESTERDAY.
  HEAVY RAIN
  RAIN
  LIGHT RAIN
  FOG


RELATIVE HUMIDITY (PERCENT)
 HIGHEST    89          1000 PM
 LOWEST     41          1200 AM
 AVERAGE    65

..........................................................


THE CLEVELAND OH CLIMATE NORMALS FOR TODAY
                         NORMAL    RECORD    YEAR
 MAXIMUM TEMPERATURE (F)   59        84      2010
 MINIMUM TEMPERATURE (F)   40        22      1935


SUNRISE AND SUNSET
APRIL 15 2014.........SUNRISE   648 AM EDT   SUNSET   808 PM EDT
APRIL 16 2014.........SUNRISE   646 AM EDT   SUNSET   809 PM EDT


-  INDICATES NEGATIVE NUMBERS.
R  INDICATES RECORD WAS SET OR TIED.
MM INDICATES DATA IS MISSING.
T  INDICATES TRACE AMOUNT.




$$
