000
CDUS41 KCLE 120535
CLICLE


CLIMATE REPORT
NATIONAL WEATHER SERVICE CLEVELAND OH
1234 AM EST TUE DEC 12 2017


...................................

...THE CLEVELAND OH CLIMATE SUMMARY FOR DECEMBER 11 2017...

CLIMATE NORMAL PERIOD 1981 TO 2010
CLIMATE RECORD PERIOD 1871 TO 2017


WEATHER ITEM   OBSERVED TIME   RECORD YEAR NORMAL DEPARTURE LAST
                VALUE   (LST)  VALUE       VALUE  FROM      YEAR
                                                  NORMAL
..................................................................
TEMPERATURE (F)
 YESTERDAY
  MAXIMUM         35   1159 PM  64    1931  39     -4       36
  MINIMUM         29    953 AM  -2    1977  28      1       25
  AVERAGE         32                        34     -2       31

PRECIPITATION (IN)
  YESTERDAY        0.02                      0.10  -0.08     0.28
  MONTH TO DATE    0.25                      1.14  -0.89     0.97
  SINCE DEC 1      0.25                      1.14  -0.89     0.97
  SINCE JAN 1     42.32                     37.18   5.14    34.79

SNOWFALL (IN)
  YESTERDAY        0.2                       0.4   -0.2      2.3
  MONTH TO DATE    0.6                       4.0   -3.4      2.5
  SINCE DEC 1      0.6                       4.0   -3.4      2.5
  SINCE JUL 1      1.4                       8.5   -7.1      3.4
  SNOW DEPTH       T

DEGREE DAYS
 HEATING
  YESTERDAY       33                        31      2       34
  MONTH TO DATE  324                       324      0      337
  SINCE DEC 1    324                       324      0      337
  SINCE JUL 1   1214                      1419   -205     1053

 COOLING
  YESTERDAY        0                         0      0        0
  MONTH TO DATE    0                         0      0        0
  SINCE DEC 1      0                         0      0        0
  SINCE JAN 1   1113                       817    296     1320
..................................................................


WIND (MPH)
  HIGHEST WIND SPEED    14   HIGHEST WIND DIRECTION    SE (150)
  HIGHEST GUST SPEED    19   HIGHEST GUST DIRECTION     W (290)
  AVERAGE WIND SPEED     8.0


SKY COVER
  POSSIBLE SUNSHINE  MM
  AVERAGE SKY COVER 1.0


WEATHER CONDITIONS
 THE FOLLOWING WEATHER WAS RECORDED YESTERDAY.
  LIGHT SNOW
  HAZE


RELATIVE HUMIDITY (PERCENT)
 HIGHEST    75           800 AM
 LOWEST     63           500 AM
 AVERAGE    69

..........................................................


THE CLEVELAND OH CLIMATE NORMALS FOR TODAY
                         NORMAL    RECORD    YEAR
 MAXIMUM TEMPERATURE (F)   39        70      2015
 MINIMUM TEMPERATURE (F)   27        -1      1962


SUNRISE AND SUNSET
DECEMBER 12 2017......SUNRISE   744 AM EST   SUNSET   458 PM EST
DECEMBER 13 2017......SUNRISE   745 AM EST   SUNSET   458 PM EST


-  INDICATES NEGATIVE NUMBERS.
R  INDICATES RECORD WAS SET OR TIED.
MM INDICATES DATA IS MISSING.
T  INDICATES TRACE AMOUNT.




$$
