000
CDUS41 KCLE 240545
CLICLE


CLIMATE REPORT
NATIONAL WEATHER SERVICE CLEVELAND OH
145 AM EDT THU JUL 24 2014


...................................

...THE CLEVELAND OH CLIMATE SUMMARY FOR JULY 23 2014...

CLIMATE NORMAL PERIOD 1981 TO 2010
CLIMATE RECORD PERIOD 1871 TO 2014


WEATHER ITEM   OBSERVED TIME   RECORD YEAR NORMAL DEPARTURE LAST
                VALUE   (LST)  VALUE       VALUE  FROM      YEAR
                                                  NORMAL
..................................................................
TEMPERATURE (F)
 YESTERDAY
  MAXIMUM         76    409 AM  96    1933  83     -7       86
  MINIMUM         64   1159 PM  49    1981  65     -1       64
  AVERAGE         70                        74     -4       75

PRECIPITATION (IN)
  YESTERDAY        0.07                      0.12  -0.05     0.58
  MONTH TO DATE    2.05                      2.52  -0.47     4.66
  SINCE JUN 1      8.31                      5.95   2.36    12.56
  SINCE JAN 1     24.58                     21.09   3.49    25.15

SNOWFALL (IN)
  YESTERDAY        0.0                       0.0    0.0      0.0
  MONTH TO DATE    0.0                       0.0    0.0      0.0
  SINCE JUN 1      0.0                       0.0    0.0      0.0
  SINCE JUL 1      0.0                       0.0    0.0      0.0
  SNOW DEPTH       0

DEGREE DAYS
 HEATING
  YESTERDAY        0                         0      0        0
  MONTH TO DATE    7                         0      7        0
  SINCE JUN 1     27                        42    -15       39
  SINCE JUL 1      7                         0      7        0

 COOLING
  YESTERDAY        5                         9     -4       10
  MONTH TO DATE  133                       202    -69      270
  SINCE JUN 1    315                       370    -55      434
  SINCE JAN 1    381                       429    -48      548
..................................................................


WIND (MPH)
  HIGHEST WIND SPEED    18   HIGHEST WIND DIRECTION     N (360)
  HIGHEST GUST SPEED    23   HIGHEST GUST DIRECTION     N (360)
  AVERAGE WIND SPEED    10.5


SKY COVER
  POSSIBLE SUNSHINE  MM
  AVERAGE SKY COVER 0.9


WEATHER CONDITIONS
 THE FOLLOWING WEATHER WAS RECORDED YESTERDAY.
  THUNDERSTORM
  LIGHT RAIN
  FOG


RELATIVE HUMIDITY (PERCENT)
 HIGHEST    93          1200 PM
 LOWEST     73           500 PM
 AVERAGE    83

..........................................................


THE CLEVELAND OH CLIMATE NORMALS FOR TODAY
                         NORMAL    RECORD    YEAR
 MAXIMUM TEMPERATURE (F)   83        99      1934
 MINIMUM TEMPERATURE (F)   65        50      2000


SUNRISE AND SUNSET
JULY 24 2014..........SUNRISE   615 AM EDT   SUNSET   853 PM EDT
JULY 25 2014..........SUNRISE   616 AM EDT   SUNSET   852 PM EDT


-  INDICATES NEGATIVE NUMBERS.
R  INDICATES RECORD WAS SET OR TIED.
MM INDICATES DATA IS MISSING.
T  INDICATES TRACE AMOUNT.




$$
