000
CDUS41 KCLE 072210
CLICLE


CLIMATE REPORT
NATIONAL WEATHER SERVICE CLEVELAND OH
510 PM EST SUN JAN 7 2018


...................................

...THE CLEVELAND OH CLIMATE SUMMARY FOR JANUARY 7 2018...
VALID TODAY AS OF 0500 PM LOCAL TIME.

CLIMATE NORMAL PERIOD 1981 TO 2010
CLIMATE RECORD PERIOD 1871 TO 2018


WEATHER ITEM   OBSERVED TIME   RECORD YEAR NORMAL DEPARTURE LAST
                VALUE   (LST)  VALUE       VALUE  FROM      YEAR
                                                  NORMAL
..................................................................
TEMPERATURE (F)
 TODAY
  MAXIMUM         24    359 PM  65    2008  34    -10       17
  MINIMUM         -5    120 AM -11    2014  22    -27        6
  AVERAGE         10                        28    -18       12

PRECIPITATION (IN)
  TODAY            0.00                      0.09  -0.09     0.02
  MONTH TO DATE    0.03                      0.69  -0.66     0.95
  SINCE DEC 1      1.76                      3.79  -2.03     3.60
  SINCE JAN 1      0.03                      0.69  -0.66     0.95

SNOWFALL (IN)
  TODAY            0.0                       0.6   -0.6      0.5
  MONTH TO DATE    1.4                       4.1   -2.7      1.8
  SINCE DEC 1     18.6                      18.2    0.4     11.4
  SINCE JUL 1     19.4                      22.7   -3.3     12.3
  SNOW DEPTH       4

DEGREE DAYS
 HEATING
  TODAY           55                        37     18       53
  MONTH TO DATE  394                       258    136      263
  SINCE DEC 1   1511                      1270    241     1270
  SINCE JUL 1   2401                      2365     36     1986

 COOLING
  TODAY            0                         0      0        0
  MONTH TO DATE    0                         0      0        0
  SINCE DEC 1      0                         0      0        0
  SINCE JAN 1      0                         0      0        0
..................................................................


WIND (MPH)
  HIGHEST WIND SPEED    22   HIGHEST WIND DIRECTION     S (190)
  HIGHEST GUST SPEED    28   HIGHEST GUST DIRECTION     S (190)


SKY COVER
  POSSIBLE SUNSHINE  MM
  AVERAGE SKY COVER 0.6


WEATHER CONDITIONS
 THE FOLLOWING WEATHER WAS RECORDED TODAY.
  NO SIGNIFICANT WEATHER WAS OBSERVED.


RELATIVE HUMIDITY (PERCENT)
 HIGHEST    79           300 AM
 LOWEST     40           400 PM
 AVERAGE    60

..........................................................


THE CLEVELAND OH CLIMATE NORMALS FOR TOMORROW
                         NORMAL    RECORD    YEAR
 MAXIMUM TEMPERATURE (F)   34        66      1937
 MINIMUM TEMPERATURE (F)   22       -10      1968


SUNRISE AND SUNSET
JANUARY  7 2018.......SUNRISE   753 AM EST   SUNSET   514 PM EST
JANUARY  8 2018.......SUNRISE   753 AM EST   SUNSET   515 PM EST


-  INDICATES NEGATIVE NUMBERS.
R  INDICATES RECORD WAS SET OR TIED.
MM INDICATES DATA IS MISSING.
T  INDICATES TRACE AMOUNT.




$$
