000
CDUS41 KCLE 250527
CLICLE


CLIMATE REPORT
NATIONAL WEATHER SERVICE CLEVELAND OH
126 AM EDT TUE MAR 25 2014


...................................

...THE CLEVELAND OH CLIMATE SUMMARY FOR MARCH 24 2014...

CLIMATE NORMAL PERIOD 1981 TO 2010
CLIMATE RECORD PERIOD 1871 TO 2014


WEATHER ITEM   OBSERVED TIME   RECORD YEAR NORMAL DEPARTURE LAST
                VALUE   (LST)  VALUE       VALUE  FROM      YEAR
                                                  NORMAL
..................................................................
TEMPERATURE (F)
 YESTERDAY
  MAXIMUM         33    339 PM  83    1910  50    -17       35
  MINIMUM         19    534 AM   8    1888  33    -14       27
  AVERAGE         26                        41    -15       31

PRECIPITATION (IN)
  YESTERDAY        T                         0.11  -0.11      T
  MONTH TO DATE    1.17                      2.18  -1.01     1.85
  SINCE MAR 1      1.17                      2.18  -1.01     1.85
  SINCE JAN 1      6.20                      7.24  -1.04     6.32

SNOWFALL (IN)
  YESTERDAY        T                         0.4   -0.4       T
  MONTH TO DATE    7.7                      10.5   -2.8      6.9
  SINCE MAR 1      7.7                      10.5   -2.8      6.9
  SINCE JUL 1     77.4                      62.7   14.7     47.6
  SNOW DEPTH       T

DEGREE DAYS
 HEATING
  YESTERDAY       39                        24     15       34
  MONTH TO DATE  806                       667    139      779
  SINCE MAR 1    806                       667    139      779
  SINCE JUL 1   5487                      4884    603     4958

 COOLING
  YESTERDAY        0                         0      0        0
  MONTH TO DATE    0                         0      0        0
  SINCE MAR 1      0                         0      0        0
  SINCE JAN 1      0                         0      0        0
..................................................................


WIND (MPH)
  HIGHEST WIND SPEED    16   HIGHEST WIND DIRECTION     W (260)
  HIGHEST GUST SPEED    22   HIGHEST GUST DIRECTION     W (250)
  AVERAGE WIND SPEED     7.0


SKY COVER
  POSSIBLE SUNSHINE  MM
  AVERAGE SKY COVER 0.7


WEATHER CONDITIONS
 THE FOLLOWING WEATHER WAS RECORDED YESTERDAY.
  LIGHT SNOW
  HAZE


RELATIVE HUMIDITY (PERCENT)
 HIGHEST    73           600 AM
 LOWEST     36           300 PM
 AVERAGE    55

..........................................................


THE CLEVELAND OH CLIMATE NORMALS FOR TODAY
                         NORMAL    RECORD    YEAR
 MAXIMUM TEMPERATURE (F)   50        83      1945
 MINIMUM TEMPERATURE (F)   33         4      1974


SUNRISE AND SUNSET
MARCH 25 2014.........SUNRISE   722 AM EDT   SUNSET   745 PM EDT
MARCH 26 2014.........SUNRISE   721 AM EDT   SUNSET   746 PM EDT


-  INDICATES NEGATIVE NUMBERS.
R  INDICATES RECORD WAS SET OR TIED.
MM INDICATES DATA IS MISSING.
T  INDICATES TRACE AMOUNT.




$$
