000
CDUS41 KCLE 281436 CCA
CLICLE

CLIMATE REPORT...CORRECTED
NATIONAL WEATHER SERVICE CLEVELAND OH
1035 AM EDT THU MAY 28 2015


...................................

...THE CLEVELAND OH CLIMATE SUMMARY FOR MAY 27 2015...

CLIMATE NORMAL PERIOD 1981 TO 2010
CLIMATE RECORD PERIOD 1871 TO 2015


WEATHER ITEM   OBSERVED TIME   RECORD YEAR NORMAL DEPARTURE LAST
                VALUE   (LST)  VALUE       VALUE  FROM      YEAR
                                                  NORMAL
..................................................................
TEMPERATURE (F)
 YESTERDAY
  MAXIMUM         83    410 PM  90    1967  73     10       85
  MINIMUM         64   1023 PM  35    1969  54     10       67
  AVERAGE         74                        63     11       76

PRECIPITATION (IN)
  YESTERDAY        0.57                      0.12   0.45     0.06
  MONTH TO DATE    1.80                      3.16  -1.36     4.03
  SINCE MAR 1      6.54                      9.58  -3.04    11.19
  SINCE JAN 1     11.34                     14.64  -3.30    16.22

SNOWFALL (IN)
  YESTERDAY        0.0                       0.0    0.0      0.0
  MONTH TO DATE    0.0                       0.1   -0.1      0.0
  SINCE MAR 1      5.7                      16.0  -10.3     16.4
  SINCE JUL 1     67.1                      68.2   -1.1     86.1
  SNOW DEPTH       0

DEGREE DAYS
 HEATING
  YESTERDAY        0                         4     -4        0
  MONTH TO DATE  127                       195    -68      173
  SINCE MAR 1   1532                      1489     43     1607
  SINCE JUL 1   6482                      5706    776     6288

 COOLING
  YESTERDAY        9                         3      6       11
  MONTH TO DATE  103                        39     64       56
  SINCE MAR 1    104                        50     54       63
  SINCE JAN 1    104                        50     54       63
..................................................................


WIND (MPH)
  HIGHEST WIND SPEED    20   HIGHEST WIND DIRECTION     S (200)
  HIGHEST GUST SPEED    45   HIGHEST GUST DIRECTION     W (280)
  AVERAGE WIND SPEED    12.4


SKY COVER
  POSSIBLE SUNSHINE  MM
  AVERAGE SKY COVER 0.7


WEATHER CONDITIONS
 THE FOLLOWING WEATHER WAS RECORDED YESTERDAY.
  THUNDERSTORM
  HEAVY RAIN
  LIGHT RAIN
  FOG


RELATIVE HUMIDITY (PERCENT)
 HIGHEST    93           500 AM
 LOWEST     47           300 PM
 AVERAGE    70

..........................................................


THE CLEVELAND OH CLIMATE NORMALS FOR TODAY
                         NORMAL    RECORD    YEAR
 MAXIMUM TEMPERATURE (F)   73        92      2012
 MINIMUM TEMPERATURE (F)   54        37      1971


SUNRISE AND SUNSET
MAY 28 2015...........SUNRISE   559 AM EDT   SUNSET   851 PM EDT
MAY 29 2015...........SUNRISE   558 AM EDT   SUNSET   852 PM EDT


-  INDICATES NEGATIVE NUMBERS.
R  INDICATES RECORD WAS SET OR TIED.
MM INDICATES DATA IS MISSING.
T  INDICATES TRACE AMOUNT.
CORRECTED YESTERDAY HIGH AND LOW TIME.



$$
