000
CDUS41 KCLE 292114
CLICLE


CLIMATE REPORT
NATIONAL WEATHER SERVICE CLEVELAND OH
513 PM EDT MON SEP 29 2014


...................................

...THE CLEVELAND OH CLIMATE SUMMARY FOR SEPTEMBER 29 2014...
VALID TODAY AS OF 0500 PM LOCAL TIME.

CLIMATE NORMAL PERIOD 1981 TO 2010
CLIMATE RECORD PERIOD 1871 TO 2014


WEATHER ITEM   OBSERVED TIME   RECORD YEAR NORMAL DEPARTURE LAST
                VALUE   (LST)  VALUE       VALUE  FROM      YEAR
                                                  NORMAL
..................................................................
TEMPERATURE (F)
 TODAY
  MAXIMUM         75    245 PM  95    1953  69      6       73
  MINIMUM         50    623 AM  32    1942  51     -1       57
  AVERAGE         63                        60      3       65

PRECIPITATION (IN)
  TODAY            0.00                      0.13  -0.13     0.02
  MONTH TO DATE    4.18                      3.69   0.49     1.89
  SINCE SEP 1      4.18                      3.69   0.49     1.89
  SINCE JAN 1     35.29                     29.23   6.06    30.10

SNOWFALL (IN)
  TODAY            0.0                       0.0    0.0      0.0
  MONTH TO DATE    0.0                       0.0    0.0      0.0
  SINCE SEP 1      0.0                       0.0    0.0      0.0
  SINCE JUL 1      0.0                       0.0    0.0      0.0
  SNOW DEPTH       0

DEGREE DAYS
 HEATING
  TODAY            2                         7     -5        0
  MONTH TO DATE  111                        84     27       86
  SINCE SEP 1    111                        84     27       86
  SINCE JUL 1    136                        96     40       93

 COOLING
  TODAY            0                         1     -1        0
  MONTH TO DATE   63                        86    -23       93
  SINCE SEP 1     63                        86    -23       93
  SINCE JAN 1    653                       801   -148      855
..................................................................


WIND (MPH)
  HIGHEST WIND SPEED    12   HIGHEST WIND DIRECTION     N (10)
  HIGHEST GUST SPEED    13   HIGHEST GUST DIRECTION     N (10)


SKY COVER
  POSSIBLE SUNSHINE  MM
  AVERAGE SKY COVER 0.3


WEATHER CONDITIONS
 THE FOLLOWING WEATHER WAS RECORDED TODAY.
  FOG
  HAZE


RELATIVE HUMIDITY (PERCENT)
 HIGHEST   100           300 AM
 LOWEST     49          1100 AM
 AVERAGE    75

..........................................................


THE CLEVELAND OH CLIMATE NORMALS FOR TOMORROW
                         NORMAL    RECORD    YEAR
 MAXIMUM TEMPERATURE (F)   68        86      1881
                                             1877
 MINIMUM TEMPERATURE (F)   51        35      1963


SUNRISE AND SUNSET
SEPTEMBER 29 2014.....SUNRISE   722 AM EDT   SUNSET   713 PM EDT
SEPTEMBER 30 2014.....SUNRISE   723 AM EDT   SUNSET   711 PM EDT


-  INDICATES NEGATIVE NUMBERS.
R  INDICATES RECORD WAS SET OR TIED.
MM INDICATES DATA IS MISSING.
T  INDICATES TRACE AMOUNT.




$$
