000
CDUS41 KCLE 212219
CLICLE


CLIMATE REPORT
NATIONAL WEATHER SERVICE CLEVELAND OH
517 PM EST SAT JAN 21 2017


...................................

...THE CLEVELAND OH CLIMATE SUMMARY FOR JANUARY 21 2017...
VALID TODAY AS OF 0500 PM LOCAL TIME.

CLIMATE NORMAL PERIOD 1981 TO 2010
CLIMATE RECORD PERIOD 1871 TO 2017


WEATHER ITEM   OBSERVED TIME   RECORD YEAR NORMAL DEPARTURE LAST
                VALUE   (LST)  VALUE       VALUE  FROM      YEAR
                                                  NORMAL
..................................................................
TEMPERATURE (F)
 TODAY
  MAXIMUM         63    150 PM  71    1906  34     29       24
  MINIMUM         42   1230 AM -17    1985  22     20       11
                                      1984
  AVERAGE         53                        28     25       18

PRECIPITATION (IN)
  TODAY            0.00                      0.08  -0.08      T
  MONTH TO DATE    3.43                      1.92   1.51     1.25
  SINCE DEC 1      6.08                      5.02   1.06     4.21
  SINCE JAN 1      3.43                      1.92   1.51     1.25

SNOWFALL (IN)
  TODAY            0.0                       0.6   -0.6       T
  MONTH TO DATE    3.5                      12.6   -9.1      7.1
  SINCE DEC 1     13.1                      26.7  -13.6      7.4
  SINCE JUL 1     14.0                      31.2  -17.2      8.3
  SNOW DEPTH       0

DEGREE DAYS
 HEATING
  TODAY           12                        37    -25       47
  MONTH TO DATE  645                       776   -131      817
  SINCE DEC 1   1652                      1788   -136     1464
  SINCE JUL 1   2368                      2883   -515     2329

 COOLING
  TODAY            0                         0      0        0
  MONTH TO DATE    0                         0      0        0
  SINCE DEC 1      0                         0      0        0
  SINCE JAN 1      0                         0      0        0
..................................................................


WIND (MPH)
  HIGHEST WIND SPEED    15   HIGHEST WIND DIRECTION     S (190)
  HIGHEST GUST SPEED    20   HIGHEST GUST DIRECTION     S (180)


SKY COVER
  POSSIBLE SUNSHINE  MM
  AVERAGE SKY COVER 0.6


WEATHER CONDITIONS
 THE FOLLOWING WEATHER WAS RECORDED TODAY.
  FOG
  FOG W/VISIBILITY <= 1/4 MILE


RELATIVE HUMIDITY (PERCENT)
 HIGHEST    86          1200 AM
 LOWEST     65          1200 PM
 AVERAGE    76

..........................................................


THE CLEVELAND OH CLIMATE NORMALS FOR TOMORROW
                         NORMAL    RECORD    YEAR
 MAXIMUM TEMPERATURE (F)   34        71      1906
 MINIMUM TEMPERATURE (F)   22       -10      1936


SUNRISE AND SUNSET
JANUARY 21 2017.......SUNRISE   748 AM EST   SUNSET   530 PM EST
JANUARY 22 2017.......SUNRISE   747 AM EST   SUNSET   531 PM EST


-  INDICATES NEGATIVE NUMBERS.
R  INDICATES RECORD WAS SET OR TIED.
MM INDICATES DATA IS MISSING.
T  INDICATES TRACE AMOUNT.




$$
