000
CDUS41 KCLE 200545
CLICLE


CLIMATE REPORT
NATIONAL WEATHER SERVICE CLEVELAND OH
145 AM EDT SUN APR 20 2014


...................................

...THE CLEVELAND OH CLIMATE SUMMARY FOR APRIL 19 2014...

CLIMATE NORMAL PERIOD 1981 TO 2010
CLIMATE RECORD PERIOD 1871 TO 2014


WEATHER ITEM   OBSERVED TIME   RECORD YEAR NORMAL DEPARTURE LAST
                VALUE   (LST)  VALUE       VALUE  FROM      YEAR
                                                  NORMAL
..................................................................
TEMPERATURE (F)
 YESTERDAY
  MAXIMUM         52    415 PM  84    1958  61     -9       71
  MINIMUM         38    616 AM  22    1887  42     -4       36
  AVERAGE         45                        51     -6       54

PRECIPITATION (IN)
  YESTERDAY        0.00                      0.12  -0.12     0.29
  MONTH TO DATE    3.52                      2.30   1.22     2.44
  SINCE MAR 1      5.72                      5.23   0.49     4.69
  SINCE JAN 1     10.75                     10.29   0.46     9.16

SNOWFALL (IN)
  YESTERDAY        0.0                       0.1   -0.1       T
  MONTH TO DATE    1.3                       3.0   -1.7      0.2
  SINCE MAR 1     16.4                      15.6    0.8     10.9
  SINCE JUL 1     86.1                      67.8   18.3     51.6
  SNOW DEPTH       0

DEGREE DAYS
 HEATING
  YESTERDAY       20                        14      6       11
  MONTH TO DATE  293                       333    -40      315
  SINCE MAR 1   1302                      1159    143     1275
  SINCE JUL 1   5983                      5376    607     5454

 COOLING
  YESTERDAY        0                         0      0        0
  MONTH TO DATE    6                         0      6        2
  SINCE MAR 1      6                         1      5        2
  SINCE JAN 1      6                         1      5        2
..................................................................


WIND (MPH)
  HIGHEST WIND SPEED    21   HIGHEST WIND DIRECTION     N (20)
  HIGHEST GUST SPEED    24   HIGHEST GUST DIRECTION    NE (30)
  AVERAGE WIND SPEED    11.2


SKY COVER
  POSSIBLE SUNSHINE  MM
  AVERAGE SKY COVER 0.0


WEATHER CONDITIONS
 THE FOLLOWING WEATHER WAS RECORDED YESTERDAY.
  NO SIGNIFICANT WEATHER WAS OBSERVED.


RELATIVE HUMIDITY (PERCENT)
 HIGHEST    85           300 AM
 LOWEST     38           300 PM
 AVERAGE    62

..........................................................


THE CLEVELAND OH CLIMATE NORMALS FOR TODAY
                         NORMAL    RECORD    YEAR
 MAXIMUM TEMPERATURE (F)   61        83      1985
 MINIMUM TEMPERATURE (F)   42        23      1904


SUNRISE AND SUNSET
APRIL 20 2014.........SUNRISE   640 AM EDT   SUNSET   813 PM EDT
APRIL 21 2014.........SUNRISE   639 AM EDT   SUNSET   814 PM EDT


-  INDICATES NEGATIVE NUMBERS.
R  INDICATES RECORD WAS SET OR TIED.
MM INDICATES DATA IS MISSING.
T  INDICATES TRACE AMOUNT.




$$
