000
CDUS41 KCLE 021233
CLICLE


CLIMATE REPORT
NATIONAL WEATHER SERVICE CLEVELAND OH
832 AM EDT TUE JUN 2 2015


...................................

...THE CLEVELAND OH CLIMATE SUMMARY FOR JUNE 1 2015...

CLIMATE NORMAL PERIOD 1981 TO 2010
CLIMATE RECORD PERIOD 1871 TO 2015


WEATHER ITEM   OBSERVED TIME   RECORD YEAR NORMAL DEPARTURE LAST
                VALUE   (LST)  VALUE       VALUE  FROM      YEAR
                                                  NORMAL
..................................................................
TEMPERATURE (F)
 YESTERDAY
  MAXIMUM         54    715 PM  95    1934  74    -20       84
  MINIMUM         47    614 AM  40    1981  55     -8       56
                                      1966
  AVERAGE         51                        65    -14       70

PRECIPITATION (IN)
  YESTERDAY        T                         0.12  -0.12     0.00
  MONTH TO DATE    T                         0.12  -0.12     0.00
  SINCE JUN 1      T                         0.12  -0.12     0.00
  SINCE JAN 1     13.63                     15.26  -1.63    16.27

SNOWFALL (IN)
  YESTERDAY        0.0                       0.0    0.0      0.0
  MONTH TO DATE    0.0                       0.0    0.0      0.0
  SINCE JUN 1      0.0                       0.0    0.0      0.0
  SINCE JUL 1     67.1                      68.1   -1.0     86.1
  SNOW DEPTH       0

DEGREE DAYS
 HEATING
  YESTERDAY       14                         3     11        0
  MONTH TO DATE   14                         3     11        0
  SINCE JUN 1     14                         3     11        0
  SINCE JUL 1   6507                      5723    784     6295

 COOLING
  YESTERDAY        0                         3     -3        5
  MONTH TO DATE    0                         3     -3        5
  SINCE JUN 1      0                         3     -3        5
  SINCE JAN 1    121                        62     59       71
..................................................................


WIND (MPH)
  HIGHEST WIND SPEED    21   HIGHEST WIND DIRECTION    NE (40)
  HIGHEST GUST SPEED    25   HIGHEST GUST DIRECTION    NE (40)
  AVERAGE WIND SPEED    10.9


SKY COVER
  POSSIBLE SUNSHINE  MM
  AVERAGE SKY COVER 1.0


WEATHER CONDITIONS
 THE FOLLOWING WEATHER WAS RECORDED YESTERDAY.
  LIGHT RAIN
  FOG


RELATIVE HUMIDITY (PERCENT)
 HIGHEST    93          1200 AM
 LOWEST     77           400 PM
 AVERAGE    85

..........................................................


THE CLEVELAND OH CLIMATE NORMALS FOR TODAY
                         NORMAL    RECORD    YEAR
 MAXIMUM TEMPERATURE (F)   75        94      1934
 MINIMUM TEMPERATURE (F)   56        39      1966


SUNRISE AND SUNSET
JUNE  2 2015..........SUNRISE   556 AM EDT   SUNSET   855 PM EDT
JUNE  3 2015..........SUNRISE   556 AM EDT   SUNSET   856 PM EDT


-  INDICATES NEGATIVE NUMBERS.
R  INDICATES RECORD WAS SET OR TIED.
MM INDICATES DATA IS MISSING.
T  INDICATES TRACE AMOUNT.




$$
