546
CDUS41 KCLE 090539
CLICLE


CLIMATE REPORT
NATIONAL WEATHER SERVICE CLEVELAND OH
1238 AM EST FRI DEC 9 2016


...................................

...THE CLEVELAND OH CLIMATE SUMMARY FOR DECEMBER 8 2016...

CLIMATE NORMAL PERIOD 1981 TO 2010
CLIMATE RECORD PERIOD 1871 TO 2016


WEATHER ITEM   OBSERVED TIME   RECORD YEAR NORMAL DEPARTURE LAST
                VALUE   (LST)  VALUE       VALUE  FROM      YEAR
                                                  NORMAL
..................................................................
TEMPERATURE (F)
 YESTERDAY
  MAXIMUM         33   1252 AM  67    1966  41     -8       50
  MINIMUM         25   1159 PM  -9    1882  29     -4       29
  AVERAGE         29                        35     -6       40

PRECIPITATION (IN)
  YESTERDAY        T                         0.10  -0.10     0.00
  MONTH TO DATE    0.69                      0.83  -0.14     0.22
  SINCE DEC 1      0.69                      0.83  -0.14     0.22
  SINCE JAN 1     34.51                     36.87  -2.36    37.33

SNOWFALL (IN)
  YESTERDAY        T                         0.4   -0.4      0.0
  MONTH TO DATE    0.2                       2.8   -2.6      0.3
  SINCE DEC 1      0.2                       2.8   -2.6      0.3
  SINCE JUL 1      1.1                       7.3   -6.2      1.2
  SNOW DEPTH       0

DEGREE DAYS
 HEATING
  YESTERDAY       36                        30      6       25
  MONTH TO DATE  229                       231     -2      204
  SINCE DEC 1    229                       231     -2      204
  SINCE JUL 1    945                      1326   -381     1069

 COOLING
  YESTERDAY        0                         0      0        0
  MONTH TO DATE    0                         0      0        0
  SINCE DEC 1      0                         0      0        0
  SINCE JAN 1   1320                       817    503      831
..................................................................


WIND (MPH)
  HIGHEST WIND SPEED    26   HIGHEST WIND DIRECTION     W (250)
  HIGHEST GUST SPEED    33   HIGHEST GUST DIRECTION     W (250)
  AVERAGE WIND SPEED    17.2


SKY COVER
  POSSIBLE SUNSHINE  MM
  AVERAGE SKY COVER 1.0


WEATHER CONDITIONS
 THE FOLLOWING WEATHER WAS RECORDED YESTERDAY.
  LIGHT SNOW


RELATIVE HUMIDITY (PERCENT)
 HIGHEST    69           200 AM
 LOWEST     58           800 AM
 AVERAGE    64

..........................................................


THE CLEVELAND OH CLIMATE NORMALS FOR TODAY
                         NORMAL    RECORD    YEAR
 MAXIMUM TEMPERATURE (F)   40        62      1952
 MINIMUM TEMPERATURE (F)   28        -5      1917


SUNRISE AND SUNSET
DECEMBER  9 2016......SUNRISE   742 AM EST   SUNSET   458 PM EST
DECEMBER 10 2016......SUNRISE   743 AM EST   SUNSET   458 PM EST


-  INDICATES NEGATIVE NUMBERS.
R  INDICATES RECORD WAS SET OR TIED.
MM INDICATES DATA IS MISSING.
T  INDICATES TRACE AMOUNT.




$$
