580
CDUS41 KCLE 182215
CLICLE


CLIMATE REPORT
NATIONAL WEATHER SERVICE CLEVELAND OH
514 PM EST WED JAN 18 2017


...................................

...THE CLEVELAND OH CLIMATE SUMMARY FOR JANUARY 18 2017...
VALID TODAY AS OF 0500 PM LOCAL TIME.

CLIMATE NORMAL PERIOD 1981 TO 2010
CLIMATE RECORD PERIOD 1871 TO 2017


WEATHER ITEM   OBSERVED TIME   RECORD YEAR NORMAL DEPARTURE LAST
                VALUE   (LST)  VALUE       VALUE  FROM      YEAR
                                                  NORMAL
..................................................................
TEMPERATURE (F)
 TODAY
  MAXIMUM         45   1231 AM  64    1996  34     11       14
  MINIMUM         38    810 AM -14    1994  21     17        5
  AVERAGE         42                        28     14       10

PRECIPITATION (IN)
  TODAY            0.05                      0.08  -0.03      T
  MONTH TO DATE    3.14                      1.67   1.47     1.23
  SINCE DEC 1      5.79                      4.77   1.02     4.19
  SINCE JAN 1      3.14                      1.67   1.47     1.23

SNOWFALL (IN)
  TODAY            0.0                       0.7   -0.7       T
  MONTH TO DATE    3.5                      10.8   -7.3      6.6
  SINCE DEC 1     13.1                      24.9  -11.8      6.9
  SINCE JUL 1     14.0                      29.4  -15.4      7.8
  SNOW DEPTH       0

DEGREE DAYS
 HEATING
  TODAY           23                        37    -14       55
  MONTH TO DATE  590                       665    -75      668
  SINCE DEC 1   1597                      1677    -80     1315
  SINCE JUL 1   2313                      2772   -459     2180

 COOLING
  TODAY            0                         0      0        0
  MONTH TO DATE    0                         0      0        0
  SINCE DEC 1      0                         0      0        0
  SINCE JAN 1      0                         0      0        0
..................................................................


WIND (MPH)
  HIGHEST WIND SPEED    18   HIGHEST WIND DIRECTION     W (280)
  HIGHEST GUST SPEED    23   HIGHEST GUST DIRECTION     W (280)


SKY COVER
  POSSIBLE SUNSHINE  MM
  AVERAGE SKY COVER 1.0


WEATHER CONDITIONS
 THE FOLLOWING WEATHER WAS RECORDED TODAY.
  LIGHT RAIN
  LIGHT SNOW
  FOG
  HAZE


RELATIVE HUMIDITY (PERCENT)
 HIGHEST    85           500 AM
 LOWEST     76          1200 AM
 AVERAGE    81

..........................................................


THE CLEVELAND OH CLIMATE NORMALS FOR TOMORROW
                         NORMAL    RECORD    YEAR
 MAXIMUM TEMPERATURE (F)   34        67      1907
 MINIMUM TEMPERATURE (F)   22       -20      1994


SUNRISE AND SUNSET
JANUARY 18 2017.......SUNRISE   750 AM EST   SUNSET   527 PM EST
JANUARY 19 2017.......SUNRISE   749 AM EST   SUNSET   528 PM EST


-  INDICATES NEGATIVE NUMBERS.
R  INDICATES RECORD WAS SET OR TIED.
MM INDICATES DATA IS MISSING.
T  INDICATES TRACE AMOUNT.




$$
