000
CDUS41 KCLE 160533
CLICLE


CLIMATE REPORT
NATIONAL WEATHER SERVICE CLEVELAND OH
132 AM EDT WED APR 16 2014


...................................

...THE CLEVELAND OH CLIMATE SUMMARY FOR APRIL 15 2014...

CLIMATE NORMAL PERIOD 1981 TO 2010
CLIMATE RECORD PERIOD 1871 TO 2014


WEATHER ITEM   OBSERVED TIME   RECORD YEAR NORMAL DEPARTURE LAST
                VALUE   (LST)  VALUE       VALUE  FROM      YEAR
                                                  NORMAL
..................................................................
TEMPERATURE (F)
 YESTERDAY
  MAXIMUM         41   1227 AM  84    2010  59    -18       71
  MINIMUM         31   1159 PM  22    1935  40     -9       52
  AVERAGE         36                        50    -14       62

PRECIPITATION (IN)
  YESTERDAY        0.36                      0.12   0.24     0.00
  MONTH TO DATE    3.52                      1.83   1.69     2.06
  SINCE MAR 1      5.72                      4.76   0.96     4.31
  SINCE JAN 1     10.75                      9.82   0.93     8.78

SNOWFALL (IN)
  YESTERDAY        1.3                       0.1    1.2      0.0
  MONTH TO DATE    1.3                       2.6   -1.3      0.2
  SINCE MAR 1     16.4                      15.2    1.2     10.9
  SINCE JUL 1     86.1                      67.4   18.7     51.6
  SNOW DEPTH       1

DEGREE DAYS
 HEATING
  YESTERDAY       29                        16     13        3
  MONTH TO DATE  221                       274    -53      284
  SINCE MAR 1   1230                      1100    130     1244
  SINCE JUL 1   5911                      5317    594     5423

 COOLING
  YESTERDAY        0                         0      0        0
  MONTH TO DATE    6                         0      6        0
  SINCE MAR 1      6                         1      5        0
  SINCE JAN 1      6                         1      5        0
..................................................................


WIND (MPH)
  HIGHEST WIND SPEED    22   HIGHEST WIND DIRECTION    NW (310)
  HIGHEST GUST SPEED    27   HIGHEST GUST DIRECTION     N (360)
  AVERAGE WIND SPEED    13.6


SKY COVER
  POSSIBLE SUNSHINE  MM
  AVERAGE SKY COVER 0.9


WEATHER CONDITIONS
 THE FOLLOWING WEATHER WAS RECORDED YESTERDAY.
  RAIN
  LIGHT RAIN
  SNOW
  LIGHT SNOW
  SLEET
  FOG


RELATIVE HUMIDITY (PERCENT)
 HIGHEST    89           500 AM
 LOWEST     49          1100 PM
 AVERAGE    69

..........................................................


THE CLEVELAND OH CLIMATE NORMALS FOR TODAY
                         NORMAL    RECORD    YEAR
 MAXIMUM TEMPERATURE (F)   59        85      2002
 MINIMUM TEMPERATURE (F)   41        18      1875


SUNRISE AND SUNSET
APRIL 16 2014.........SUNRISE   646 AM EDT   SUNSET   809 PM EDT
APRIL 17 2014.........SUNRISE   645 AM EDT   SUNSET   810 PM EDT


-  INDICATES NEGATIVE NUMBERS.
R  INDICATES RECORD WAS SET OR TIED.
MM INDICATES DATA IS MISSING.
T  INDICATES TRACE AMOUNT.




$$
