000
CXUS51 KCLE 012118
CLMCLE


CLIMATE REPORT
NATIONAL WEATHER SERVICE CLEVELAND OH
516 PM EDT WED MAY 1 2013

...................................

...THE CLEVELAND OH CLIMATE SUMMARY FOR THE MONTH OF APRIL 2013...

CLIMATE NORMAL PERIOD 1981 TO 2010
CLIMATE RECORD PERIOD 1871 TO 2013

WEATHER         OBSERVED          NORMAL  DEPART  LAST YEAR`S
                 VALUE   DATE(S)  VALUE   FROM    VALUE
                                          NORMAL
.............................................................
TEMPERATURE (F)
RECORD
 HIGH              88   04/28/1986
                        04/30/1942
                        04/24/1925
 LOW               10   04/01/1964
HIGHEST            84   04/18
LOWEST             23   04/04
AVG. MAXIMUM     59.6              59.1     0.5     58.8
AVG. MINIMUM     38.2              40.4    -2.2     38.9
MEAN             48.9              49.8    -0.9     48.8
DAYS MAX >= 90      0               0.0     0.0        0
DAYS MAX <= 32      0               0.2    -0.2        0
DAYS MIN <= 32     10               5.6     4.4        4
DAYS MIN <= 0       0               0.0     0.0        0

PRECIPITATION (INCHES)
RECORD
 MAXIMUM         6.89   2011
 MINIMUM         0.65   1915
TOTALS           3.50              3.49    0.01     1.97
DAYS >= .01        15              14.4     0.6       12
DAYS >= .10         7               8.1    -1.1        6
DAYS >= .50         2               2.3    -0.3        1
DAYS >= 1.00        1               0.6     0.4        0
GREATEST
 24 HR. TOTAL    1.54   04/10 TO 04/11              0.78

SNOWFALL (INCHES)
RECORDS
 TOTAL           19.0   2005
TOTALS            0.3               3.3    -3.0      0.4
SINCE 7/1        51.7              68.1   -16.4     38.9
DAYS >= 1.0         0               1.0    -1.0        0
GREATEST
 24 HR TOTAL      0.1   MM

DEGREE_DAYS
HEATING TOTAL     476               468       8      481
 SINCE 7/1       5615              5511     104     4554
COOLING TOTAL       2                10      -8        4
 SINCE 1/1          2                11      -9       28
..............................................................

WIND (MPH)
AVERAGE WIND SPEED              10.8
HIGHEST WIND SPEED/DIRECTION    37/250    DATE  04/19
HIGHEST GUST SPEED/DIRECTION    47/240    DATE  04/19

SKY COVER
AVERAGE SKY COVER           0.70

AVERAGE RH (PERCENT)     63

WEATHER CONDITIONS. NUMBER OF DAYS WITH
THUNDERSTORM              0     MIXED PRECIP               0
HEAVY RAIN                3     RAIN                       4
LIGHT RAIN               11     FREEZING RAIN              0
LT FREEZING RAIN          0     HAIL                       1
HEAVY SNOW                0     SNOW                       1
LIGHT SNOW                4     SLEET                      0
FOG                      16     FOG W/VIS <= 1/4 MILE      1
HAZE                      1

-  INDICATES NEGATIVE NUMBERS.
R  INDICATES RECORD WAS SET OR TIED.
MM INDICATES DATA IS MISSING.
T  INDICATES TRACE AMOUNT.

$$
