000
CXUS51 KCLE 012137
CLMCLE


CLIMATE REPORT
NATIONAL WEATHER SERVICE CLEVELAND OH
432 PM EST TUE DEC 1 2015

...................................

...THE CLEVELAND OH CLIMATE SUMMARY FOR THE MONTH OF NOVEMBER 2015...

CLIMATE NORMAL PERIOD 1981 TO 2010
CLIMATE RECORD PERIOD 1871 TO 2015

WEATHER         OBSERVED          NORMAL  DEPART  LAST YEAR`S
                 VALUE   DATE(S)  VALUE   FROM    VALUE
                                          NORMAL
.............................................................
TEMPERATURE (F)
RECORD
 HIGH              82   11/01/1950
 LOW                0   11/22/1880
HIGHEST            78   11/04
LOWEST             21   11/23
AVG. MAXIMUM     57.0              50.8     6.2     43.9
AVG. MINIMUM     39.4              36.9     2.5     30.2
MEAN             48.2              43.9     4.3     37.1
DAYS MAX >= 90      0               0.0     0.0        0
DAYS MAX <= 32      0               0.9    -0.9        6
DAYS MIN <= 32      7               9.4    -2.4       19
DAYS MIN <= 0       0               0.0     0.0        0

PRECIPITATION (INCHES)
RECORD
 MAXIMUM         8.80   1985
 MINIMUM         0.41   1904
TOTALS           2.31              3.62   -1.31     3.68
DAYS >= .01        12              13.5    -1.5       18
DAYS >= .10         6               8.2    -2.2       11
DAYS >= .50         1               2.2    -1.2        3
DAYS >= 1.00        0               0.7    -0.7        0
GREATEST
 24 HR. TOTAL    0.79   11/10 TO 11/10              0.87

SNOWFALL (INCHES)
RECORDS
 TOTAL           23.4   1996
TOTALS            0.8               4.3    -3.5     19.4
SINCE 7/1         0.9               4.5    -3.6     19.4
DAYS >= 1.0         0               1.5    -1.5        5
GREATEST
 24 HR TOTAL      0.5   11/21 TO 11/21

DEGREE_DAYS
HEATING TOTAL     501               635    -134      834
 SINCE 7/1        865              1095    -230     1334
COOLING TOTAL       4                 1       3        0
 SINCE 1/1        831               817      14      657
..............................................................

WIND (MPH)
AVERAGE WIND SPEED              10.5
HIGHEST WIND SPEED/DIRECTION    38/280    DATE  11/13
HIGHEST GUST SPEED/DIRECTION    53/280    DATE  11/13

SKY COVER
AVERAGE SKY COVER           0.60

AVERAGE RH (PERCENT)     62

WEATHER CONDITIONS. NUMBER OF DAYS WITH
THUNDERSTORM              0     MIXED PRECIP               0
HEAVY RAIN                0     RAIN                       1
LIGHT RAIN               12     FREEZING RAIN              0
LT FREEZING RAIN          0     HAIL                       0
HEAVY SNOW                0     SNOW                       0
LIGHT SNOW                2     SLEET                      0
FOG                       8     FOG W/VIS <= 1/4 MILE      0
HAZE                      1

-  INDICATES NEGATIVE NUMBERS.
R  INDICATES RECORD WAS SET OR TIED.
MM INDICATES DATA IS MISSING.
T  INDICATES TRACE AMOUNT.
CORRECTED SNOWFALL TOTAL FOR THE MONTH AND SEASON.


$$
