000
CXUS51 KCLE 010530
CLMCLE


CLIMATE REPORT
NATIONAL WEATHER SERVICE CLEVELAND OH
1230 AM EST SAT MAR 1 2014

...................................

...THE CLEVELAND OH CLIMATE SUMMARY FOR THE MONTH OF FEBRUARY 2014...

CLIMATE NORMAL PERIOD 1981 TO 2010
CLIMATE RECORD PERIOD 1871 TO 2014

WEATHER         OBSERVED          NORMAL  DEPART  LAST YEAR`S
                 VALUE   DATE(S)  VALUE   FROM    VALUE
                                          NORMAL
.............................................................
TEMPERATURE (F)
RECORD
 HIGH              74   02/26/2000
 LOW              -16   02/10/1899
HIGHEST            59   02/20
LOWEST             -6   02/12
AVG. MAXIMUM     30.9              37.5    -6.6     34.5
AVG. MINIMUM     14.2              23.6    -9.4     21.2
MEAN             22.5              30.5    -8.0     27.9
DAYS MAX >= 90      0               0.0     0.0        0
DAYS MAX <= 32     19               9.2     9.8       11
DAYS MIN <= 32     26              22.1     3.9       26
DAYS MIN <= 0       4               0.5     3.5        0

PRECIPITATION (INCHES)
RECORD
 MAXIMUM         7.73   1887
 MINIMUM         0.18   1877
TOTALS           3.03              2.34    0.69     2.30
DAYS >= .01        19              13.9     5.1       16
DAYS >= .10        10               6.4     3.6        8
DAYS >= .50         2               1.0     1.0        1
DAYS >= 1.00        0               0.1    -0.1        0
GREATEST
 24 HR. TOTAL    0.86   02/01 TO 02/02              0.67

SNOWFALL (INCHES)
RECORDS
 TOTAL           39.1   1993
TOTALS           23.8              14.9     8.9     19.8
SINCE 7/1        69.7              52.2    17.5     40.7
DAYS >= 1.0        10               4.4     5.6        6
GREATEST
 24 HR TOTAL      3.8   MM

DEGREE_DAYS
HEATING TOTAL    1183               965     218     1033
 SINCE 7/1       4681              4217     464     4179
COOLING TOTAL       0                 0       0        0
 SINCE 1/1          0                 0       0        0
..............................................................

WIND (MPH)
AVERAGE WIND SPEED              10.5
HIGHEST WIND SPEED/DIRECTION    41/250    DATE  02/21
HIGHEST GUST SPEED/DIRECTION    55/240    DATE  02/21

SKY COVER
AVERAGE SKY COVER           0.70

AVERAGE RH (PERCENT)     67

WEATHER CONDITIONS. NUMBER OF DAYS WITH
THUNDERSTORM              0     MIXED PRECIP               0
HEAVY RAIN                1     RAIN                       3
LIGHT RAIN                6     FREEZING RAIN              0
LT FREEZING RAIN          0     HAIL                       0
HEAVY SNOW                3     SNOW                       6
LIGHT SNOW               21     SLEET                      0
FOG                      15     FOG W/VIS <= 1/4 MILE      2
HAZE                     16

-  INDICATES NEGATIVE NUMBERS.
R  INDICATES RECORD WAS SET OR TIED.
MM INDICATES DATA IS MISSING.
T  INDICATES TRACE AMOUNT.

$$
