000
CXUS51 KCLE 021325
CLMCLE


CLIMATE REPORT
NATIONAL WEATHER SERVICE CLEVELAND OH
821 AM EST WED DEC 2 2015

...................................

...THE CLEVELAND OH CLIMATE SUMMARY FOR THE SEASON, FROM
9/1/2015 TO 11/30/2015...

CLIMATE NORMAL PERIOD 1981 TO 2010
CLIMATE RECORD PERIOD 1871 TO 2015

WEATHER         OBSERVED          NORMAL  DEPART
                 VALUE   DATE(S)  VALUE   FROM
                                          NORMAL
................................................
TEMPERATURE (F)
RECORD
 HIGH             101   09/03/1953
                        09/02/1953
                        09/01/1953
 LOW                0   11/22/1880
HIGHEST            90   09/07
                        09/03
LOWEST             21   11/23
AVG. MAXIMUM     66.1              62.4     3.7
AVG. MINIMUM     48.3              46.1     2.2
MEAN             57.2              54.2     3.0
DAYS MAX >= 90      2               0.6
DAYS MAX <= 32      0               0.9
DAYS MIN <= 32      9              10.3
DAYS MIN <= 0       0               0.0

PRECIPITATION (INCHES)
RECORD
 MAXIMUM        20.73   1996
 MINIMUM         2.37   1908
TOTALS           9.39             10.50   -1.11
DAYS >= .01        32              34.9
DAYS >= .10        20              21.8
DAYS >= .50         5               6.9
DAYS >= 1.00        3               2.1

SNOWFALL (INCHES)
RECORDS
 TOTAL           23.4   1996
TOTALS            0.9               4.5
DAYS >= TRACE       3
DAYS >= 1.0         0               1.6

DEGREE_DAYS
HEATING TOTAL     851              1083    -232
COOLING TOTAL     162               101      61
.................................................

WIND (MPH)
HIGHEST GUST SPEED/DIRECTION    53/280    DATE  11/13

SKY COVER
POSSIBLE SUNSHINE (PERCENT)   MM
AVERAGE SKY COVER           0.60
NUMBER OF DAYS FAIR           22
NUMBER OF DAYS PC             35
NUMBER OF DAYS CLOUDY         34


WEATHER CONDITIONS. NUMBER OF DAYS WITH
THUNDERSTORM              0     MIXED PRECIP               0
HEAVY RAIN                4     RAIN                       6
LIGHT RAIN               36     FREEZING RAIN              0
LT FREEZING RAIN          0     HAIL                       0
HEAVY SNOW                0     SNOW                       1
LIGHT SNOW                3     SLEET                      0
FOG                      20     FOG W/VIS <= 1/4 MILE      0
HAZE                      1

-  INDICATES NEGATIVE NUMBERS.
R  INDICATES RECORD WAS SET OR TIED.
MM INDICATES DATA IS MISSING.
T  INDICATES TRACE AMOUNT.

$$
