000
CXUS51 KCLE 011535
CLMCLE


CLIMATE REPORT
NATIONAL WEATHER SERVICE CLEVELAND OH
1114 AM EDT SAT NOV 1 2014

...................................

...THE CLEVELAND OH CLIMATE SUMMARY FOR THE MONTH OF OCTOBER 2014...

CLIMATE NORMAL PERIOD 1981 TO 2010
CLIMATE RECORD PERIOD 1871 TO 2014

WEATHER         OBSERVED          NORMAL  DEPART  LAST YEAR`S
                 VALUE   DATE(S)  VALUE   FROM    VALUE
                                          NORMAL
.............................................................
TEMPERATURE (F)
RECORD
 HIGH              90   10/06/1946
 LOW               19   10/31/1988
HIGHEST            78   10/02
LOWEST             32   10/12
AVG. MAXIMUM     61.5              62.3    -0.8     64.9
AVG. MINIMUM     45.3              45.4    -0.1     46.4
MEAN             53.4              53.8    -0.4     55.6
DAYS MAX >= 90      0               0.0     0.0        0
DAYS MAX <= 32      0               0.0     0.0        0
DAYS MIN <= 32      1               0.9     0.1        1
DAYS MIN <= 0       0               0.0     0.0        0

PRECIPITATION (INCHES)
RECORD
 MAXIMUM        10.40   2012
 MINIMUM         0.47   1886
TOTALS           2.84              3.07   -0.23     4.70
DAYS >= .01        16              11.4     4.6       13
DAYS >= .10         9               6.9     2.1       11
DAYS >= .50         0               1.9    -1.9        3
DAYS >= 1.00        0               0.4    -0.4        1
GREATEST
 24 HR. TOTAL    0.65   10/20 TO 10/21              1.89

SNOWFALL (INCHES)
RECORDS
 TOTAL            8.0   1962
TOTALS            0.0               0.2    -0.2        T
SINCE 7/1         0.0               0.2    -0.2        T
DAYS >= 1.0         0               0.1    -0.1        0
DEGREE_DAYS
HEATING TOTAL     357               357       0      317
 SINCE 7/1        500               460      40      411
COOLING TOTAL       4                12      -8       34
 SINCE 1/1        657               816    -159      889
..............................................................

WIND (MPH)
AVERAGE WIND SPEED              9.4
HIGHEST WIND SPEED/DIRECTION    31/170    DATE  10/14
HIGHEST GUST SPEED/DIRECTION    42/160    DATE  10/14

SKY COVER
AVERAGE SKY COVER           0.70

AVERAGE RH (PERCENT)     73

WEATHER CONDITIONS. NUMBER OF DAYS WITH
THUNDERSTORM              0     MIXED PRECIP               0
HEAVY RAIN                3     RAIN                       6
LIGHT RAIN               18     FREEZING RAIN              0
LT FREEZING RAIN          0     HAIL                       0
HEAVY SNOW                0     SNOW                       0
LIGHT SNOW                0     SLEET                      0
FOG                      18     FOG W/VIS <= 1/4 MILE      1
HAZE                      3

-  INDICATES NEGATIVE NUMBERS.
R  INDICATES RECORD WAS SET OR TIED.
MM INDICATES DATA IS MISSING.
T  INDICATES TRACE AMOUNT.

$$
