000
CXUS51 KCLE 011912
CLMCLE


CLIMATE REPORT
NATIONAL WEATHER SERVICE CLEVELAND OH
204 PM EST MON FEB 1 2016

...................................

...THE CLEVELAND OH CLIMATE SUMMARY FOR THE MONTH OF JANUARY 2016...

CLIMATE NORMAL PERIOD 1981 TO 2010
CLIMATE RECORD PERIOD 1871 TO 2016

WEATHER         OBSERVED          NORMAL  DEPART  LAST YEAR`S
                 VALUE   DATE(S)  VALUE   FROM    VALUE
                                          NORMAL
.............................................................
TEMPERATURE (F)
RECORD
 HIGH              73   01/25/1950
 LOW              -20   01/19/1994
HIGHEST            60   01/31
LOWEST              5   01/18
AVG. MAXIMUM     35.5              34.4     1.1     30.4
AVG. MINIMUM     20.5              21.7    -1.2     15.5
MEAN             28.0              28.1    -0.1     23.0
DAYS MAX >= 90      0               0.0     0.0        0
DAYS MAX <= 32     14              13.1     0.9       18
DAYS MIN <= 32     28              25.0     3.0       30
DAYS MIN <= 0       0               1.4    -1.4        3

PRECIPITATION (INCHES)
RECORD
 MAXIMUM         7.01   1950
 MINIMUM         0.31   1871
TOTALS           1.37              2.72   -1.35     2.94
DAYS >= .01        15              17.1    -2.1       18
DAYS >= .10         4               7.5    -3.5        6
DAYS >= .50         1               1.1    -0.1        2
DAYS >= 1.00        0               0.2    -0.2        1
GREATEST
 24 HR. TOTAL    0.50   01/10 TO 01/10              1.69

SNOWFALL (INCHES)
RECORDS
 TOTAL           42.8   1978
TOTALS            7.6              18.7   -11.1     15.1
SINCE 7/1         8.8              37.3   -28.5     35.4
DAYS >= 1.0         3               5.8    -2.8        5
GREATEST
 24 HR TOTAL      2.7   MM

DEGREE_DAYS
HEATING TOTAL    1139              1145      -6     1295
 SINCE 7/1       2651              3252    -601     3536
COOLING TOTAL       0                 0       0        0
 SINCE 1/1          0                 0       0        0
..............................................................

WIND (MPH)
AVERAGE WIND SPEED              12.0
HIGHEST WIND SPEED/DIRECTION    35/280    DATE  01/10
HIGHEST GUST SPEED/DIRECTION    47/290    DATE  01/10

SKY COVER
AVERAGE SKY COVER           0.80

AVERAGE RH (PERCENT)     67

WEATHER CONDITIONS. NUMBER OF DAYS WITH
THUNDERSTORM              0     MIXED PRECIP               0
HEAVY RAIN                0     RAIN                       0
LIGHT RAIN                8     FREEZING RAIN              0
LT FREEZING RAIN          0     HAIL                       0
HEAVY SNOW                2     SNOW                       4
LIGHT SNOW               20     SLEET                      0
FOG                      12     FOG W/VIS <= 1/4 MILE      1
HAZE                      6

-  INDICATES NEGATIVE NUMBERS.
R  INDICATES RECORD WAS SET OR TIED.
MM INDICATES DATA IS MISSING.
T  INDICATES TRACE AMOUNT.

$$
