000
CXUS51 KCLE 021131
CLMCLE


CLIMATE REPORT
NATIONAL WEATHER SERVICE CLEVELAND OH
727 AM EDT FRI AUG 2 2013

...................................

...THE CLEVELAND OH CLIMATE SUMMARY FOR THE MONTH OF JULY 2013...

CLIMATE NORMAL PERIOD 1981 TO 2010
CLIMATE RECORD PERIOD 1871 TO 2013

WEATHER         OBSERVED          NORMAL  DEPART  LAST YEAR`S
                 VALUE   DATE(S)  VALUE   FROM    VALUE
                                          NORMAL
.............................................................
TEMPERATURE (F)
RECORD
 HIGH             103   07/27/1941
 LOW               41   07/04/1968
HIGHEST            94   07/19
LOWEST             54   07/26
AVG. MAXIMUM     81.9              82.6    -0.7     87.3
AVG. MINIMUM     65.9              64.3     1.6     68.7
MEAN             73.9              73.5     0.4     78.0
DAYS MAX >= 90      4               3.8     0.2       11
DAYS MAX <= 32      0               0.0     0.0        0
DAYS MIN <= 32      0               0.0     0.0        0
DAYS MIN <= 0       0               0.0     0.0        0

PRECIPITATION (INCHES)
RECORD
 MAXIMUM         9.12   1992
 MINIMUM         0.68   2001
TOTALS           4.91              3.46    1.45     4.32
DAYS >= .01        14              10.3     3.7        8
DAYS >= .10         9               6.5     2.5        6
DAYS >= .50         5               2.4     2.6        3
DAYS >= 1.00        1               0.8     0.2        1
GREATEST
 24 HR. TOTAL    1.75   07/09 TO 07/10              1.71

SNOWFALL (INCHES)
RECORDS
 TOTAL            0.0
TOTALS            0.0               0.0     0.0      0.0
SINCE 7/1         0.0               0.0     0.0      0.0
DAYS >= 1.0         0               0.0     0.0        0
GREATEST
 24 HR TOTAL      0.0   07/31 TO 07/31

DEGREE_DAYS
HEATING TOTAL       3                 4      -1        0
 SINCE 7/1          3                 4      -1        0
COOLING TOTAL     286               265      21      411
 SINCE 1/1        564               492      72      775
..............................................................

WIND (MPH)
AVERAGE WIND SPEED              7.7
HIGHEST WIND SPEED/DIRECTION    41/260    DATE  07/09
HIGHEST GUST SPEED/DIRECTION    48/260    DATE  07/09

SKY COVER
AVERAGE SKY COVER           0.60

AVERAGE RH (PERCENT)     72

WEATHER CONDITIONS. NUMBER OF DAYS WITH
THUNDERSTORM              0     MIXED PRECIP               0
HEAVY RAIN                7     RAIN                       7
LIGHT RAIN               14     FREEZING RAIN              0
LT FREEZING RAIN          0     HAIL                       0
HEAVY SNOW                0     SNOW                       0
LIGHT SNOW                0     SLEET                      0
FOG                      12     FOG W/VIS <= 1/4 MILE      0
HAZE                      1

-  INDICATES NEGATIVE NUMBERS.
R  INDICATES RECORD WAS SET OR TIED.
MM INDICATES DATA IS MISSING.
T  INDICATES TRACE AMOUNT.

$$
