000
CXUS51 KCLE 021644
CLMCLE


CLIMATE REPORT...CORRECTED
NATIONAL WEATHER SERVICE CLEVELAND OH
1242 PM EDT FRI JUN 2 2017

...................................

...THE CLEVELAND OH CLIMATE SUMMARY FOR THE MONTH OF MAY 2017...

CLIMATE NORMAL PERIOD 1981 TO 2010
CLIMATE RECORD PERIOD 1871 TO 2017

WEATHER         OBSERVED          NORMAL  DEPART  LAST YEAR`S
                 VALUE   DATE(S)  VALUE   FROM    VALUE
                                          NORMAL
.............................................................
TEMPERATURE (F)
RECORD
 HIGH              92   05/28/2012
                        05/06/1959
                        05/31/1944
 LOW               25   05/10/1966
HIGHEST            90   05/17
LOWEST             36   05/09
                        05/08
AVG. MAXIMUM     68.8              69.5    -0.7     70.5
AVG. MINIMUM     51.9              50.1     1.8     50.6
MEAN             60.3              59.8     0.5     60.5
DAYS MAX >= 90      1               0.2     0.8        1
DAYS MAX <= 32      0               0.0     0.0        0
DAYS MIN <= 32      0               0.2    -0.2        0
DAYS MIN <= 0       0               0.0     0.0        0

PRECIPITATION (INCHES)
RECORD
 MAXIMUM         9.14   1989
 MINIMUM         0.58   1934
TOTALS           6.09              3.66    2.43     3.31
DAYS >= .01        17              13.2     3.8       13
DAYS >= .10        12               8.3     3.7        7
DAYS >= .50         4               2.3     1.7        3
DAYS >= 1.00        2               0.7     1.3        0
GREATEST
 24 HR. TOTAL    1.57   05/28 TO 05/29              0.85

SNOWFALL (INCHES)
RECORDS
 TOTAL            2.1   1974
TOTALS            0.0               0.0     0.0        T
SINCE 7/1        37.3              68.1   -30.8     32.8
DAYS >= 1.0         0               0.0     0.0        0
GREATEST
 24 HR TOTAL      0.0   05/31 TO 05/31

DEGREE_DAYS
HEATING TOTAL     195               209     -14      212
 SINCE 7/1       4550              5720   -1170     4946
COOLING TOTAL      57                48       9       81
 SINCE 1/1         88                59      29       81
..............................................................

WIND (MPH)
AVERAGE WIND SPEED              10.2
HIGHEST WIND SPEED/DIRECTION    31/270    DATE  05/02
HIGHEST GUST SPEED/DIRECTION    42/250    DATE  05/02

SKY COVER
AVERAGE SKY COVER           0.70

AVERAGE RH (PERCENT)     63

WEATHER CONDITIONS. NUMBER OF DAYS WITH
THUNDERSTORM              0     MIXED PRECIP               0
HEAVY RAIN                2     RAIN                       7
LIGHT RAIN               19     FREEZING RAIN              0
LT FREEZING RAIN          0     HAIL                       0
HEAVY SNOW                0     SNOW                       0
LIGHT SNOW                0     SLEET                      0
FOG                      13     FOG W/VIS <= 1/4 MILE      1
HAZE                      4

-  INDICATES NEGATIVE NUMBERS.
R  INDICATES RECORD WAS SET OR TIED.
MM INDICATES DATA IS MISSING.
T  INDICATES TRACE AMOUNT.

$$
