000
CXUS51 KCLE 041745
CLMCLE


CLIMATE REPORT...CORRECTED
NATIONAL WEATHER SERVICE CLEVELAND OH
142 PM EDT WED JUN 4 2014

...................................

...THE CLEVELAND OH CLIMATE SUMMARY FOR THE SEASON, FROM
3/1/2014 TO 5/31/2014...

CLIMATE NORMAL PERIOD 1981 TO 2010
CLIMATE RECORD PERIOD 1871 TO 2014

WEATHER         OBSERVED          NORMAL  DEPART
                 VALUE   DATE(S)  VALUE   FROM
                                          NORMAL
................................................
TEMPERATURE (F)
RECORD
 HIGH              92   05/28/2012
                        05/06/1959
                        05/31/1944
 LOW               -5   03/09/1984
                        03/12/1948
HIGHEST            88   05/13
LOWEST              0   03/04
AVG. MAXIMUM     57.5              58.4    -0.9
AVG. MINIMUM     38.5              40.2    -1.7
MEAN             48.0              49.3    -1.3
DAYS MAX >= 90      0               0.2
DAYS MAX <= 32      7               3.8
DAYS MIN <= 32     27              24.7
DAYS MIN <= 0       1               0.0

PRECIPITATION (INCHES)
RECORD
 MAXIMUM        18.21   2011
 MINIMUM         4.45   1895
TOTALS          11.24             10.08    1.16
DAYS >= .01        40              41.8
DAYS >= .10        22              24.2
DAYS >= .50         7               6.2
DAYS >= 1.00        2               1.5

SNOWFALL (INCHES)
RECORDS
 TOTAL           30.8   2005
TOTALS           16.4              15.9
DAYS >= TRACE      16
DAYS >= 1.0         6               4.6

DEGREE_DAYS
HEATING TOTAL    1614              1503     111
COOLING TOTAL      66                60       6
.................................................

WIND (MPH)
HIGHEST GUST SPEED/DIRECTION    50/250    DATE  04/01

SKY COVER
POSSIBLE SUNSHINE (PERCENT)   52
AVERAGE SKY COVER           0.70
NUMBER OF DAYS FAIR           11
NUMBER OF DAYS PC             39
NUMBER OF DAYS CLOUDY         42


WEATHER CONDITIONS. NUMBER OF DAYS WITH
THUNDERSTORM              0     MIXED PRECIP               0
HEAVY RAIN               10     RAIN                      17
LIGHT RAIN               37     FREEZING RAIN              0
LT FREEZING RAIN          1     HAIL                       0
HEAVY SNOW                3     SNOW                       4
LIGHT SNOW               16     SLEET                      1
FOG                      34     FOG W/VIS <= 1/4 MILE      5
HAZE                     17

-  INDICATES NEGATIVE NUMBERS.
R  INDICATES RECORD WAS SET OR TIED.
MM INDICATES DATA IS MISSING.
T  INDICATES TRACE AMOUNT.

*CORRECTED TOTAL OBSERVED PRECIPITATION*

$$
