000
CXUS51 KCLE 090027
CLMCLE


CLIMATE REPORT
NATIONAL WEATHER SERVICE CLEVELAND OH
826 PM EDT FRI AUG 8 2014

...................................

...THE CLEVELAND OH CLIMATE SUMMARY FOR THE MONTH OF JULY 2014...

CLIMATE NORMAL PERIOD 1981 TO 2010
CLIMATE RECORD PERIOD 1871 TO 2014

WEATHER         OBSERVED          NORMAL  DEPART  LAST YEAR`S
                 VALUE   DATE(S)  VALUE   FROM    VALUE
                                          NORMAL
.............................................................
TEMPERATURE (F)
RECORD
 HIGH             103   07/27/1941
 LOW               41   07/04/1968
HIGHEST            88   07/22
                        07/01
LOWEST             51   07/25
                        07/18
AVG. MAXIMUM     77.9              82.6    -4.7     81.9
AVG. MINIMUM     60.6              64.3    -3.7     65.9
MEAN             69.3              73.5    -4.2     73.9
DAYS MAX >= 90      0               3.8    -3.8        4
DAYS MAX <= 32      0               0.0     0.0        0
DAYS MIN <= 32      0               0.0     0.0        0
DAYS MIN <= 0       0               0.0     0.0        0

PRECIPITATION (INCHES)
RECORD
 MAXIMUM         9.12   1992
 MINIMUM         0.68   2001
TOTALS           3.99              3.46    0.53     4.91
DAYS >= .01        13              10.3     2.7       14
DAYS >= .10         9               6.5     2.5        9
DAYS >= .50         3               2.4     0.6        5
DAYS >= 1.00        0               0.8    -0.8        1
GREATEST
 24 HR. TOTAL    1.31   07/27 TO 07/28              1.75

SNOWFALL (INCHES)
RECORDS
 TOTAL             MM   MM
TOTALS            0.0               0.0     0.0      0.0
SINCE 7/1         0.0               0.0     0.0      0.0
DAYS >= 1.0         0               0.0     0.0        0
GREATEST
 24 HR TOTAL      0.0   07/31 TO 07/31

DEGREE_DAYS
HEATING TOTAL      14                 4      10        3
 SINCE 7/1         14                 4      10        3
COOLING TOTAL     152               265    -113      286
 SINCE 1/1        400               492     -92      564
..............................................................

WIND (MPH)
AVERAGE WIND SPEED              8.2
HIGHEST WIND SPEED/DIRECTION    29/330    DATE  07/27
HIGHEST GUST SPEED/DIRECTION    37/330    DATE  07/27

SKY COVER
AVERAGE SKY COVER           0.60

AVERAGE RH (PERCENT)     69

WEATHER CONDITIONS. NUMBER OF DAYS WITH
THUNDERSTORM              0     MIXED PRECIP               0
HEAVY RAIN                5     RAIN                       6
LIGHT RAIN               17     FREEZING RAIN              0
LT FREEZING RAIN          0     HAIL                       0
HEAVY SNOW                0     SNOW                       0
LIGHT SNOW                0     SLEET                      0
FOG                      17     FOG W/VIS <= 1/4 MILE      1
HAZE                      6

-  INDICATES NEGATIVE NUMBERS.
R  INDICATES RECORD WAS SET OR TIED.
MM INDICATES DATA IS MISSING.
T  INDICATES TRACE AMOUNT.

$$
