076
CXUS51 KCLE 012307
CLMCLE


CLIMATE REPORT
NATIONAL WEATHER SERVICE CLEVELAND OH
657 PM EDT THU SEP 1 2016

...................................

...THE CLEVELAND OH CLIMATE SUMMARY FOR THE MONTH OF AUGUST 2016...

CLIMATE NORMAL PERIOD 1981 TO 2010
CLIMATE RECORD PERIOD 1871 TO 2016

WEATHER         OBSERVED          NORMAL  DEPART  LAST YEAR`S
                 VALUE   DATE(S)  VALUE   FROM    VALUE
                                          NORMAL
.............................................................
TEMPERATURE (F)
RECORD
 HIGH             102   08/27/1948
 LOW               38   08/29/1982
HIGHEST            94   08/11
                        08/05
LOWEST             58   08/23
AVG. MAXIMUM     87.1              80.8     6.3     80.3
AVG. MINIMUM     68.6              63.1     5.5     61.0
MEAN             77.8              72.0     5.8     70.6
DAYS MAX >= 90     11               2.3     8.7        1
DAYS MAX <= 32      0               0.0     0.0        0
DAYS MIN <= 32      0               0.0     0.0        0
DAYS MIN <= 0       0               0.0     0.0        0

PRECIPITATION (INCHES)
RECORD
 MAXIMUM         9.03   2007
 MINIMUM         0.17   1881
TOTALS           3.50              3.51   -0.01     2.85
DAYS >= .01        14               9.8     4.2       13
DAYS >= .10         9               6.0     3.0        6
DAYS >= .50         2               2.0     0.0        1
DAYS >= 1.00        1               0.9     0.1        0
GREATEST
 24 HR. TOTAL    1.58   08/09 TO 08/10              1.00

SNOWFALL (INCHES)
RECORDS
 TOTAL            0.0
TOTALS            0.0               0.0     0.0      0.0
SINCE 7/1         0.0               0.0     0.0      0.0
DAYS >= 1.0         0               0.0     0.0        0
GREATEST
 24 HR TOTAL      0.0

DEGREE_DAYS
HEATING TOTAL       0                 8      -8       11
 SINCE 7/1          0                12     -12       14
COOLING TOTAL     404               223     181      191
 SINCE 1/1       1084               715     369      669
..............................................................

WIND (MPH)
AVERAGE WIND SPEED              7.8
HIGHEST WIND SPEED/DIRECTION    32/230    DATE  08/25
HIGHEST GUST SPEED/DIRECTION    43/270    DATE  08/13

SKY COVER
AVERAGE SKY COVER           0.50

AVERAGE RH (PERCENT)     66

WEATHER CONDITIONS. NUMBER OF DAYS WITH
THUNDERSTORM              0     MIXED PRECIP               0
HEAVY RAIN                9     RAIN                       2
LIGHT RAIN               14     FREEZING RAIN              0
LT FREEZING RAIN          0     HAIL                       0
HEAVY SNOW                0     SNOW                       0
LIGHT SNOW                0     SLEET                      0
FOG                      10     FOG W/VIS <= 1/4 MILE      0
HAZE                      4

-  INDICATES NEGATIVE NUMBERS.
R  INDICATES RECORD WAS SET OR TIED.
MM INDICATES DATA IS MISSING.
T  INDICATES TRACE AMOUNT.

$$
