000
CXUS51 KCLE 020055
CLMCLE


CLIMATE REPORT
NATIONAL WEATHER SERVICE CLEVELAND OH
734 PM EST FRI DEC 1 2017

...................................

...THE CLEVELAND OH CLIMATE SUMMARY FOR THE MONTH OF NOVEMBER 2017...

CLIMATE NORMAL PERIOD 1981 TO 2010
CLIMATE RECORD PERIOD 1871 TO 2017

WEATHER         OBSERVED          NORMAL  DEPART  LAST YEAR`S
                 VALUE   DATE(S)  VALUE   FROM    VALUE
                                          NORMAL
.............................................................
TEMPERATURE (F)
RECORD
 HIGH              82   11/01/1950
 LOW                0   11/22/1880
HIGHEST            68   11/05
LOWEST             20   11/11
AVG. MAXIMUM     51.8              50.8     1.0     57.7
AVG. MINIMUM     35.7              36.9    -1.2     39.8
MEAN             43.8              43.9    -0.1     48.8
DAYS MAX >= 90      0               0.0     0.0        0
DAYS MAX <= 32      0               0.9    -0.9        0
DAYS MIN <= 32     11               9.4     1.6        4
DAYS MIN <= 0       0               0.0     0.0        0

PRECIPITATION (INCHES)
RECORD
 MAXIMUM         8.80   1985
 MINIMUM         0.41   1904
TOTALS           5.95              3.62    2.33     2.11
DAYS >= .01        15              13.5     1.5       14
DAYS >= .10        10               8.2     1.8        7
DAYS >= .50         4               2.2     1.8        0
DAYS >= 1.00        2               0.7     1.3        0
GREATEST
 24 HR. TOTAL    2.46   11/18 TO 11/18              0.45

SNOWFALL (INCHES)
RECORDS
 TOTAL           23.4   1996
TOTALS            0.8               4.3    -3.5      0.9
SINCE 7/1         0.8               4.5    -3.7      0.9
DAYS >= 1.0         0               1.5    -1.5        0
GREATEST
 24 HR TOTAL      0.6   11/19 TO 11/19

DEGREE_DAYS
HEATING TOTAL     630               635      -5      487
 SINCE 7/1        890              1095    -205      716
COOLING TOTAL       0                 1      -1        8
 SINCE 1/1       1113               817     296     1320
..............................................................

WIND (MPH)
AVERAGE WIND SPEED              10.4
HIGHEST WIND SPEED/DIRECTION    30/310    DATE  11/18
HIGHEST GUST SPEED/DIRECTION    39/310    DATE  11/18

SKY COVER
AVERAGE SKY COVER           0.80

AVERAGE RH (PERCENT)     67

WEATHER CONDITIONS. NUMBER OF DAYS WITH
THUNDERSTORM              0     MIXED PRECIP               0
HEAVY RAIN                4     RAIN                       4
LIGHT RAIN               14     FREEZING RAIN              0
LT FREEZING RAIN          0     HAIL                       0
HEAVY SNOW                0     SNOW                       1
LIGHT SNOW                4     SLEET                      0
FOG                      12     FOG W/VIS <= 1/4 MILE      0
HAZE                      1

-  INDICATES NEGATIVE NUMBERS.
R  INDICATES RECORD WAS SET OR TIED.
MM INDICATES DATA IS MISSING.
T  INDICATES TRACE AMOUNT.

$$
