244
CXUS51 KCLE 050601
CLMCLE


CLIMATE REPORT...CORRECTED
NATIONAL WEATHER SERVICE CLEVELAND OH
1258 AM EST THU NOV 5 2015

...................................

...THE CLEVELAND OH CLIMATE SUMMARY FOR THE MONTH OF OCTOBER 2015...

CLIMATE NORMAL PERIOD 1981 TO 2010
CLIMATE RECORD PERIOD 1871 TO 2015

WEATHER         OBSERVED          NORMAL  DEPART  LAST YEAR`S
                 VALUE   DATE(S)  VALUE   FROM    VALUE
                                          NORMAL
.............................................................
TEMPERATURE (F)
RECORD
 HIGH              90   10/06/1946
 LOW               19   10/31/1988
HIGHEST            76   10/12
                        10/08
LOWEST             30   10/19
                        10/18
AVG. MAXIMUM     63.3              62.3     1.0     61.5
AVG. MINIMUM     45.9              45.4     0.5     45.3
MEAN             54.6              53.8     0.8     53.4
DAYS MAX >= 90      0               0.0     0.0        0
DAYS MAX <= 32      0               0.0     0.0        0
DAYS MIN <= 32      2               0.9     1.1        1
DAYS MIN <= 0       0               0.0     0.0        0

PRECIPITATION (INCHES)
RECORD
 MAXIMUM        10.40   2012
 MINIMUM         0.47   1886
TOTALS           2.17              3.07   -0.90     2.84
DAYS >= .01        11              11.4    -0.4       16
DAYS >= .10         6               6.9    -0.9        9
DAYS >= .50         1               1.9    -0.9        0
DAYS >= 1.00        0               0.4    -0.4        0
GREATEST
 24 HR. TOTAL    1.04   10/27 TO 10/28              0.65

SNOWFALL (INCHES)
RECORDS
 TOTAL            8.0   1962
TOTALS            0.1               0.2    -0.1      0.0
SINCE 7/1         0.1               0.2    -0.1      0.0
DAYS >= 1.0         0               0.1    -0.1        0
GREATEST
 24 HR TOTAL      0.1   MM

DEGREE_DAYS
HEATING TOTAL     314               357     -43      357
 SINCE 7/1        364               460     -96      500
COOLING TOTAL       0                12     -12        4
 SINCE 1/1        827               816      11      657
..............................................................

WIND (MPH)
AVERAGE WIND SPEED              10.6
HIGHEST WIND SPEED/DIRECTION    31/240    DATE  10/29
HIGHEST GUST SPEED/DIRECTION    40/260    DATE  10/29

SKY COVER
AVERAGE SKY COVER           0.70

AVERAGE RH (PERCENT)     65

WEATHER CONDITIONS. NUMBER OF DAYS WITH
THUNDERSTORM              0     MIXED PRECIP               0
HEAVY RAIN                1     RAIN                       2
LIGHT RAIN               14     FREEZING RAIN              0
LT FREEZING RAIN          0     HAIL                       0
HEAVY SNOW                0     SNOW                       1
LIGHT SNOW                1     SLEET                      0
FOG                       4     FOG W/VIS <= 1/4 MILE      0
HAZE                      0

-  INDICATES NEGATIVE NUMBERS.
R  INDICATES RECORD WAS SET OR TIED.
MM INDICATES DATA IS MISSING.
T  INDICATES TRACE AMOUNT.

$$
...CORRECTED TOTAL SNOWFALL...
