000
CXUS51 KCLE 021423
CLMCLE


CLIMATE REPORT
NATIONAL WEATHER SERVICE CLEVELAND OH
1023 AM EDT FRI MAY 2 2014

...................................

...THE CLEVELAND OH CLIMATE SUMMARY FOR THE MONTH OF APRIL 2014...

CLIMATE NORMAL PERIOD 1981 TO 2010
CLIMATE RECORD PERIOD 1871 TO 2014

WEATHER         OBSERVED          NORMAL  DEPART  LAST YEAR`S
                 VALUE   DATE(S)  VALUE   FROM    VALUE
                                          NORMAL
.............................................................
TEMPERATURE (F)
RECORD
 HIGH              88   04/28/1986
                        04/30/1942
                        04/24/1925
 LOW               10   04/01/1964
HIGHEST            79   04/21
                        04/13
LOWEST             25   04/16
AVG. MAXIMUM     60.7              59.1     1.6     59.6
AVG. MINIMUM     41.0              40.4     0.6     38.2
MEAN             50.8              49.8     1.0     48.9
DAYS MAX >= 90      0               0.0     0.0        0
DAYS MAX <= 32      0               0.2    -0.2        0
DAYS MIN <= 32      3               5.6    -2.6       10
DAYS MIN <= 0       0               0.0     0.0        0

PRECIPITATION (INCHES)
RECORD
 MAXIMUM         6.89   2011
 MINIMUM         0.65   1915
TOTALS           4.96              3.49    1.47     3.50
DAYS >= .01        14              14.4    -0.4       15
DAYS >= .10        12               8.1     3.9        7
DAYS >= .50         3               2.3     0.7        2
DAYS >= 1.00        1               0.6     0.4        1
GREATEST
 24 HR. TOTAL    1.20   04/03 TO 04/04              1.54

SNOWFALL (INCHES)
RECORDS
 TOTAL           19.0   2005
TOTALS            1.3               3.3    -2.0      0.3
SINCE 7/1        86.1              68.1    18.0     51.7
DAYS >= 1.0         1               1.0     0.0        0
GREATEST
 24 HR TOTAL      1.3   MM

DEGREE_DAYS
HEATING TOTAL     425               468     -43      476
 SINCE 7/1       6115              5511     604     5615
COOLING TOTAL       7                10      -3        2
 SINCE 1/1          7                11      -4        2
..............................................................

WIND (MPH)
AVERAGE WIND SPEED              11.1
HIGHEST WIND SPEED/DIRECTION    37/270    DATE  04/04
HIGHEST GUST SPEED/DIRECTION    50/250    DATE  04/01

SKY COVER
AVERAGE SKY COVER           0.70

AVERAGE RH (PERCENT)     58

WEATHER CONDITIONS. NUMBER OF DAYS WITH
THUNDERSTORM              0     MIXED PRECIP               0
HEAVY RAIN                5     RAIN                      10
LIGHT RAIN               15     FREEZING RAIN              0
LT FREEZING RAIN          0     HAIL                       0
HEAVY SNOW                0     SNOW                       1
LIGHT SNOW                1     SLEET                      1
FOG                      13     FOG W/VIS <= 1/4 MILE      1
HAZE                      4

-  INDICATES NEGATIVE NUMBERS.
R  INDICATES RECORD WAS SET OR TIED.
MM INDICATES DATA IS MISSING.
T  INDICATES TRACE AMOUNT.

$$
