000
CXUS51 KCLE 011225
CLMCLE


CLIMATE REPORT
NATIONAL WEATHER SERVICE CLEVELAND OH
813 AM EDT SAT JUN 1 2013

...................................

...THE CLEVELAND OH CLIMATE SUMMARY FOR THE MONTH OF MAY 2013...

CLIMATE NORMAL PERIOD 1981 TO 2010
CLIMATE RECORD PERIOD 1871 TO 2013

WEATHER         OBSERVED          NORMAL  DEPART  LAST YEAR`S
                 VALUE   DATE(S)  VALUE   FROM    VALUE
                                          NORMAL
.............................................................
TEMPERATURE (F)
RECORD
 HIGH              92   05/28/2012
                        05/06/1959
                        05/31/1944
 LOW               25   05/10/1966
HIGHEST            88   05/31
                        05/30
LOWEST             33   05/25
                        05/13
AVG. MAXIMUM     73.5              69.5     4.0     75.9
AVG. MINIMUM     53.2              50.1     3.1     54.1
MEAN             63.3              59.8     3.5     65.0
DAYS MAX >= 90      0               0.2    -0.2        2
DAYS MAX <= 32      0               0.0     0.0        0
DAYS MIN <= 32      0               0.2    -0.2        0
DAYS MIN <= 0       0               0.0     0.0        0

PRECIPITATION (INCHES)
RECORD
 MAXIMUM         9.14   1989
 MINIMUM         0.58   1934
TOTALS           2.37              3.66   -1.29     1.44
DAYS >= .01        12              13.2    -1.2        9
DAYS >= .10         6               8.3    -2.3        3
DAYS >= .50         1               2.3    -1.3        1
DAYS >= 1.00        0               0.7    -0.7        0
GREATEST
 24 HR. TOTAL    0.74   05/10 TO 05/10              0.95
                        05/09 TO 05/10
                        05/10 TO 05/10

SNOWFALL (INCHES)
RECORDS
 TOTAL            2.1   1974
TOTALS            0.0               0.0     0.0      0.0
SINCE 7/1        51.7              68.1   -16.4     38.9
DAYS >= 1.0         0               0.0     0.0        0
GREATEST
 24 HR TOTAL      0.0

DEGREE_DAYS
HEATING TOTAL     155               209     -54      104
 SINCE 7/1       5770              5720      50     4658
COOLING TOTAL     112                48      64      113
 SINCE 1/1        114                59      55      141
..............................................................

WIND (MPH)
AVERAGE WIND SPEED              10.1
HIGHEST WIND SPEED/DIRECTION    38/250    DATE  05/31
HIGHEST GUST SPEED/DIRECTION    51/240    DATE  05/31

SKY COVER
AVERAGE SKY COVER           0.60

AVERAGE RH (PERCENT)     57

WEATHER CONDITIONS. NUMBER OF DAYS WITH
THUNDERSTORM              0     MIXED PRECIP               0
HEAVY RAIN                4     RAIN                       3
LIGHT RAIN               14     FREEZING RAIN              0
LT FREEZING RAIN          0     HAIL                       0
HEAVY SNOW                0     SNOW                       0
LIGHT SNOW                0     SLEET                      0
FOG                       6     FOG W/VIS <= 1/4 MILE      0
HAZE                      3

-  INDICATES NEGATIVE NUMBERS.
R  INDICATES RECORD WAS SET OR TIED.
MM INDICATES DATA IS MISSING.
T  INDICATES TRACE AMOUNT.

$$
