000
CXUS51 KCLE 031628
CLMCLE


CLIMATE REPORT
NATIONAL WEATHER SERVICE CLEVELAND OH
1128 AM EST FRI JAN 3 2014

...................................

...THE CLEVELAND OH CLIMATE SUMMARY FOR THE MONTH OF DECEMBER 2013...

CLIMATE NORMAL PERIOD 1981 TO 2010
CLIMATE RECORD PERIOD 1871 TO 2014

WEATHER         OBSERVED          NORMAL  DEPART  LAST YEAR`S
                 VALUE   DATE(S)  VALUE   FROM    VALUE
                                          NORMAL
.............................................................
TEMPERATURE (F)
RECORD
 HIGH              77   12/03/1982
 LOW              -15   12/22/1989
HIGHEST            63   12/22
                        12/05
LOWEST              8   12/12
AVG. MAXIMUM     38.5              38.3     0.2     43.7
AVG. MINIMUM     25.5              26.4    -0.9     31.9
MEAN             32.0              32.4    -0.4     37.8
DAYS MAX >= 90      0               0.0     0.0        0
DAYS MAX <= 32     13               8.7     4.3        3
DAYS MIN <= 32     22              22.2    -0.2       16
DAYS MIN <= 0       0               0.5    -0.5        0

PRECIPITATION (INCHES)
RECORD
 MAXIMUM         8.59   1990
 MINIMUM         0.71   1958
TOTALS           4.10              3.10    1.00     3.93
DAYS >= .01        16              16.0     0.0       18
DAYS >= .10         8               8.1    -0.1       11
DAYS >= .50         2               1.6     0.4        1
DAYS >= 1.00        1               0.4     0.6        0
GREATEST
 24 HR. TOTAL    2.43   12/21 TO 12/22              0.51

SNOWFALL (INCHES)
RECORDS
 TOTAL           35.1   2004
TOTALS           17.5              14.1     3.4     15.2
SINCE 7/1        22.2              18.6     3.6     15.5
DAYS >= 1.0         5               4.2     0.8        4
GREATEST
 24 HR TOTAL      5.5   12/14 TO 12/14

DEGREE_DAYS
HEATING TOTAL    1015              1012       3      836
 SINCE 7/1       2164              2107      57     2081
COOLING TOTAL       0                 0       0        0
 SINCE 1/1        889               817      72     1096
..............................................................

WIND (MPH)
AVERAGE WIND SPEED              10.8
HIGHEST WIND SPEED/DIRECTION    36/160    DATE  12/22
HIGHEST GUST SPEED/DIRECTION    46/180    DATE  12/22

SKY COVER
AVERAGE SKY COVER           0.90

AVERAGE RH (PERCENT)     68

WEATHER CONDITIONS. NUMBER OF DAYS WITH
THUNDERSTORM              0     MIXED PRECIP               2
HEAVY RAIN                2     RAIN                       2
LIGHT RAIN                8     FREEZING RAIN              0
LT FREEZING RAIN          5     HAIL                       0
HEAVY SNOW                1     SNOW                       5
LIGHT SNOW               20     SLEET                      1
FOG                      18     FOG W/VIS <= 1/4 MILE      1
HAZE                      8

-  INDICATES NEGATIVE NUMBERS.
R  INDICATES RECORD WAS SET OR TIED.
MM INDICATES DATA IS MISSING.
T  INDICATES TRACE AMOUNT.

$$
