970
CXUS51 KCLE 011742
CLMCLE


CLIMATE REPORT
NATIONAL WEATHER SERVICE CLEVELAND OH
136 PM EDT SAT APR 1 2017

...................................

...THE CLEVELAND OH CLIMATE SUMMARY FOR THE MONTH OF MARCH 2017...

CLIMATE NORMAL PERIOD 1981 TO 2010
CLIMATE RECORD PERIOD 1871 TO 2017

WEATHER         OBSERVED          NORMAL  DEPART  LAST YEAR`S
                 VALUE   DATE(S)  VALUE   FROM    VALUE
                                          NORMAL
.............................................................
TEMPERATURE (F)
RECORD
 HIGH              83   03/22/2012
                        03/21/2012
                        03/20/2012
 LOW               -5   03/09/1984
                        03/12/1948
HIGHEST            74   03/24
LOWEST             18   03/23
AVG. MAXIMUM     47.0              46.6     0.4     53.8
AVG. MINIMUM     31.6              30.2     1.4     35.7
MEAN             39.3              38.4     0.9     44.8
DAYS MAX >= 90      0               0.0     0.0        0
DAYS MAX <= 32      6               3.6     2.4        1
DAYS MIN <= 32     14              18.9    -4.9       16
DAYS MIN <= 0       0               0.0     0.0        0

PRECIPITATION (INCHES)
RECORD
 MAXIMUM         8.31   1913
 MINIMUM         0.41   1910
TOTALS           4.02              2.93    1.09     4.17
DAYS >= .01        19              14.2     4.8       16
DAYS >= .10        10               7.8     2.2        8
DAYS >= .50         3               1.6     1.4        4
DAYS >= 1.00        0               0.2    -0.2        0
GREATEST
 24 HR. TOTAL    0.72   03/31 TO 03/31              0.80

SNOWFALL (INCHES)
RECORDS
 TOTAL           30.4   2008
TOTALS            9.3              12.6    -3.3      3.2
SINCE 7/1        34.5              64.8   -30.3     25.0
DAYS >= 1.0         4               3.6     0.4        1
GREATEST
 24 HR TOTAL      5.2   03/02 TO 03/03

DEGREE_DAYS
HEATING TOTAL     791               826     -35      623
 SINCE 7/1       4102              5043    -941     4214
COOLING TOTAL       0                 1      -1        0
 SINCE 1/1          0                 1      -1        0
..............................................................

WIND (MPH)
AVERAGE WIND SPEED              11.9
HIGHEST WIND SPEED/DIRECTION    47/250    DATE  03/08
HIGHEST GUST SPEED/DIRECTION    61/260    DATE  03/08

SKY COVER
AVERAGE SKY COVER           0.80

AVERAGE RH (PERCENT)     62

WEATHER CONDITIONS. NUMBER OF DAYS WITH
THUNDERSTORM              0     MIXED PRECIP               0
HEAVY RAIN                2     RAIN                       4
LIGHT RAIN               14     FREEZING RAIN              0
LT FREEZING RAIN          0     HAIL                       0
HEAVY SNOW                2     SNOW                       6
LIGHT SNOW               12     SLEET                      1
FOG                      15     FOG W/VIS <= 1/4 MILE      6
HAZE                      8

-  INDICATES NEGATIVE NUMBERS.
R  INDICATES RECORD WAS SET OR TIED.
MM INDICATES DATA IS MISSING.
T  INDICATES TRACE AMOUNT.

$$
