000
CXUS51 KCLE 021243
CLMCLE


CLIMATE REPORT
NATIONAL WEATHER SERVICE CLEVELAND OH
842 AM EDT THU JUL 2 2015

...................................

...THE CLEVELAND OH CLIMATE SUMMARY FOR THE MONTH OF JUNE 2015...

CLIMATE NORMAL PERIOD 1981 TO 2010
CLIMATE RECORD PERIOD 1871 TO 2015

WEATHER         OBSERVED          NORMAL  DEPART  LAST YEAR`S
                 VALUE   DATE(S)  VALUE   FROM    VALUE
                                          NORMAL
.............................................................
TEMPERATURE (F)
RECORD
 HIGH             104   06/25/1988
 LOW               31   06/11/1972
HIGHEST            90   06/12
LOWEST             47   06/01
AVG. MAXIMUM     76.8              78.6    -1.8     79.3
AVG. MINIMUM     60.6              59.8     0.8     60.9
MEAN             68.7              69.2    -0.5     70.1
DAYS MAX >= 90      1               2.1    -1.1        3
DAYS MAX <= 32      0               0.0     0.0        0
DAYS MIN <= 32      0               0.0     0.0        0
DAYS MIN <= 0       0               0.0     0.0        0

PRECIPITATION (INCHES)
RECORD
 MAXIMUM         9.77   1902
 MINIMUM         0.39   1933
TOTALS           8.52              3.43    5.09     6.26
DAYS >= .01        16              11.1     4.9       14
DAYS >= .10        11               6.7     4.3        9
DAYS >= .50         6               2.2     3.8        2
DAYS >= 1.00        1               0.7     0.3        1
GREATEST
 24 HR. TOTAL    2.76   06/27 TO 06/27              4.05

SNOWFALL (INCHES)
RECORDS
 TOTAL             MM   MM
TOTALS            0.0               0.0     0.0      0.0
SINCE 7/1        67.1              68.1    -1.0     86.1
DAYS >= 1.0         0               0.0     0.0        0
GREATEST
 24 HR TOTAL      0.0   06/30 TO 06/30

DEGREE_DAYS
HEATING TOTAL      30                42     -12       20
 SINCE 7/1       6523              5762     761     6315
COOLING TOTAL     147               168     -21      182
 SINCE 1/1        268               227      41      248
..............................................................

WIND (MPH)
AVERAGE WIND SPEED              8.7
HIGHEST WIND SPEED/DIRECTION    31/340    DATE  06/23
HIGHEST GUST SPEED/DIRECTION    37/340    DATE  06/23

SKY COVER
AVERAGE SKY COVER           0.70

AVERAGE RH (PERCENT)     74

WEATHER CONDITIONS. NUMBER OF DAYS WITH
THUNDERSTORM              0     MIXED PRECIP               0
HEAVY RAIN                8     RAIN                       9
LIGHT RAIN               19     FREEZING RAIN              0
LT FREEZING RAIN          0     HAIL                       0
HEAVY SNOW                0     SNOW                       0
LIGHT SNOW                0     SLEET                      0
FOG                      17     FOG W/VIS <= 1/4 MILE      0
HAZE                      5

-  INDICATES NEGATIVE NUMBERS.
R  INDICATES RECORD WAS SET OR TIED.
MM INDICATES DATA IS MISSING.
T  INDICATES TRACE AMOUNT.

$$
