000
CXUS51 KCLE 011350
CLMCLE


CLIMATE REPORT
NATIONAL WEATHER SERVICE CLEVELAND OH
948 AM EDT TUE NOV 1 2016

...................................

...THE CLEVELAND OH CLIMATE SUMMARY FOR THE MONTH OF OCTOBER 2016...

CLIMATE NORMAL PERIOD 1981 TO 2010
CLIMATE RECORD PERIOD 1871 TO 2016

WEATHER         OBSERVED          NORMAL  DEPART  LAST YEAR`S
                 VALUE   DATE(S)  VALUE   FROM    VALUE
                                          NORMAL
.............................................................
TEMPERATURE (F)
RECORD
 HIGH              90   10/06/1946
 LOW               19   10/31/1988
HIGHEST            82   10/18
                        10/17
LOWEST             37   10/14
AVG. MAXIMUM     67.7              62.3     5.4     63.3
AVG. MINIMUM     50.6              45.4     5.2     45.9
MEAN             59.2              53.8     5.4     54.6
DAYS MAX >= 90      0               0.0     0.0        0
DAYS MAX <= 32      0               0.0     0.0        0
DAYS MIN <= 32      0               0.9    -0.9        2
DAYS MIN <= 0       0               0.0     0.0        0

PRECIPITATION (INCHES)
RECORD
 MAXIMUM        10.40   2012
 MINIMUM         0.47   1886
TOTALS           2.96              3.07   -0.11     2.17
DAYS >= .01        10              11.4    -1.4       11
DAYS >= .10         7               6.9     0.1        6
DAYS >= .50         2               1.9     0.1        1
DAYS >= 1.00        1               0.4     0.6        0
GREATEST
 24 HR. TOTAL    1.13   10/20 TO 10/21              1.04

SNOWFALL (INCHES)
RECORDS
 TOTAL            8.0   1962
TOTALS            0.0               0.2    -0.2      0.1
SINCE 7/1         0.0               0.2    -0.2      0.1
DAYS >= 1.0         0               0.1    -0.1        0
GREATEST
 24 HR TOTAL      0.0   10/31 TO 10/31

DEGREE_DAYS
HEATING TOTAL     218               357    -139      314
 SINCE 7/1        229               460    -231      364
COOLING TOTAL      43                12      31        0
 SINCE 1/1       1312               816     496      827
..............................................................

WIND (MPH)
AVERAGE WIND SPEED              9.5
HIGHEST WIND SPEED/DIRECTION    26/250    DATE  10/23
HIGHEST GUST SPEED/DIRECTION    35/010    DATE  10/21

SKY COVER
AVERAGE SKY COVER           0.60

AVERAGE RH (PERCENT)     66

WEATHER CONDITIONS. NUMBER OF DAYS WITH
THUNDERSTORM              0     MIXED PRECIP               0
HEAVY RAIN                2     RAIN                       3
LIGHT RAIN               11     FREEZING RAIN              0
LT FREEZING RAIN          0     HAIL                       0
HEAVY SNOW                0     SNOW                       0
LIGHT SNOW                0     SLEET                      0
FOG                      10     FOG W/VIS <= 1/4 MILE      1
HAZE                      6

-  INDICATES NEGATIVE NUMBERS.
R  INDICATES RECORD WAS SET OR TIED.
MM INDICATES DATA IS MISSING.
T  INDICATES TRACE AMOUNT.

$$
