000
CXUS51 KCLE 011935
CLMCLE


CLIMATE REPORT
NATIONAL WEATHER SERVICE CLEVELAND OH
334 PM EDT SUN OCT 1 2017

...................................

...THE CLEVELAND OH CLIMATE SUMMARY FOR THE MONTH OF SEPTEMBER 2017...

CLIMATE NORMAL PERIOD 1981 TO 2010
CLIMATE RECORD PERIOD 1871 TO 2017

WEATHER         OBSERVED          NORMAL  DEPART  LAST YEAR`S
                 VALUE   DATE(S)  VALUE   FROM    VALUE
                                          NORMAL
.............................................................
TEMPERATURE (F)
RECORD
 HIGH             101   09/03/1953
                        09/02/1953
                        09/01/1953
 LOW               32   09/29/1942
HIGHEST            94   09/25
LOWEST             45   09/10
AVG. MAXIMUM     79.7              73.9     5.8     80.1
AVG. MINIMUM     58.3              56.0     2.3     60.9
MEAN             69.0              65.0     4.0     70.5
DAYS MAX >= 90      6               0.6     5.4        3
DAYS MAX <= 32      0               0.0     0.0        0
DAYS MIN <= 32      0               0.0     0.0        0
DAYS MIN <= 0       0               0.0     0.0        0

PRECIPITATION (INCHES)
RECORD
 MAXIMUM        11.05   1996
 MINIMUM         0.48   1908
TOTALS           0.81              3.81   -3.00     5.38
DAYS >= .01         9              10.0    -1.0       10
DAYS >= .10         3               6.7    -3.7       10
DAYS >= .50         0               2.8    -2.8        5
DAYS >= 1.00        0               1.0    -1.0        2
GREATEST
 24 HR. TOTAL    0.26   09/04 TO 09/04              1.25

SNOWFALL (INCHES)
RECORDS
 TOTAL              T   2000
                        1993
                        1976
TOTALS            0.0               0.0     0.0      0.0
SINCE 7/1         0.0               0.0     0.0      0.0
DAYS >= 1.0         0               0.0     0.0        0
GREATEST
 24 HR TOTAL      0.0   09/30 TO 09/30

DEGREE_DAYS
HEATING TOTAL      48                91     -43       11
 SINCE 7/1         50               103     -53       11
COOLING TOTAL     177                89      88      185
 SINCE 1/1       1068               804     264     1269
..............................................................

WIND (MPH)
AVERAGE WIND SPEED              7.1
HIGHEST WIND SPEED/DIRECTION    28/210    DATE  09/04
HIGHEST GUST SPEED/DIRECTION    37/210    DATE  09/04

SKY COVER
AVERAGE SKY COVER           0.50

AVERAGE RH (PERCENT)     65

WEATHER CONDITIONS. NUMBER OF DAYS WITH
THUNDERSTORM              0     MIXED PRECIP               0
HEAVY RAIN                2     RAIN                       3
LIGHT RAIN                9     FREEZING RAIN              0
LT FREEZING RAIN          0     HAIL                       0
HEAVY SNOW                0     SNOW                       0
LIGHT SNOW                0     SLEET                      0
FOG                      12     FOG W/VIS <= 1/4 MILE      0
HAZE                      1

-  INDICATES NEGATIVE NUMBERS.
R  INDICATES RECORD WAS SET OR TIED.
MM INDICATES DATA IS MISSING.
T  INDICATES TRACE AMOUNT.

$$
