000
CXUS51 KCLE 011753
CLMCLE


CLIMATE REPORT
NATIONAL WEATHER SERVICE CLEVELAND OH
151 PM EDT MON JUN 1 2015

...................................

...THE CLEVELAND OH CLIMATE SUMMARY FOR THE MONTH OF MAY 2015...

CLIMATE NORMAL PERIOD 1981 TO 2010
CLIMATE RECORD PERIOD 1871 TO 2015

WEATHER         OBSERVED          NORMAL  DEPART  LAST YEAR`S
                 VALUE   DATE(S)  VALUE   FROM    VALUE
                                          NORMAL
.............................................................
TEMPERATURE (F)
RECORD
 HIGH              92   05/28/2012
                        05/06/1959
                        05/31/1944
 LOW               25   05/10/1966
HIGHEST            89   05/08
LOWEST             35   05/14
AVG. MAXIMUM     74.6              69.5     5.1     70.5
AVG. MINIMUM     53.6              50.1     3.5     51.3
MEAN             64.1              59.8     4.3     60.9
DAYS MAX >= 90      0               0.2    -0.2        0
DAYS MAX <= 32      0               0.0     0.0        0
DAYS MIN <= 32      0               0.2    -0.2        0
DAYS MIN <= 0       0               0.0     0.0        0

PRECIPITATION (INCHES)
RECORD
 MAXIMUM         9.14   1989
 MINIMUM         0.58   1934
TOTALS           4.09              3.66    0.43     4.08
DAYS >= .01        13              13.2    -0.2       12
DAYS >= .10         5               8.3    -3.3        4
DAYS >= .50         4               2.3     1.7        2
DAYS >= 1.00        1               0.7     0.3        1
GREATEST
 24 HR. TOTAL    1.41   05/30 TO 05/30              2.64

SNOWFALL (INCHES)
RECORDS
 TOTAL            2.1   1974
TOTALS            0.0               0.0     0.0      0.0
SINCE 7/1        67.1              68.1    -1.0     86.1
DAYS >= 1.0         0               0.0     0.0        0
GREATEST
 24 HR TOTAL      0.0   05/31 TO 05/31

DEGREE_DAYS
HEATING TOTAL     138               209     -71      180
 SINCE 7/1       6493              5720     773     6295
COOLING TOTAL     120                48      72       59
 SINCE 1/1        121                59      62       66
..............................................................

WIND (MPH)
AVERAGE WIND SPEED              8.7
HIGHEST WIND SPEED/DIRECTION    29/240    DATE  05/12
HIGHEST GUST SPEED/DIRECTION    45/MM     DATE   MM

SKY COVER
AVERAGE SKY COVER           0.60

AVERAGE RH (PERCENT)     66

WEATHER CONDITIONS. NUMBER OF DAYS WITH
THUNDERSTORM              0     MIXED PRECIP               0
HEAVY RAIN                3     RAIN                       2
LIGHT RAIN               12     FREEZING RAIN              0
LT FREEZING RAIN          0     HAIL                       0
HEAVY SNOW                0     SNOW                       0
LIGHT SNOW                0     SLEET                      0
FOG                      12     FOG W/VIS <= 1/4 MILE      1
HAZE                      3

-  INDICATES NEGATIVE NUMBERS.
R  INDICATES RECORD WAS SET OR TIED.
MM INDICATES DATA IS MISSING.
T  INDICATES TRACE AMOUNT.

$$
