000
CXUS51 KCLE 021259
CLMCLE


CLIMATE REPORT
NATIONAL WEATHER SERVICE CLEVELAND OH
759 AM EST MON DEC 2 2013

...................................

...THE CLEVELAND OH CLIMATE SUMMARY FOR THE MONTH OF NOVEMBER 2013...

CLIMATE NORMAL PERIOD 1981 TO 2010
CLIMATE RECORD PERIOD 1871 TO 2013

WEATHER         OBSERVED          NORMAL  DEPART  LAST YEAR`S
                 VALUE   DATE(S)  VALUE   FROM    VALUE
                                          NORMAL
.............................................................
TEMPERATURE (F)
RECORD
 HIGH              82   11/01/1950
 LOW                0   11/22/1880
HIGHEST            67   11/06
LOWEST             20   11/28
                        11/25
AVG. MAXIMUM     47.1              50.8    -3.7     48.3
AVG. MINIMUM     33.2              36.9    -3.7     32.3
MEAN             40.1              43.9    -3.8     40.3
DAYS MAX >= 90      0               0.0     0.0        0
DAYS MAX <= 32      2               0.9     1.1        0
DAYS MIN <= 32     17               9.4     7.6       20
DAYS MIN <= 0       0               0.0     0.0        0

PRECIPITATION (INCHES)
RECORD
 MAXIMUM         8.80   1985
 MINIMUM         0.41   1904
TOTALS           2.88              3.62   -0.74     0.76
DAYS >= .01        14              13.5     0.5        9
DAYS >= .10         8               8.2    -0.2        2
DAYS >= .50         2               2.2    -0.2        0
DAYS >= 1.00        0               0.7    -0.7        0
GREATEST
 24 HR. TOTAL    0.73   11/17 TO 11/17              0.83

SNOWFALL (INCHES)
RECORDS
 TOTAL           23.4   1996
TOTALS            4.7               4.3     0.4      0.3
SINCE 7/1         4.7               4.5     0.2      0.3
DAYS >= 1.0         1               1.5    -0.5        0
GREATEST
 24 HR TOTAL      2.3   MM

DEGREE_DAYS
HEATING TOTAL     738               635     103      734
 SINCE 7/1       1149              1095      54     1245
COOLING TOTAL       0                 1      -1        0
 SINCE 1/1        889               817      72     1096
..............................................................

WIND (MPH)
AVERAGE WIND SPEED              12.1
HIGHEST WIND SPEED/DIRECTION    46/250    DATE  11/17
HIGHEST GUST SPEED/DIRECTION    56/240    DATE  11/17

SKY COVER
AVERAGE SKY COVER           0.80

AVERAGE RH (PERCENT)     62

WEATHER CONDITIONS. NUMBER OF DAYS WITH
THUNDERSTORM              0     MIXED PRECIP               0
HEAVY RAIN                3     RAIN                       7
LIGHT RAIN                9     FREEZING RAIN              0
LT FREEZING RAIN          0     HAIL                       0
HEAVY SNOW                0     SNOW                       2
LIGHT SNOW               10     SLEET                      0
FOG                      10     FOG W/VIS <= 1/4 MILE      1
HAZE                      0

-  INDICATES NEGATIVE NUMBERS.
R  INDICATES RECORD WAS SET OR TIED.
MM INDICATES DATA IS MISSING.
T  INDICATES TRACE AMOUNT.

$$
