000
CXUS51 KCLE 031142
CLMCLE


CLIMATE REPORT
NATIONAL WEATHER SERVICE CLEVELAND OH
738 AM EDT THU OCT 3 2013

...................................

...THE CLEVELAND OH CLIMATE SUMMARY FOR THE MONTH OF SEPTEMBER 2013...

CLIMATE NORMAL PERIOD 1981 TO 2010
CLIMATE RECORD PERIOD 1871 TO 2013

WEATHER         OBSERVED          NORMAL  DEPART  LAST YEAR`S
                 VALUE   DATE(S)  VALUE   FROM    VALUE
                                          NORMAL
.............................................................
TEMPERATURE (F)
RECORD
 HIGH             101   09/03/1953
                        09/02/1953
                        09/01/1953
 LOW               32   09/29/1942
HIGHEST            96   09/10
LOWEST             41   09/24
AVG. MAXIMUM     74.3              73.9     0.4     71.9
AVG. MINIMUM     55.7              56.0    -0.3     53.7
MEAN             65.0              65.0     0.0     62.8
DAYS MAX >= 90      2               0.6     1.4        1
DAYS MAX <= 32      0               0.0     0.0        0
DAYS MIN <= 32      0               0.0     0.0        0
DAYS MIN <= 0       0               0.0     0.0        0

PRECIPITATION (INCHES)
RECORD
 MAXIMUM        11.05   1996
 MINIMUM         0.48   1908
TOTALS           1.96              3.81   -1.85     7.56
DAYS >= .01         7              10.0    -3.0       18
DAYS >= .10         3               6.7    -3.7       12
DAYS >= .50         2               2.8    -0.8        6
DAYS >= 1.00        0               1.0    -1.0        2
GREATEST
 24 HR. TOTAL    1.60   09/20 TO 09/21              2.03

SNOWFALL (INCHES)
RECORDS
 TOTAL             MM   MM
TOTALS            0.0               0.0     0.0      0.0
SINCE 7/1         0.0               0.0     0.0      0.0
DAYS >= 1.0         0               0.0     0.0        0
GREATEST
 24 HR TOTAL      0.0   09/30 TO 09/30

DEGREE_DAYS
HEATING TOTAL      87                91      -4      139
 SINCE 7/1         94               103      -9      139
COOLING TOTAL      93                89       4       81
 SINCE 1/1        855               804      51     1086
..............................................................

WIND (MPH)
AVERAGE WIND SPEED              8.0
HIGHEST WIND SPEED/DIRECTION    24/360    DATE  09/13
HIGHEST GUST SPEED/DIRECTION    32/350    DATE  09/12

SKY COVER
AVERAGE SKY COVER           0.60

AVERAGE RH (PERCENT)     69

WEATHER CONDITIONS. NUMBER OF DAYS WITH
THUNDERSTORM              0     MIXED PRECIP               0
HEAVY RAIN                2     RAIN                       4
LIGHT RAIN               10     FREEZING RAIN              0
LT FREEZING RAIN          0     HAIL                       0
HEAVY SNOW                0     SNOW                       0
LIGHT SNOW                0     SLEET                      0
FOG                       8     FOG W/VIS <= 1/4 MILE      0
HAZE                      5

-  INDICATES NEGATIVE NUMBERS.
R  INDICATES RECORD WAS SET OR TIED.
MM INDICATES DATA IS MISSING.
T  INDICATES TRACE AMOUNT.

$$
