000
CXUS51 KCLE 052148
CLMCLE


CLIMATE REPORT
NATIONAL WEATHER SERVICE CLEVELAND OH
425 PM EST MON JAN 5 2015

...................................

...THE CLEVELAND OH CLIMATE SUMMARY FOR THE MONTH OF DECEMBER 2014...

CLIMATE NORMAL PERIOD 1981 TO 2010
CLIMATE RECORD PERIOD 1871 TO 2015

WEATHER         OBSERVED          NORMAL  DEPART  LAST YEAR`S
                 VALUE   DATE(S)  VALUE   FROM    VALUE
                                          NORMAL
.............................................................
TEMPERATURE (F)
RECORD
 HIGH              77   12/03/1982
 LOW              -15   12/22/1989
HIGHEST            59   12/24
LOWEST             14   12/31
AVG. MAXIMUM     40.7              38.3     2.4     38.5
AVG. MINIMUM     30.2              26.4     3.8     25.5
MEAN             35.5              32.4     3.1     32.0
DAYS MAX >= 90      0               0.0     0.0        0
DAYS MAX <= 32      8               8.7    -0.7       13
DAYS MIN <= 32     21              22.2    -1.2       22
DAYS MIN <= 0       0               0.5    -0.5        0

PRECIPITATION (INCHES)
RECORD
 MAXIMUM         8.59   1990
 MINIMUM         0.71   1958
TOTALS           1.95              3.10   -1.15     4.10
DAYS >= .01        15              16.0    -1.0       16
DAYS >= .10         5               8.1    -3.1        8
DAYS >= .50         1               1.6    -0.6        2
DAYS >= 1.00        0               0.4    -0.4        1
GREATEST
 24 HR. TOTAL    0.82   12/05 TO 12/06              2.43

SNOWFALL (INCHES)
RECORDS
 TOTAL           35.1   2004
TOTALS            0.9              14.1   -13.2     17.5
SINCE 7/1        20.3              18.6     1.7     22.2
DAYS >= 1.0         0               4.2    -4.2        5
GREATEST
 24 HR TOTAL      0.9   12/18 TO 12/19

DEGREE_DAYS
HEATING TOTAL     907              1012    -105     1015
 SINCE 7/1       2241              2107     134     2164
COOLING TOTAL       0                 0       0        0
 SINCE 1/1        657               817    -160      889
..............................................................

WIND (MPH)
AVERAGE WIND SPEED              10.3
HIGHEST WIND SPEED/DIRECTION    43/200    DATE  12/24
HIGHEST GUST SPEED/DIRECTION    54/210    DATE  12/24

SKY COVER
AVERAGE SKY COVER           0.90

AVERAGE RH (PERCENT)     76

WEATHER CONDITIONS. NUMBER OF DAYS WITH
THUNDERSTORM              0     MIXED PRECIP               0
HEAVY RAIN                1     RAIN                       1
LIGHT RAIN               15     FREEZING RAIN              0
LT FREEZING RAIN          3     HAIL                       0
HEAVY SNOW                0     SNOW                       3
LIGHT SNOW                8     SLEET                      1
FOG                      21     FOG W/VIS <= 1/4 MILE      0
HAZE                      9

-  INDICATES NEGATIVE NUMBERS.
R  INDICATES RECORD WAS SET OR TIED.
MM INDICATES DATA IS MISSING.
T  INDICATES TRACE AMOUNT.

$$
