000
CXUS51 KCLE 011632
CLMCLE


CLIMATE REPORT
NATIONAL WEATHER SERVICE CLEVELAND OH
1232 PM EDT WED OCT 1 2014

...................................

...THE CLEVELAND OH CLIMATE SUMMARY FOR THE MONTH OF SEPTEMBER 2014...

CLIMATE NORMAL PERIOD 1981 TO 2010
CLIMATE RECORD PERIOD 1871 TO 2014

WEATHER         OBSERVED          NORMAL  DEPART  LAST YEAR`S
                 VALUE   DATE(S)  VALUE   FROM    VALUE
                                          NORMAL
.............................................................
TEMPERATURE (F)
RECORD
 HIGH             101   09/03/1953
                        09/02/1953
                        09/01/1953
 LOW               32   09/29/1942
HIGHEST            91   09/05
LOWEST             41   09/23
AVG. MAXIMUM     72.8              73.9    -1.1     74.3
AVG. MINIMUM     53.1              56.0    -2.9     55.7
MEAN             63.0              65.0    -2.0     65.0
DAYS MAX >= 90      1               0.6     0.4        2
DAYS MAX <= 32      0               0.0     0.0        0
DAYS MIN <= 32      0               0.0     0.0        0
DAYS MIN <= 0       0               0.0     0.0        0

PRECIPITATION (INCHES)
RECORD
 MAXIMUM        11.05   1996
 MINIMUM         0.48   1908
TOTALS           4.47              3.81    0.66     1.96
DAYS >= .01        11              10.0     1.0        7
DAYS >= .10         7               6.7     0.3        3
DAYS >= .50         2               2.8    -0.8        2
DAYS >= 1.00        2               1.0     1.0        0
GREATEST
 24 HR. TOTAL    1.86   09/05 TO 09/06              1.60

SNOWFALL (INCHES)
RECORDS
 TOTAL             MM   MM
TOTALS            0.0               0.0     0.0      0.0
SINCE 7/1         0.0               0.0     0.0      0.0
DAYS >= 1.0         0               0.0     0.0        0
GREATEST
 24 HR TOTAL      0.0   09/30 TO 09/30

DEGREE_DAYS
HEATING TOTAL     118                91      27       87
 SINCE 7/1        143               103      40       94
COOLING TOTAL      63                89     -26       93
 SINCE 1/1        653               804    -151      855
..............................................................

WIND (MPH)
AVERAGE WIND SPEED              7.1
HIGHEST WIND SPEED/DIRECTION    31/260    DATE  09/21
HIGHEST GUST SPEED/DIRECTION    43/270    DATE  09/21

SKY COVER
AVERAGE SKY COVER           0.50

AVERAGE RH (PERCENT)     74

WEATHER CONDITIONS. NUMBER OF DAYS WITH
THUNDERSTORM              0     MIXED PRECIP               0
HEAVY RAIN                5     RAIN                       8
LIGHT RAIN               13     FREEZING RAIN              0
LT FREEZING RAIN          0     HAIL                       0
HEAVY SNOW                0     SNOW                       0
LIGHT SNOW                0     SLEET                      0
FOG                      20     FOG W/VIS <= 1/4 MILE      0
HAZE                      3

-  INDICATES NEGATIVE NUMBERS.
R  INDICATES RECORD WAS SET OR TIED.
MM INDICATES DATA IS MISSING.
T  INDICATES TRACE AMOUNT.

$$
