000
CXUS51 KCLE 060358
CLMCLE


CLIMATE REPORT
NATIONAL WEATHER SERVICE CLEVELAND OH
1155 PM EDT THU MAY 5 2016

...................................

...THE CLEVELAND OH CLIMATE SUMMARY FOR THE MONTH OF APRIL 2016...

CLIMATE NORMAL PERIOD 1981 TO 2010
CLIMATE RECORD PERIOD 1871 TO 2016

WEATHER         OBSERVED          NORMAL  DEPART  LAST YEAR`S
                 VALUE   DATE(S)  VALUE   FROM    VALUE
                                          NORMAL
.............................................................
TEMPERATURE (F)
RECORD
 HIGH              88   04/28/1986
                        04/30/1942
                        04/24/1925
 LOW               10   04/01/1964
HIGHEST            80   04/25
LOWEST             23   04/10
AVG. MAXIMUM     57.8              59.1    -1.3     59.5
AVG. MINIMUM     37.2              40.4    -3.2     40.0
MEAN             47.5              49.8    -2.3     49.7
DAYS MAX >= 90      0               0.0     0.0        0
DAYS MAX <= 32      0               0.2    -0.2        0
DAYS MIN <= 32     10               5.6     4.4        4
DAYS MIN <= 0       0               0.0     0.0        0

PRECIPITATION (INCHES)
RECORD
 MAXIMUM         6.89   2011
 MINIMUM         0.65   1915
TOTALS           3.86              3.49    0.37     2.77
DAYS >= .01        15              14.4     0.6       17
DAYS >= .10        10               8.1     1.9        7
DAYS >= .50         1               2.3    -1.3        1
DAYS >= 1.00        1               0.6     0.4        0
GREATEST
 24 HR. TOTAL    1.08   04/06 TO 04/07              0.75

SNOWFALL (INCHES)
RECORDS
 TOTAL           19.0   2005
TOTALS            7.8               3.3     4.5      0.9
SINCE 7/1        32.8              68.1   -35.3     67.1
DAYS >= 1.0         3               1.0     2.0        0
GREATEST
 24 HR TOTAL      4.0   04/09 TO 04/09

DEGREE_DAYS
HEATING TOTAL     520               468      52      450
 SINCE 7/1       4734              5511    -777     6355
COOLING TOTAL       0                10     -10        1
 SINCE 1/1          0                11     -11        1
..............................................................

WIND (MPH)
AVERAGE WIND SPEED              10.2
HIGHEST WIND SPEED/DIRECTION    35/320    DATE  04/26
HIGHEST GUST SPEED/DIRECTION    45/210    DATE  04/03

SKY COVER
AVERAGE SKY COVER           0.60

AVERAGE RH (PERCENT)     64

WEATHER CONDITIONS. NUMBER OF DAYS WITH
THUNDERSTORM              0     MIXED PRECIP               0
HEAVY RAIN                1     RAIN                       6
LIGHT RAIN               13     FREEZING RAIN              0
LT FREEZING RAIN          0     HAIL                       0
HEAVY SNOW                1     SNOW                       3
LIGHT SNOW                7     SLEET                      0
FOG                      13     FOG W/VIS <= 1/4 MILE      1
HAZE                      5

-  INDICATES NEGATIVE NUMBERS.
R  INDICATES RECORD WAS SET OR TIED.
MM INDICATES DATA IS MISSING.
T  INDICATES TRACE AMOUNT.

$$
